{"id":62381,"date":"2024-09-02T12:40:14","date_gmt":"2024-09-02T11:40:14","guid":{"rendered":"https:\/\/oreretaikastola.eus\/?post_type=ekitaldia&#038;p=62381"},"modified":"2024-09-02T12:40:15","modified_gmt":"2024-09-02T11:40:15","slug":"inicio-curso-2024-25-jornada-de-manana","status":"publish","type":"ekitaldia","link":"https:\/\/oreretaikastola.eus\/es\/ekitaldiak\/inicio-curso-2024-25-jornada-de-manana\/","title":{"rendered":"Inicio curso 2024-25: jornada de ma\u00f1ana"},"content":{"rendered":"\n<p>Desde el 10 al 20 de septiembre el alumnado de HH y LH estar\u00e1 en jornada de ma\u00f1ana (hasta la hora de comer). Por tanto, en lo que se refiere a los servicios de HH y LH, tened en cuenta:<\/p>\n\n\n\n<ul>\n<li>El txoko de custodia y el servicio de comedor se ofrecer\u00e1n desde el primer d\u00eda y ser\u00e1n los habituales (iguales que durante todo el curso). <a href=\"https:\/\/oreretaikastola.eus\/es\/familias\/servicios-contratados\/#comedorzuriunea\">Ver aqu\u00ed los detalles<\/a>.<\/li>\n\n\n\n<li>A los alumnos y alumnas de HH que se queden en el comedor se debe recoger entre las 14:30 y las 15:00 horas.<\/li>\n\n\n\n<li>Las y los alumnos de LH que se queden en el comedor bajar\u00e1n en autob\u00fas a sus paradas habituales de la subida de la ma\u00f1ana, entre las 15:10 y las 15:30 horas. Las y los alumnos que no son usuarios del servicio de transporte bajar\u00e1n a la parada de Tulle. Las familias que lo deseen y\/o puedan pueden recoger a sus hijos e hijas en A\u00f1abitarte.<\/li>\n\n\n\n<li>El servicio de transporte de la ma\u00f1ana y el mediod\u00eda (antes del comedor) ser\u00e1 el habitual (<a href=\"https:\/\/oreretaikastola.eus\/es\/familias\/servicios-contratados\/#transportezuriunea\">consultar paradas y horarios<\/a>). <\/li>\n<\/ul>\n\n\n\n<div style=\"height:50px\" aria-hidden=\"true\" class=\"wp-block-spacer\"><\/div>\n\n\n\n<hr class=\"wp-block-separator has-alpha-channel-opacity\"\/>\n\n\n\n<p>NOTA: En el caso de DBH, solo el primer d\u00eda (10 de septiembre) ser\u00e1 de jornada corta. La Haur Eskola y HH2 tienen su propio calendario de comienzo de curso por motivo del periodo de adaptaci\u00f3n.<\/p>\n","protected":false},"featured_media":0,"parent":0,"template":"","ekitaldi_etiketa":[],"ekitaldi_kategoria":[232],"acf":[],"_links":{"self":[{"href":"https:\/\/oreretaikastola.eus\/es\/wp-json\/wp\/v2\/ekitaldia\/62381"}],"collection":[{"href":"https:\/\/oreretaikastola.eus\/es\/wp-json\/wp\/v2\/ekitaldia"}],"about":[{"href":"https:\/\/oreretaikastola.eus\/es\/wp-json\/wp\/v2\/types\/ekitaldia"}],"wp:attachment":[{"href":"https:\/\/oreretaikastola.eus\/es\/wp-json\/wp\/v2\/media?parent=62381"}],"wp:term":[{"taxonomy":"ekitaldi_etiketa","embeddable":true,"href":"https:\/\/oreretaikastola.eus\/es\/wp-json\/wp\/v2\/ekitaldi_etiketa?post=62381"},{"taxonomy":"ekitaldi_kategoria","embeddable":true,"href":"https:\/\/oreretaikastola.eus\/es\/wp-json\/wp\/v2\/ekitaldi_kategoria?post=62381"}],"curies":[{"name":"wp","href":"https:\/\/api.w.org\/{rel}","templated":true}]}}

Inicio curso 2024-25: jornada de mañana

<p>Desde el 10 al 20 de septiembre el alumnado de HH y LH estará en jornada de mañana (hasta la hora de comer). Por tanto, en lo que se refiere a los servicios de HH y LH, tened en cuenta:</p>



<ul>
<li>El txoko de custodia y el servicio de comedor se ofrecerán desde el primer día y serán los habituales (iguales que durante todo el curso). <a href="https://oreretaikastola.eus/es/familias/servicios-contratados/#comedorzuriunea">Ver aquí los detalles</a>.</li>



<li>A los alumnos y alumnas de HH que se queden en el comedor se debe recoger entre las 14:30 y las 15:00 horas.</li>



<li>Las y los alumnos de LH que se queden en el comedor bajarán en autobús a sus paradas habituales de la subida de la mañana, entre las 15:10 y las 15:30 horas. Las y los alumnos que no son usuarios del servicio de transporte bajarán a la parada de Tulle. Las familias que lo deseen y/o puedan pueden recoger a sus hijos e hijas en Añabitarte.</li>



<li>El servicio de transporte de la mañana y el mediodía (antes del comedor) será el habitual (<a href="https://oreretaikastola.eus/es/familias/servicios-contratados/#transportezuriunea">consultar paradas y horarios</a>). </li>
</ul>



<div style="height:50px" aria-hidden="true" class="wp-block-spacer"></div>



<hr class="wp-block-separator has-alpha-channel-opacity"/>



<p>NOTA: En el caso de DBH, solo el primer día (10 de septiembre) será de jornada corta. La Haur Eskola y HH2 tienen su propio calendario de comienzo de curso por motivo del periodo de adaptación.</p>
