{"id":59748,"date":"2024-06-21T07:07:38","date_gmt":"2024-06-21T06:07:38","guid":{"rendered":"https:\/\/oreretaikastola.eus\/ekitaldiak\/lh1-ikasleek-anabitarte-ezagutzeko-aurkezpen-eguna\/"},"modified":"2024-06-21T07:22:06","modified_gmt":"2024-06-21T06:22:06","slug":"lh1-dia-de-presentacion-para-el-alumnado-para-conocer-anabitarte","status":"publish","type":"ekitaldia","link":"https:\/\/oreretaikastola.eus\/es\/ekitaldiak\/lh1-dia-de-presentacion-para-el-alumnado-para-conocer-anabitarte\/","title":{"rendered":"[LH1] D\u00eda de presentaci\u00f3n para el alumnado para conocer A\u00f1abitarte"},"content":{"rendered":"\n<p>Finalizada la etapa de HH, se ha organizado un d\u00eda de visita a A\u00f1abitarte para el alumnado que el curso que viene tendr\u00e1 tutor o tutora y edificio nuevo en LH1.<\/p>\n\n\n\n<p>Ser\u00e1 el 6 de septiembre. Las y los menores se reunir\u00e1n con las tutoras que han tenido en el curso 2023-24 en Lino a las 09:30 horas. Hacia las 10:00 subir\u00e1n a A\u00f1abitarte en autob\u00fas. All\u00ed, podr\u00e1n conocer a los nuevos tutores y estar con el nuevo grupo. Volver\u00e1n a coger el autob\u00fas y llegar\u00e1n a Lino a las 11:30 horas. Habr\u00e1 que recoger a las y los ni\u00f1os a esa hora en la parada del autob\u00fas. El d\u00eda de visita del 6 de septiembre es una cita voluntaria.<\/p>\n","protected":false},"featured_media":0,"parent":0,"template":"","ekitaldi_etiketa":[],"ekitaldi_kategoria":[232],"acf":[],"_links":{"self":[{"href":"https:\/\/oreretaikastola.eus\/es\/wp-json\/wp\/v2\/ekitaldia\/59748"}],"collection":[{"href":"https:\/\/oreretaikastola.eus\/es\/wp-json\/wp\/v2\/ekitaldia"}],"about":[{"href":"https:\/\/oreretaikastola.eus\/es\/wp-json\/wp\/v2\/types\/ekitaldia"}],"wp:attachment":[{"href":"https:\/\/oreretaikastola.eus\/es\/wp-json\/wp\/v2\/media?parent=59748"}],"wp:term":[{"taxonomy":"ekitaldi_etiketa","embeddable":true,"href":"https:\/\/oreretaikastola.eus\/es\/wp-json\/wp\/v2\/ekitaldi_etiketa?post=59748"},{"taxonomy":"ekitaldi_kategoria","embeddable":true,"href":"https:\/\/oreretaikastola.eus\/es\/wp-json\/wp\/v2\/ekitaldi_kategoria?post=59748"}],"curies":[{"name":"wp","href":"https:\/\/api.w.org\/{rel}","templated":true}]}}

[LH1] Día de presentación para el alumnado para conocer Añabitarte

<p>Finalizada la etapa de HH, se ha organizado un día de visita a Añabitarte para el alumnado que el curso que viene tendrá tutor o tutora y edificio nuevo en LH1.</p>



<p>Será el 6 de septiembre. Las y los menores se reunirán con las tutoras que han tenido en el curso 2023-24 en Lino a las 09:30 horas. Hacia las 10:00 subirán a Añabitarte en autobús. Allí, podrán conocer a los nuevos tutores y estar con el nuevo grupo. Volverán a coger el autobús y llegarán a Lino a las 11:30 horas. Habrá que recoger a las y los niños a esa hora en la parada del autobús. El día de visita del 6 de septiembre es una cita voluntaria.</p>
