{"id":57154,"date":"2024-06-14T15:06:26","date_gmt":"2024-06-14T14:06:26","guid":{"rendered":"https:\/\/oreretaikastola.eus\/ekitaldiak\/hh2-lh6-egun-erdiko-jarduna-24-25\/"},"modified":"2024-06-14T15:10:53","modified_gmt":"2024-06-14T14:10:53","slug":"hh2-lh6-jornada-de-manana-24-25","status":"publish","type":"ekitaldia","link":"https:\/\/oreretaikastola.eus\/es\/ekitaldiak\/hh2-lh6-jornada-de-manana-24-25\/","title":{"rendered":"[HH2-LH6] Jornada de ma\u00f1ana"},"content":{"rendered":"\n<p>El curso est\u00e1 a punto de finalizar y en breve comenzar\u00e1n los d\u00edas de jornada de ma\u00f1ana: en HH, el 17 de junio; en LH, el 10 de junio; en la Haur Eskola y en DBH no habr\u00e1 un periodo de jornada de ma\u00f1ana (en DBH el \u00faltimo d\u00eda, el 19 de junio, s\u00ed ser\u00e1 de jornada reducida).  <a href=\"https:\/\/oreretaikastola.eus\/es\/familias\/informazio-praktikoa\/#calendarioszuriunea\">Ver los calendarios del curso 2023-24.<\/a><\/p>\n\n\n\n<p>Dicho eso, tened en consideraci\u00f3n las siguientes observaciones:<\/p>\n\n\n\n<ul>\n<li>El txoko de custodia, el servicio de comedor, y el servicio de transporte de la ma\u00f1ana y del mediod\u00eda ser\u00e1n los habituales (iguales que durante todo el curso). <a href=\"https:\/\/oreretaikastola.eus\/es\/familias\/servicios-contratados\/\">Ver aqu\u00ed los detalles<\/a>.<\/li>\n\n\n\n<li>A los alumnos y alumnas de HH que se queden en el comedor se les debe recoger entre las 13:45 y las 15:00 horas (HH2) o entre las 14:30 y las 15:00 horas (HH3, HH4 y HH5). Las y los menores de HH2 no har\u00e1n siesta.<\/li>\n\n\n\n<li>Las y los alumnos de LH que se queden en el comedor bajar\u00e1n en autob\u00fas a sus paradas habituales de la subida de la ma\u00f1ana, entre las 15:10 y las 15:30 horas. Las y los alumnos que durante el curso no son usuarios del servicio de transporte bajar\u00e1n a la parada de Tulle. Las familias que lo deseen y\/o puedan pueden recoger a sus hijos e hijas en A\u00f1abitarte.<\/li>\n<\/ul>\n","protected":false},"featured_media":0,"parent":0,"template":"","ekitaldi_etiketa":[],"ekitaldi_kategoria":[232],"acf":[],"_links":{"self":[{"href":"https:\/\/oreretaikastola.eus\/es\/wp-json\/wp\/v2\/ekitaldia\/57154"}],"collection":[{"href":"https:\/\/oreretaikastola.eus\/es\/wp-json\/wp\/v2\/ekitaldia"}],"about":[{"href":"https:\/\/oreretaikastola.eus\/es\/wp-json\/wp\/v2\/types\/ekitaldia"}],"wp:attachment":[{"href":"https:\/\/oreretaikastola.eus\/es\/wp-json\/wp\/v2\/media?parent=57154"}],"wp:term":[{"taxonomy":"ekitaldi_etiketa","embeddable":true,"href":"https:\/\/oreretaikastola.eus\/es\/wp-json\/wp\/v2\/ekitaldi_etiketa?post=57154"},{"taxonomy":"ekitaldi_kategoria","embeddable":true,"href":"https:\/\/oreretaikastola.eus\/es\/wp-json\/wp\/v2\/ekitaldi_kategoria?post=57154"}],"curies":[{"name":"wp","href":"https:\/\/api.w.org\/{rel}","templated":true}]}}

[HH2-LH6] Jornada de mañana

<p>El curso está a punto de finalizar y en breve comenzarán los días de jornada de mañana: en HH, el 17 de junio; en LH, el 10 de junio; en la Haur Eskola y en DBH no habrá un periodo de jornada de mañana (en DBH el último día, el 19 de junio, sí será de jornada reducida).  <a href="https://oreretaikastola.eus/es/familias/informazio-praktikoa/#calendarioszuriunea">Ver los calendarios del curso 2023-24.</a></p>



<p>Dicho eso, tened en consideración las siguientes observaciones:</p>



<ul>
<li>El txoko de custodia, el servicio de comedor, y el servicio de transporte de la mañana y del mediodía serán los habituales (iguales que durante todo el curso). <a href="https://oreretaikastola.eus/es/familias/servicios-contratados/">Ver aquí los detalles</a>.</li>



<li>A los alumnos y alumnas de HH que se queden en el comedor se les debe recoger entre las 13:45 y las 15:00 horas (HH2) o entre las 14:30 y las 15:00 horas (HH3, HH4 y HH5). Las y los menores de HH2 no harán siesta.</li>



<li>Las y los alumnos de LH que se queden en el comedor bajarán en autobús a sus paradas habituales de la subida de la mañana, entre las 15:10 y las 15:30 horas. Las y los alumnos que durante el curso no son usuarios del servicio de transporte bajarán a la parada de Tulle. Las familias que lo deseen y/o puedan pueden recoger a sus hijos e hijas en Añabitarte.</li>
</ul>
