{"id":56097,"date":"2024-05-29T14:22:01","date_gmt":"2024-05-29T13:22:01","guid":{"rendered":"https:\/\/oreretaikastola.eus\/ekitaldiak\/hh2-hh5-musikart-tailerrak-23-24\/"},"modified":"2024-05-29T21:16:00","modified_gmt":"2024-05-29T20:16:00","slug":"hh2-hh5-musikart-tailerrak-23-24","status":"publish","type":"ekitaldia","link":"https:\/\/oreretaikastola.eus\/es\/ekitaldiak\/hh2-hh5-musikart-tailerrak-23-24\/","title":{"rendered":"[HH2-HH5] Talleres musikART"},"content":{"rendered":"\n<p>De la mano de <a rel=\"noreferrer noopener\" href=\"https:\/\/www.landarbaso.com\/es\/\" target=\"_blank\">Landarbaso abesbatza<\/a>, guiado y acompa\u00f1ado por un dinamizador del coro, las y los ni\u00f1os de entre HH2 y HH5 realizar\u00e1n el taller de m\u00fasica musikART. El taller musikART nace para fomentar el desarrollo cognitivo de las y los ni\u00f1os a trav\u00e9s de la m\u00fasica, jugando y pas\u00e1ndolo bien.<\/p>\n\n\n\n<p>Adem\u00e1s de las sesiones que las y los menores realizar\u00e1n en la Ikastola, se realizar\u00e1n peque\u00f1as actuaciones para que las familias puedan ver y disfrutar de lo aprendido en el taller. El calendario y horario de las presentaciones para las familias son:<\/p>\n\n\n\n<ul>\n<li>HH3A: 29 de mayo, de 16:00 a 16:30 (Esmalteria)<\/li>\n\n\n\n<li>HH3B y HH3C: 28 de mayo, de 16:00 a16:30 (Esmalteria)<\/li>\n\n\n\n<li>HH4A: 31 de mayo, de 15:45 a16:15 (Lino)<\/li>\n\n\n\n<li>HH4B y HH4C: 30 de mayo, de 15:45 a 16:15 (Lino)<\/li>\n\n\n\n<li>HH5A y HH5D: 24 de mayo, de 15:45 a 16:15 (Lino)<\/li>\n\n\n\n<li>HH5B y HH5C: 23 de mayo, de 15:45 a 16:15 (Lino)<\/li>\n<\/ul>\n\n\n\n<p>Nota: en HH2 no se realizar\u00e1 la presentaci\u00f3n para las familias por la edad y las caracter\u00edsticas de las y los ni\u00f1os.<\/p>\n","protected":false},"featured_media":0,"parent":0,"template":"","ekitaldi_etiketa":[],"ekitaldi_kategoria":[232],"acf":[],"_links":{"self":[{"href":"https:\/\/oreretaikastola.eus\/es\/wp-json\/wp\/v2\/ekitaldia\/56097"}],"collection":[{"href":"https:\/\/oreretaikastola.eus\/es\/wp-json\/wp\/v2\/ekitaldia"}],"about":[{"href":"https:\/\/oreretaikastola.eus\/es\/wp-json\/wp\/v2\/types\/ekitaldia"}],"wp:attachment":[{"href":"https:\/\/oreretaikastola.eus\/es\/wp-json\/wp\/v2\/media?parent=56097"}],"wp:term":[{"taxonomy":"ekitaldi_etiketa","embeddable":true,"href":"https:\/\/oreretaikastola.eus\/es\/wp-json\/wp\/v2\/ekitaldi_etiketa?post=56097"},{"taxonomy":"ekitaldi_kategoria","embeddable":true,"href":"https:\/\/oreretaikastola.eus\/es\/wp-json\/wp\/v2\/ekitaldi_kategoria?post=56097"}],"curies":[{"name":"wp","href":"https:\/\/api.w.org\/{rel}","templated":true}]}}

<p>De la mano de <a rel="noreferrer noopener" href="https://www.landarbaso.com/es/" target="_blank">Landarbaso abesbatza</a>, guiado y acompañado por un dinamizador del coro, las y los niños de entre HH2 y HH5 realizarán el taller de música musikART. El taller musikART nace para fomentar el desarrollo cognitivo de las y los niños a través de la música, jugando y pasándolo bien.</p>



<p>Además de las sesiones que las y los menores realizarán en la Ikastola, se realizarán pequeñas actuaciones para que las familias puedan ver y disfrutar de lo aprendido en el taller. El calendario y horario de las presentaciones para las familias son:</p>



<ul>
<li>HH3A: 29 de mayo, de 16:00 a 16:30 (Esmalteria)</li>



<li>HH3B y HH3C: 28 de mayo, de 16:00 a16:30 (Esmalteria)</li>



<li>HH4A: 31 de mayo, de 15:45 a16:15 (Lino)</li>



<li>HH4B y HH4C: 30 de mayo, de 15:45 a 16:15 (Lino)</li>



<li>HH5A y HH5D: 24 de mayo, de 15:45 a 16:15 (Lino)</li>



<li>HH5B y HH5C: 23 de mayo, de 15:45 a 16:15 (Lino)</li>
</ul>



<p>Nota: en HH2 no se realizará la presentación para las familias por la edad y las características de las y los niños.</p>
