{"id":55317,"date":"2024-05-15T14:44:07","date_gmt":"2024-05-15T13:44:07","guid":{"rendered":"https:\/\/oreretaikastola.eus\/ekitaldiak\/hh3-lh1-esmalteriako-ostiralak-gimnasia-akrobatiko-saioa\/"},"modified":"2024-05-16T08:21:50","modified_gmt":"2024-05-16T07:21:50","slug":"hh3-lh1-esmalteriako-ostiralak-sesion-de-gimnasia-acrobatica","status":"publish","type":"ekitaldia","link":"https:\/\/oreretaikastola.eus\/es\/ekitaldiak\/hh3-lh1-esmalteriako-ostiralak-sesion-de-gimnasia-acrobatica\/","title":{"rendered":"[HH3-LH1] Esmalteriako Ostiralak: sesi\u00f3n de gimnasia acrob\u00e1tica"},"content":{"rendered":"\n<p>Dentro de la iniciativa <strong>Esmalteriako Ostiralak<\/strong>, como \u00faltima cita de este curso, el 7 de junio, viernes, <strong>Orereta Ikastola<\/strong> ha organizado una sesi\u00f3n de gimnasia acrob\u00e1tica. Ser\u00e1 una sesi\u00f3n dirigida a las familias con ni\u00f1os y ni\u00f1as de entre HH3 y LH1. Se celebrar\u00e1 en el edificio de Esmalteria de la <strong>Ikastola<\/strong>, a las 17:00 horas. La sesi\u00f3n la dirigir\u00e1n las y los miembros de Hiruki.<\/p>\n\n\n\n<p>Si quer\u00e9is acudir, rellenad el formulario inferior. El \u00faltimo d\u00eda para apuntarse es el 5 de junio. Las plazas ser\u00e1n limitadas: 14 menores y otras tantas personas adultas acompa\u00f1antes.<\/p>\n\n\n\n<div style=\"height:50px\" aria-hidden=\"true\" class=\"wp-block-spacer\"><\/div>\n\n\n\n<hr class=\"wp-block-separator has-alpha-channel-opacity\"\/>\n\n\n","protected":false},"featured_media":47826,"parent":0,"template":"","ekitaldi_etiketa":[805],"ekitaldi_kategoria":[232,187,153,154],"acf":[],"_links":{"self":[{"href":"https:\/\/oreretaikastola.eus\/es\/wp-json\/wp\/v2\/ekitaldia\/55317"}],"collection":[{"href":"https:\/\/oreretaikastola.eus\/es\/wp-json\/wp\/v2\/ekitaldia"}],"about":[{"href":"https:\/\/oreretaikastola.eus\/es\/wp-json\/wp\/v2\/types\/ekitaldia"}],"wp:featuredmedia":[{"embeddable":true,"href":"https:\/\/oreretaikastola.eus\/es\/wp-json\/wp\/v2\/media\/47826"}],"wp:attachment":[{"href":"https:\/\/oreretaikastola.eus\/es\/wp-json\/wp\/v2\/media?parent=55317"}],"wp:term":[{"taxonomy":"ekitaldi_etiketa","embeddable":true,"href":"https:\/\/oreretaikastola.eus\/es\/wp-json\/wp\/v2\/ekitaldi_etiketa?post=55317"},{"taxonomy":"ekitaldi_kategoria","embeddable":true,"href":"https:\/\/oreretaikastola.eus\/es\/wp-json\/wp\/v2\/ekitaldi_kategoria?post=55317"}],"curies":[{"name":"wp","href":"https:\/\/api.w.org\/{rel}","templated":true}]}}

[HH3-LH1] Esmalteriako Ostiralak: sesión de gimnasia acrobática

<p>Dentro de la iniciativa <strong>Esmalteriako Ostiralak</strong>, como última cita de este curso, el 7 de junio, viernes, <strong>Orereta Ikastola</strong> ha organizado una sesión de gimnasia acrobática. Será una sesión dirigida a las familias con niños y niñas de entre HH3 y LH1. Se celebrará en el edificio de Esmalteria de la <strong>Ikastola</strong>, a las 17:00 horas. La sesión la dirigirán las y los miembros de Hiruki.</p>



<p>Si queréis acudir, rellenad el formulario inferior. El último día para apuntarse es el 5 de junio. Las plazas serán limitadas: 14 menores y otras tantas personas adultas acompañantes.</p>



<div style="height:50px" aria-hidden="true" class="wp-block-spacer"></div>



<hr class="wp-block-separator has-alpha-channel-opacity"/>
