{"id":55071,"date":"2024-05-09T10:07:00","date_gmt":"2024-05-09T09:07:00","guid":{"rendered":"https:\/\/oreretaikastola.eus\/ekitaldiak\/dbh4-txangoa-donostia-san-telmo\/"},"modified":"2024-05-09T10:14:42","modified_gmt":"2024-05-09T09:14:42","slug":"dbh4-excursion-donostia-san-telmo","status":"publish","type":"ekitaldia","link":"https:\/\/oreretaikastola.eus\/es\/ekitaldiak\/dbh4-excursion-donostia-san-telmo\/","title":{"rendered":"[DBH4] Excursi\u00f3n Donostia + San Telmo"},"content":{"rendered":"\n<p>Relacionado a la asignatura de Gizarte Zientziak, las y los alumnos de DBH4 realizar\u00e1n una excursi\u00f3n a Donostia.<\/p>\n\n\n\n<p>Conocer\u00e1n la ciudad a trav\u00e9s de una visita guiada que ofrece el Ayuntamiento y visitar\u00e1n la exposici\u00f3n \u00abTiempo del silencio\u00bb del <a rel=\"noreferrer noopener\" href=\"https:\/\/www.santelmomuseoa.eus\/index.php?lang=es\" target=\"_blank\">Museo de San Telmo<\/a>. Se trata de una exposici\u00f3n que recorre la \u00e9poca franquista; casi 40 a\u00f1os de recorrido por la sociedad, la econom\u00eda y la historia de la \u00e9poca.<\/p>\n","protected":false},"featured_media":0,"parent":0,"template":"","ekitaldi_etiketa":[],"ekitaldi_kategoria":[232],"acf":[],"_links":{"self":[{"href":"https:\/\/oreretaikastola.eus\/es\/wp-json\/wp\/v2\/ekitaldia\/55071"}],"collection":[{"href":"https:\/\/oreretaikastola.eus\/es\/wp-json\/wp\/v2\/ekitaldia"}],"about":[{"href":"https:\/\/oreretaikastola.eus\/es\/wp-json\/wp\/v2\/types\/ekitaldia"}],"wp:attachment":[{"href":"https:\/\/oreretaikastola.eus\/es\/wp-json\/wp\/v2\/media?parent=55071"}],"wp:term":[{"taxonomy":"ekitaldi_etiketa","embeddable":true,"href":"https:\/\/oreretaikastola.eus\/es\/wp-json\/wp\/v2\/ekitaldi_etiketa?post=55071"},{"taxonomy":"ekitaldi_kategoria","embeddable":true,"href":"https:\/\/oreretaikastola.eus\/es\/wp-json\/wp\/v2\/ekitaldi_kategoria?post=55071"}],"curies":[{"name":"wp","href":"https:\/\/api.w.org\/{rel}","templated":true}]}}

[DBH4] Excursión Donostia + San Telmo

<p>Relacionado a la asignatura de Gizarte Zientziak, las y los alumnos de DBH4 realizarán una excursión a Donostia.</p>



<p>Conocerán la ciudad a través de una visita guiada que ofrece el Ayuntamiento y visitarán la exposición «Tiempo del silencio» del <a rel="noreferrer noopener" href="https://www.santelmomuseoa.eus/index.php?lang=es" target="_blank">Museo de San Telmo</a>. Se trata de una exposición que recorre la época franquista; casi 40 años de recorrido por la sociedad, la economía y la historia de la época.</p>
