{"id":55051,"date":"2024-05-09T08:42:39","date_gmt":"2024-05-09T07:42:39","guid":{"rendered":"https:\/\/oreretaikastola.eus\/ekitaldiak\/lh1-egun-pasa-aitzetako-txabalera\/"},"modified":"2024-05-09T08:45:32","modified_gmt":"2024-05-09T07:45:32","slug":"lh1-excursion-al-dolmen-de-aitzeta","status":"publish","type":"ekitaldia","link":"https:\/\/oreretaikastola.eus\/es\/ekitaldiak\/lh1-excursion-al-dolmen-de-aitzeta\/","title":{"rendered":"[LH1] Excursi\u00f3n al d\u00f3lmen de Aitzeta"},"content":{"rendered":"\n<p>El alumnado de LH1 ir\u00e1 de excursi\u00f3n a pasar el d\u00eda al d\u00f3lmen de Aitzeta, a seguir aprendiendo y a disfrutar de la naturaleza. Ongi ibili!<\/p>\n","protected":false},"featured_media":0,"parent":0,"template":"","ekitaldi_etiketa":[],"ekitaldi_kategoria":[232],"acf":[],"_links":{"self":[{"href":"https:\/\/oreretaikastola.eus\/es\/wp-json\/wp\/v2\/ekitaldia\/55051"}],"collection":[{"href":"https:\/\/oreretaikastola.eus\/es\/wp-json\/wp\/v2\/ekitaldia"}],"about":[{"href":"https:\/\/oreretaikastola.eus\/es\/wp-json\/wp\/v2\/types\/ekitaldia"}],"wp:attachment":[{"href":"https:\/\/oreretaikastola.eus\/es\/wp-json\/wp\/v2\/media?parent=55051"}],"wp:term":[{"taxonomy":"ekitaldi_etiketa","embeddable":true,"href":"https:\/\/oreretaikastola.eus\/es\/wp-json\/wp\/v2\/ekitaldi_etiketa?post=55051"},{"taxonomy":"ekitaldi_kategoria","embeddable":true,"href":"https:\/\/oreretaikastola.eus\/es\/wp-json\/wp\/v2\/ekitaldi_kategoria?post=55051"}],"curies":[{"name":"wp","href":"https:\/\/api.w.org\/{rel}","templated":true}]}}

[LH1] Excursión al dólmen de Aitzeta

<p>El alumnado de LH1 irá de excursión a pasar el día al dólmen de Aitzeta, a seguir aprendiendo y a disfrutar de la naturaleza. Ongi ibili!</p>
