{"id":53927,"date":"2024-04-17T11:11:18","date_gmt":"2024-04-17T10:11:18","guid":{"rendered":"https:\/\/oreretaikastola.eus\/ekitaldiak\/lh3-dbh4-urdaburu-denboraldi-amaierako-txangoa-23-24\/"},"modified":"2024-04-17T11:27:04","modified_gmt":"2024-04-17T10:27:04","slug":"lh3-dbh4-urdaburu-excursion-de-fin-de-temporada-23-24","status":"publish","type":"ekitaldia","link":"https:\/\/oreretaikastola.eus\/es\/ekitaldiak\/lh3-dbh4-urdaburu-excursion-de-fin-de-temporada-23-24\/","title":{"rendered":"[LH3-DBH4] Urdaburu: excursi\u00f3n de fin de temporada"},"content":{"rendered":"\n<p>Para finalizar las salidas que durante el curso organiza la Ikastola en colaboraci\u00f3n con la asociaci\u00f3n Urdaburu, se realizar\u00e1 una excursi\u00f3n de final de temporada: fin de semana en Urbasa, realizando el recorrido del bosque encantado y pasando la noche en el camping de Urbasa. Tiene opci\u00f3n de apuntarse a esta salida el alumnado que ha realizado al menos una excursi\u00f3n organizada por Urdaburu y Orereta Ikastola durante este curso; las madres y padres no pueden acudir a la excursi\u00f3n de fin de temporada.<\/p>\n\n\n\n<p>El s\u00e1bado 4 de mayo, el grupo saldr\u00e1 de la parada de Iztieta a las 08:00 horas y volver\u00e1 al mismo lugar el domingo 5 de mayo hacia las 18:00 horas. Los desplazamientos se realizar\u00e1n en autob\u00fas. El precio de la excursi\u00f3n incluye esos desplazamientos, la merienda y la cena del s\u00e1bado, la noche en el camping de Urbasa, y el desayuno, almuerzo y comida del domingo (55\u20ac). El almuerzo y la comida del s\u00e1bado los tiene que llevar cada uno.<\/p>\n\n\n\n<p>Para inscribirse, se debe rellenar <a rel=\"noreferrer noopener\" href=\"https:\/\/sites.google.com\/view\/urdaburumendizaleelkartea\/irteerak\/2024-05-04_05-eskolartekoak-ikasturte-bukaera\" target=\"_blank\">este formulario<\/a>. El plazo para ello finaliza el 23 de abril (a las 19:00 horas). En el caso de que el n\u00famero de menores inscritos supere el n\u00famero de plazas disponibles, la adjudicaci\u00f3n de plazas se realizar\u00e1 teniendo en cuenta los puntos obtenidos a lo largo del curso. Cerrado el plazo de inscripci\u00f3n, la asociaci\u00f3n Urdaburu enviar\u00e1 un correo electr\u00f3nico a quienes corresponda inform\u00e1ndoles de los detalles de la excursi\u00f3n.<\/p>\n","protected":false},"featured_media":0,"parent":0,"template":"","ekitaldi_etiketa":[],"ekitaldi_kategoria":[232],"acf":[],"_links":{"self":[{"href":"https:\/\/oreretaikastola.eus\/es\/wp-json\/wp\/v2\/ekitaldia\/53927"}],"collection":[{"href":"https:\/\/oreretaikastola.eus\/es\/wp-json\/wp\/v2\/ekitaldia"}],"about":[{"href":"https:\/\/oreretaikastola.eus\/es\/wp-json\/wp\/v2\/types\/ekitaldia"}],"wp:attachment":[{"href":"https:\/\/oreretaikastola.eus\/es\/wp-json\/wp\/v2\/media?parent=53927"}],"wp:term":[{"taxonomy":"ekitaldi_etiketa","embeddable":true,"href":"https:\/\/oreretaikastola.eus\/es\/wp-json\/wp\/v2\/ekitaldi_etiketa?post=53927"},{"taxonomy":"ekitaldi_kategoria","embeddable":true,"href":"https:\/\/oreretaikastola.eus\/es\/wp-json\/wp\/v2\/ekitaldi_kategoria?post=53927"}],"curies":[{"name":"wp","href":"https:\/\/api.w.org\/{rel}","templated":true}]}}

[LH3-DBH4] Urdaburu: excursión de fin de temporada

<p>Para finalizar las salidas que durante el curso organiza la Ikastola en colaboración con la asociación Urdaburu, se realizará una excursión de final de temporada: fin de semana en Urbasa, realizando el recorrido del bosque encantado y pasando la noche en el camping de Urbasa. Tiene opción de apuntarse a esta salida el alumnado que ha realizado al menos una excursión organizada por Urdaburu y Orereta Ikastola durante este curso; las madres y padres no pueden acudir a la excursión de fin de temporada.</p>



<p>El sábado 4 de mayo, el grupo saldrá de la parada de Iztieta a las 08:00 horas y volverá al mismo lugar el domingo 5 de mayo hacia las 18:00 horas. Los desplazamientos se realizarán en autobús. El precio de la excursión incluye esos desplazamientos, la merienda y la cena del sábado, la noche en el camping de Urbasa, y el desayuno, almuerzo y comida del domingo (55€). El almuerzo y la comida del sábado los tiene que llevar cada uno.</p>



<p>Para inscribirse, se debe rellenar <a rel="noreferrer noopener" href="https://sites.google.com/view/urdaburumendizaleelkartea/irteerak/2024-05-04_05-eskolartekoak-ikasturte-bukaera" target="_blank">este formulario</a>. El plazo para ello finaliza el 23 de abril (a las 19:00 horas). En el caso de que el número de menores inscritos supere el número de plazas disponibles, la adjudicación de plazas se realizará teniendo en cuenta los puntos obtenidos a lo largo del curso. Cerrado el plazo de inscripción, la asociación Urdaburu enviará un correo electrónico a quienes corresponda informándoles de los detalles de la excursión.</p>
