{"id":53678,"date":"2024-04-09T13:52:31","date_gmt":"2024-04-09T12:52:31","guid":{"rendered":"https:\/\/oreretaikastola.eus\/ekitaldiak\/hh2-lh6-ikastolako-udalekuak-2024\/"},"modified":"2024-04-10T12:36:29","modified_gmt":"2024-04-10T11:36:29","slug":"hh2-lh6-udalekus-de-la-ikastola-2024","status":"publish","type":"ekitaldia","link":"https:\/\/oreretaikastola.eus\/es\/ekitaldiak\/hh2-lh6-udalekus-de-la-ikastola-2024\/","title":{"rendered":"[HH2-LH6] Udalekus de la Ikastola 2024"},"content":{"rendered":"\n<p>Como todos los a\u00f1os,&nbsp;<strong>Orereta Ikastola<\/strong> ofrecer\u00e1 <strong>colonias de verano <\/strong>para las y los menores de entre 2 y 12 a\u00f1os, del 24 de junio al 19 de julio. Se trata de una&nbsp;propuesta abierta a todas las familias que as\u00ed lo deseen, no s\u00f3lo para las familias de la <strong>Ikastola<\/strong>. <a href=\"https:\/\/oreretaikastola.eus\/es\/udalekuak-2024\/\">Ver aqu\u00ed informaci\u00f3n detallada.<\/a><\/p>\n","protected":false},"featured_media":13680,"parent":0,"template":"","ekitaldi_etiketa":[290],"ekitaldi_kategoria":[232,153],"acf":[],"_links":{"self":[{"href":"https:\/\/oreretaikastola.eus\/es\/wp-json\/wp\/v2\/ekitaldia\/53678"}],"collection":[{"href":"https:\/\/oreretaikastola.eus\/es\/wp-json\/wp\/v2\/ekitaldia"}],"about":[{"href":"https:\/\/oreretaikastola.eus\/es\/wp-json\/wp\/v2\/types\/ekitaldia"}],"wp:featuredmedia":[{"embeddable":true,"href":"https:\/\/oreretaikastola.eus\/es\/wp-json\/wp\/v2\/media\/13680"}],"wp:attachment":[{"href":"https:\/\/oreretaikastola.eus\/es\/wp-json\/wp\/v2\/media?parent=53678"}],"wp:term":[{"taxonomy":"ekitaldi_etiketa","embeddable":true,"href":"https:\/\/oreretaikastola.eus\/es\/wp-json\/wp\/v2\/ekitaldi_etiketa?post=53678"},{"taxonomy":"ekitaldi_kategoria","embeddable":true,"href":"https:\/\/oreretaikastola.eus\/es\/wp-json\/wp\/v2\/ekitaldi_kategoria?post=53678"}],"curies":[{"name":"wp","href":"https:\/\/api.w.org\/{rel}","templated":true}]}}

<p>Como todos los años,&nbsp;<strong>Orereta Ikastola</strong> ofrecerá <strong>colonias de verano </strong>para las y los menores de entre 2 y 12 años, del 24 de junio al 19 de julio. Se trata de una&nbsp;propuesta abierta a todas las familias que así lo deseen, no sólo para las familias de la <strong>Ikastola</strong>. <a href="https://oreretaikastola.eus/es/udalekuak-2024/">Ver aquí información detallada.</a></p>
