{"id":53459,"date":"2024-03-22T15:48:02","date_gmt":"2024-03-22T14:48:02","guid":{"rendered":"https:\/\/oreretaikastola.eus\/ekitaldiak\/ann-weberren-bidezidorretatik-erakusketa\/"},"modified":"2024-04-10T11:01:05","modified_gmt":"2024-04-10T10:01:05","slug":"exposicion-ann-weberren-bidezidorretatik","status":"publish","type":"ekitaldia","link":"https:\/\/oreretaikastola.eus\/es\/ekitaldiak\/exposicion-ann-weberren-bidezidorretatik\/","title":{"rendered":"Exposici\u00f3n \u00abAnn Weberren bidezidorretatik\u00bb"},"content":{"rendered":"\n<p>Xenpelar Etxea acoger\u00e1 del 15 al 20 de abril las esculturas creadas por las y los alumnos de LH5 de <strong>Orereta Ikastola<\/strong>, trabajos realizados inspir\u00e1ndose en la obra de la artista estadounidense Ann Weber.<\/p>\n\n\n\n<p>Son peculiares el material y la t\u00e9cnica con las que Weber crea sus esculturas: compone obras de arte de gran tama\u00f1o y volumen mediante el grapado de fragmentos de cart\u00f3n. De la misma manera han creado las y los alumnos sus propias esculturas. Han realizado bocetos de lo que han querido expresar, han definido las formas y han creado sus obras de forma colaborativa. Esas ser\u00e1n las obras que se expondr\u00e1n en la exposici\u00f3n \u00abAnn Weberren bidezidorretatik\u00bb.<\/p>\n","protected":false},"featured_media":53458,"parent":0,"template":"","ekitaldi_etiketa":[993,992],"ekitaldi_kategoria":[154],"acf":[],"_links":{"self":[{"href":"https:\/\/oreretaikastola.eus\/es\/wp-json\/wp\/v2\/ekitaldia\/53459"}],"collection":[{"href":"https:\/\/oreretaikastola.eus\/es\/wp-json\/wp\/v2\/ekitaldia"}],"about":[{"href":"https:\/\/oreretaikastola.eus\/es\/wp-json\/wp\/v2\/types\/ekitaldia"}],"wp:featuredmedia":[{"embeddable":true,"href":"https:\/\/oreretaikastola.eus\/es\/wp-json\/wp\/v2\/media\/53458"}],"wp:attachment":[{"href":"https:\/\/oreretaikastola.eus\/es\/wp-json\/wp\/v2\/media?parent=53459"}],"wp:term":[{"taxonomy":"ekitaldi_etiketa","embeddable":true,"href":"https:\/\/oreretaikastola.eus\/es\/wp-json\/wp\/v2\/ekitaldi_etiketa?post=53459"},{"taxonomy":"ekitaldi_kategoria","embeddable":true,"href":"https:\/\/oreretaikastola.eus\/es\/wp-json\/wp\/v2\/ekitaldi_kategoria?post=53459"}],"curies":[{"name":"wp","href":"https:\/\/api.w.org\/{rel}","templated":true}]}}

Exposición «Ann Weberren bidezidorretatik»

<p>Xenpelar Etxea acogerá del 15 al 20 de abril las esculturas creadas por las y los alumnos de LH5 de <strong>Orereta Ikastola</strong>, trabajos realizados inspirándose en la obra de la artista estadounidense Ann Weber.</p>



<p>Son peculiares el material y la técnica con las que Weber crea sus esculturas: compone obras de arte de gran tamaño y volumen mediante el grapado de fragmentos de cartón. De la misma manera han creado las y los alumnos sus propias esculturas. Han realizado bocetos de lo que han querido expresar, han definido las formas y han creado sus obras de forma colaborativa. Esas serán las obras que se expondrán en la exposición «Ann Weberren bidezidorretatik».</p>
