{"id":53444,"date":"2024-03-22T14:53:57","date_gmt":"2024-03-22T13:53:57","guid":{"rendered":"https:\/\/oreretaikastola.eus\/ekitaldiak\/blaitu-mihiluze-2-lehiaketa\/"},"modified":"2024-05-28T15:15:48","modified_gmt":"2024-05-28T14:15:48","slug":"2o-concurso-blaitu-mihiluze","status":"publish","type":"ekitaldia","link":"https:\/\/oreretaikastola.eus\/es\/ekitaldiak\/2o-concurso-blaitu-mihiluze\/","title":{"rendered":"2\u00ba concurso \u00abBlaitu Mihiluze\u00bb"},"content":{"rendered":"\n<p><strong>Blaitu Kluba<\/strong> ha organizado el <strong>2\u00ba concurso Blaitu MHLZ<\/strong>, concurso que se disputar\u00e1 del 18 al 23 de marzo. Inmersos e inmersas en plena<a rel=\"noreferrer noopener\" href=\"https:\/\/www.korrika.eus\/es\/\" target=\"_blank\"> KORRIKA<\/a> y basado en el programa Mihiluze de ETB, el objetivo principal de la iniciativa es pasar un rato divertido y agradable en familia o entre amigos y en euskera.<\/p>\n\n\n\n<p>Entre el 18 y 22 de marzo, se ofrecer\u00e1 a diario un juego <strong>Blaitu MHLZ<\/strong> en el <a href=\"http:\/\/www.oreretaikastola.eus\/blaitukluba\">portal <strong>Blaitu Kluba<\/strong> de la p\u00e1gina web de la <strong>Ikastola<\/strong><\/a>. Dichos juegos servir\u00e1n de entrenamiento para el gran concurso que se celebrar\u00e1 el 23 de marzo, d\u00eda en que KORRIKA llegar\u00e1 a nuestro municipio. La familia ganadora del 23 de marzo se llevar\u00e1 entradas para toda la familia para acudir al <a rel=\"noreferrer noopener\" href=\"https:\/\/wowpark.fr\/es\/bienvenue-chez-wowpark-parc-de-loisirs-aventure-a-urrugne-64-esp\/\" target=\"_blank\">parque WOW de Urru\u00f1a<\/a>.<\/p>\n\n\n\n<p>En caso de querer participar, habr\u00e1 que acceder a los enlaces que se publicar\u00e1n a diario en el <a href=\"http:\/\/www.oreretaikastola.eus\/blaitukluba\">portal <strong>Blaitu Kluba<\/strong><\/a>, escribiendo el nombre y apellidos de un miembro de la familia<strong> <\/strong>para que sepamos qui\u00e9n ser\u00e1 el premiado. \u00a1Animaos y participad!&nbsp;Blaitu mingainak eta busti euskaraz!<\/p>\n","protected":false},"featured_media":0,"parent":0,"template":"","ekitaldi_etiketa":[962],"ekitaldi_kategoria":[232],"acf":[],"_links":{"self":[{"href":"https:\/\/oreretaikastola.eus\/es\/wp-json\/wp\/v2\/ekitaldia\/53444"}],"collection":[{"href":"https:\/\/oreretaikastola.eus\/es\/wp-json\/wp\/v2\/ekitaldia"}],"about":[{"href":"https:\/\/oreretaikastola.eus\/es\/wp-json\/wp\/v2\/types\/ekitaldia"}],"wp:attachment":[{"href":"https:\/\/oreretaikastola.eus\/es\/wp-json\/wp\/v2\/media?parent=53444"}],"wp:term":[{"taxonomy":"ekitaldi_etiketa","embeddable":true,"href":"https:\/\/oreretaikastola.eus\/es\/wp-json\/wp\/v2\/ekitaldi_etiketa?post=53444"},{"taxonomy":"ekitaldi_kategoria","embeddable":true,"href":"https:\/\/oreretaikastola.eus\/es\/wp-json\/wp\/v2\/ekitaldi_kategoria?post=53444"}],"curies":[{"name":"wp","href":"https:\/\/api.w.org\/{rel}","templated":true}]}}

2º concurso «Blaitu Mihiluze»

<p><strong>Blaitu Kluba</strong> ha organizado el <strong>2º concurso Blaitu MHLZ</strong>, concurso que se disputará del 18 al 23 de marzo. Inmersos e inmersas en plena<a rel="noreferrer noopener" href="https://www.korrika.eus/es/" target="_blank"> KORRIKA</a> y basado en el programa Mihiluze de ETB, el objetivo principal de la iniciativa es pasar un rato divertido y agradable en familia o entre amigos y en euskera.</p>



<p>Entre el 18 y 22 de marzo, se ofrecerá a diario un juego <strong>Blaitu MHLZ</strong> en el <a href="http://www.oreretaikastola.eus/blaitukluba">portal <strong>Blaitu Kluba</strong> de la página web de la <strong>Ikastola</strong></a>. Dichos juegos servirán de entrenamiento para el gran concurso que se celebrará el 23 de marzo, día en que KORRIKA llegará a nuestro municipio. La familia ganadora del 23 de marzo se llevará entradas para toda la familia para acudir al <a rel="noreferrer noopener" href="https://wowpark.fr/es/bienvenue-chez-wowpark-parc-de-loisirs-aventure-a-urrugne-64-esp/" target="_blank">parque WOW de Urruña</a>.</p>



<p>En caso de querer participar, habrá que acceder a los enlaces que se publicarán a diario en el <a href="http://www.oreretaikastola.eus/blaitukluba">portal <strong>Blaitu Kluba</strong></a>, escribiendo el nombre y apellidos de un miembro de la familia<strong> </strong>para que sepamos quién será el premiado. ¡Animaos y participad!&nbsp;Blaitu mingainak eta busti euskaraz!</p>
