{"id":53320,"date":"2024-03-20T14:42:52","date_gmt":"2024-03-20T13:42:52","guid":{"rendered":"https:\/\/oreretaikastola.eus\/ekitaldiak\/ikastolen-vii-batzarra-orereta-ikastolako-gogoeta-eta-ekarpen-bilera\/"},"modified":"2024-03-20T14:48:30","modified_gmt":"2024-03-20T13:48:30","slug":"vii-asamblea-de-las-ikastolas-reunion-de-reflexion-y-aportaciones-de-orereta-ikastola","status":"publish","type":"ekitaldia","link":"https:\/\/oreretaikastola.eus\/es\/ekitaldiak\/vii-asamblea-de-las-ikastolas-reunion-de-reflexion-y-aportaciones-de-orereta-ikastola\/","title":{"rendered":"VII Asamblea de las Ikastolas: reuni\u00f3n de reflexi\u00f3n y aportaciones de Orereta Ikastola"},"content":{"rendered":"\n<p>El 22 de junio, en Iru\u00f1ea, las <strong>Ikastolas de Euskal Herria<\/strong> celebraremos la <strong>VII Asamblea<\/strong> para trazar el camino para afrontar los retos y establecer los objetivos principales de las Ikastolas de los pr\u00f3ximos ocho o diez a\u00f1os. Desde nuestra posici\u00f3n actual, nos toca hacer un esfuerzo para visualizar las <strong>Ikastolas<\/strong> del futuro, y para ello, las y los miembros de la comunidad de <strong>Orereta Ikastola<\/strong> tiene la oportunidad de hacer aportaciones a la propuesta que ha hecho <strong>Ikastolen Elkartea<\/strong>. <\/p>\n\n\n\n<p>Para ello, se celebrar\u00e1 una reuni\u00f3n\/din\u00e1mica que se llevar\u00e1 a cabo el d\u00eda 10 de abril en el edificio de Esmalteria de la <strong>Ikastola<\/strong>, a las 17:30 horas.<\/p>\n\n\n\n<p>Se quiere invitar a participar en la misma a todas las familias de la <strong>Ikastola<\/strong>. Si quieres participar en la din\u00e1mica, por un lado, rellena el formulario inferior confirmando tu asistencia. Por otro lado, para que la reuni\u00f3n sea lo m\u00e1s fruct\u00edfera posible, por favor, consulta previamente toda la informaci\u00f3n que se encuentra colgada en la web <a href=\"https:\/\/7batzarra.ikastola.eus\/es\" target=\"_blank\" rel=\"noreferrer noopener\">7batzarra.ikastola.eus<\/a>. Si deseas los informes \u00ab\u00bfDe d\u00f3nde venimos?\u00bb, \u00ab\u00bfD\u00f3nde estamos?\u00bb y \u00ab\u00bfA d\u00f3nde vamos?\u00bb en papel o formato digital, solic\u00edtalos escribiendo un correo electr\u00f3nico a <a href=\"mailto:idazkaritza@oreretaikastola.eus\">idazkaritza@oreretaikastola.eus<\/a>.<\/p>\n\n\n\n<div style=\"height:50px\" aria-hidden=\"true\" class=\"wp-block-spacer\"><\/div>\n\n\n\n<hr class=\"wp-block-separator has-alpha-channel-opacity\"\/>\n\n\n","protected":false},"featured_media":0,"parent":0,"template":"","ekitaldi_etiketa":[],"ekitaldi_kategoria":[232],"acf":[],"_links":{"self":[{"href":"https:\/\/oreretaikastola.eus\/es\/wp-json\/wp\/v2\/ekitaldia\/53320"}],"collection":[{"href":"https:\/\/oreretaikastola.eus\/es\/wp-json\/wp\/v2\/ekitaldia"}],"about":[{"href":"https:\/\/oreretaikastola.eus\/es\/wp-json\/wp\/v2\/types\/ekitaldia"}],"wp:attachment":[{"href":"https:\/\/oreretaikastola.eus\/es\/wp-json\/wp\/v2\/media?parent=53320"}],"wp:term":[{"taxonomy":"ekitaldi_etiketa","embeddable":true,"href":"https:\/\/oreretaikastola.eus\/es\/wp-json\/wp\/v2\/ekitaldi_etiketa?post=53320"},{"taxonomy":"ekitaldi_kategoria","embeddable":true,"href":"https:\/\/oreretaikastola.eus\/es\/wp-json\/wp\/v2\/ekitaldi_kategoria?post=53320"}],"curies":[{"name":"wp","href":"https:\/\/api.w.org\/{rel}","templated":true}]}}

VII Asamblea de las Ikastolas: reunión de reflexión y aportaciones de Orereta Ikastola

<p>El 22 de junio, en Iruñea, las <strong>Ikastolas de Euskal Herria</strong> celebraremos la <strong>VII Asamblea</strong> para trazar el camino para afrontar los retos y establecer los objetivos principales de las Ikastolas de los próximos ocho o diez años. Desde nuestra posición actual, nos toca hacer un esfuerzo para visualizar las <strong>Ikastolas</strong> del futuro, y para ello, las y los miembros de la comunidad de <strong>Orereta Ikastola</strong> tiene la oportunidad de hacer aportaciones a la propuesta que ha hecho <strong>Ikastolen Elkartea</strong>. </p>



<p>Para ello, se celebrará una reunión/dinámica que se llevará a cabo el día 10 de abril en el edificio de Esmalteria de la <strong>Ikastola</strong>, a las 17:30 horas.</p>



<p>Se quiere invitar a participar en la misma a todas las familias de la <strong>Ikastola</strong>. Si quieres participar en la dinámica, por un lado, rellena el formulario inferior confirmando tu asistencia. Por otro lado, para que la reunión sea lo más fructífera posible, por favor, consulta previamente toda la información que se encuentra colgada en la web <a href="https://7batzarra.ikastola.eus/es" target="_blank" rel="noreferrer noopener">7batzarra.ikastola.eus</a>. Si deseas los informes «¿De dónde venimos?», «¿Dónde estamos?» y «¿A dónde vamos?» en papel o formato digital, solicítalos escribiendo un correo electrónico a <a href="mailto:idazkaritza@oreretaikastola.eus">idazkaritza@oreretaikastola.eus</a>.</p>



<div style="height:50px" aria-hidden="true" class="wp-block-spacer"></div>



<hr class="wp-block-separator has-alpha-channel-opacity"/>
