{"id":52676,"date":"2024-03-12T15:08:10","date_gmt":"2024-03-12T14:08:10","guid":{"rendered":"https:\/\/oreretaikastola.eus\/ekitaldiak\/23-korrika-ikastolako-kilometroa\/"},"modified":"2024-03-12T15:18:54","modified_gmt":"2024-03-12T14:18:54","slug":"23-korrika-ikastolako-kilometroa","status":"publish","type":"ekitaldia","link":"https:\/\/oreretaikastola.eus\/es\/ekitaldiak\/23-korrika-ikastolako-kilometroa\/","title":{"rendered":"23. KORRIKA: kil\u00f3metro de la Ikastola"},"content":{"rendered":"\n<p>La 23 edici\u00f3n de la <strong><a rel=\"noreferrer noopener\" href=\"https:\/\/www.korrika.eus\/es\/\" target=\"_blank\">KORRIKA<\/a><\/strong> oficial llegar\u00e1 el 23 de marzo a nuestro pueblo. Dicho eso, <strong>Orereta Ikastola<\/strong> quiere invitar a la comunidad de la <strong>Ikastola<\/strong> y a toda la ciudadan\u00eda a participar en el kil\u00f3metro de la <strong>Ikastola<\/strong>.<\/p>\n\n\n\n<p>El kil\u00f3metro de la <strong>Ikastola<\/strong> es el n\u00famero 2656. La carrera llegar\u00e1 hacia las 00:05 horas del 24 de marzo a ese kil\u00f3metro, al n\u00famero 53 de Galtzaraborda (a la altura de la parada del autob\u00fas). Nos pasar\u00e1n el testigo las y los representantes de las y los j\u00f3venes de DBH y bachillerato del pueblo (que bajar\u00e1n desde el Eroski de Beraun) y se lo daremos a las y los representantes de los centros escolares de nuestro municipio (a la altura del colegio Bizarain).<\/p>\n\n\n\n<p>Adem\u00e1s de la invitaci\u00f3n a participar en el kil\u00f3metro de la<strong> Ikastola<\/strong>, <strong>Orereta Ikastola<\/strong> quiere animar a la comunidad de la <strong>Ikastola<\/strong> y a toda la ciudadan\u00eda a correr tambi\u00e9n en el de las y los j\u00f3venes de DBH y bachillerato, y en el de los centros escolares de la localidad, que ambos tambi\u00e9n son kil\u00f3metros de <strong>Orereta<\/strong> y <strong><a href=\"https:\/\/www.oiartzoikastola.eus\/es\/\" target=\"_blank\" rel=\"noreferrer noopener\">Oiartzo<\/a> Ikastolak<\/strong>.<\/p>\n","protected":false},"featured_media":50442,"parent":0,"template":"","ekitaldi_etiketa":[984],"ekitaldi_kategoria":[232,153,185],"acf":[],"_links":{"self":[{"href":"https:\/\/oreretaikastola.eus\/es\/wp-json\/wp\/v2\/ekitaldia\/52676"}],"collection":[{"href":"https:\/\/oreretaikastola.eus\/es\/wp-json\/wp\/v2\/ekitaldia"}],"about":[{"href":"https:\/\/oreretaikastola.eus\/es\/wp-json\/wp\/v2\/types\/ekitaldia"}],"wp:featuredmedia":[{"embeddable":true,"href":"https:\/\/oreretaikastola.eus\/es\/wp-json\/wp\/v2\/media\/50442"}],"wp:attachment":[{"href":"https:\/\/oreretaikastola.eus\/es\/wp-json\/wp\/v2\/media?parent=52676"}],"wp:term":[{"taxonomy":"ekitaldi_etiketa","embeddable":true,"href":"https:\/\/oreretaikastola.eus\/es\/wp-json\/wp\/v2\/ekitaldi_etiketa?post=52676"},{"taxonomy":"ekitaldi_kategoria","embeddable":true,"href":"https:\/\/oreretaikastola.eus\/es\/wp-json\/wp\/v2\/ekitaldi_kategoria?post=52676"}],"curies":[{"name":"wp","href":"https:\/\/api.w.org\/{rel}","templated":true}]}}

23. KORRIKA: kilómetro de la Ikastola

<p>La 23 edición de la <strong><a rel="noreferrer noopener" href="https://www.korrika.eus/es/" target="_blank">KORRIKA</a></strong> oficial llegará el 23 de marzo a nuestro pueblo. Dicho eso, <strong>Orereta Ikastola</strong> quiere invitar a la comunidad de la <strong>Ikastola</strong> y a toda la ciudadanía a participar en el kilómetro de la <strong>Ikastola</strong>.</p>



<p>El kilómetro de la <strong>Ikastola</strong> es el número 2656. La carrera llegará hacia las 00:05 horas del 24 de marzo a ese kilómetro, al número 53 de Galtzaraborda (a la altura de la parada del autobús). Nos pasarán el testigo las y los representantes de las y los jóvenes de DBH y bachillerato del pueblo (que bajarán desde el Eroski de Beraun) y se lo daremos a las y los representantes de los centros escolares de nuestro municipio (a la altura del colegio Bizarain).</p>



<p>Además de la invitación a participar en el kilómetro de la<strong> Ikastola</strong>, <strong>Orereta Ikastola</strong> quiere animar a la comunidad de la <strong>Ikastola</strong> y a toda la ciudadanía a correr también en el de las y los jóvenes de DBH y bachillerato, y en el de los centros escolares de la localidad, que ambos también son kilómetros de <strong>Orereta</strong> y <strong><a href="https://www.oiartzoikastola.eus/es/" target="_blank" rel="noreferrer noopener">Oiartzo</a> Ikastolak</strong>.</p>
