{"id":52342,"date":"2024-03-06T10:23:48","date_gmt":"2024-03-06T09:23:48","guid":{"rendered":"https:\/\/oreretaikastola.eus\/ekitaldiak\/lh3-dbh4-urdaburu-2023-24-10-mendi-irteera\/"},"modified":"2024-03-06T10:46:07","modified_gmt":"2024-03-06T09:46:07","slug":"lh3-dbh4-urdaburu-2023-24-10a-excursion","status":"publish","type":"ekitaldia","link":"https:\/\/oreretaikastola.eus\/es\/ekitaldiak\/lh3-dbh4-urdaburu-2023-24-10a-excursion\/","title":{"rendered":"[LH3-DBH4] Urdaburu 2023-24: 10\u00aa excursi\u00f3n"},"content":{"rendered":"\n<p>La pr\u00f3xima de las excursiones del curso 2023-24 que la Ikastola organiza junto a Urdaburu Mendizale Elkartea se celebrar\u00e1 el 17 de marzo. Se trata del recorrido de orientaci\u00f3n de Irukurutzeta. La marcha arrancar\u00e1 desde tres puntos diferentes: un grupo saldr\u00e1 desde Urrategi, el otro partir\u00e1 de Azkarate y el \u00faltimo de Elosua. Los tres grupos se encontrar\u00e1n en Irukurutzeta. Es conveniente que al menos un miembro de cada grupo lleve br\u00fajula. Las y los padres no pueden participar en esta excursi\u00f3n.<\/p>\n\n\n\n<p><a href=\"\/app\/uploads\/2024\/03\/Urdaburu-Orereta-Ikastola-Orientazioa-Irukurutzeta.pdf\">Aqu\u00ed dispon\u00e9is de m\u00e1s detalles<\/a>; y abajo ten\u00e9is el formulario de inscripci\u00f3n. El plazo para apuntarse finaliza el 13 de marzo.<\/p>\n\n\n\n<div style=\"height:50px\" aria-hidden=\"true\" class=\"wp-block-spacer\"><\/div>\n\n\n\n<hr class=\"wp-block-separator has-alpha-channel-opacity\"\/>\n\n\n","protected":false},"featured_media":0,"parent":0,"template":"","ekitaldi_etiketa":[],"ekitaldi_kategoria":[232],"acf":[],"_links":{"self":[{"href":"https:\/\/oreretaikastola.eus\/es\/wp-json\/wp\/v2\/ekitaldia\/52342"}],"collection":[{"href":"https:\/\/oreretaikastola.eus\/es\/wp-json\/wp\/v2\/ekitaldia"}],"about":[{"href":"https:\/\/oreretaikastola.eus\/es\/wp-json\/wp\/v2\/types\/ekitaldia"}],"wp:attachment":[{"href":"https:\/\/oreretaikastola.eus\/es\/wp-json\/wp\/v2\/media?parent=52342"}],"wp:term":[{"taxonomy":"ekitaldi_etiketa","embeddable":true,"href":"https:\/\/oreretaikastola.eus\/es\/wp-json\/wp\/v2\/ekitaldi_etiketa?post=52342"},{"taxonomy":"ekitaldi_kategoria","embeddable":true,"href":"https:\/\/oreretaikastola.eus\/es\/wp-json\/wp\/v2\/ekitaldi_kategoria?post=52342"}],"curies":[{"name":"wp","href":"https:\/\/api.w.org\/{rel}","templated":true}]}}

[LH3-DBH4] Urdaburu 2023-24: 10ª excursión

<p>La próxima de las excursiones del curso 2023-24 que la Ikastola organiza junto a Urdaburu Mendizale Elkartea se celebrará el 17 de marzo. Se trata del recorrido de orientación de Irukurutzeta. La marcha arrancará desde tres puntos diferentes: un grupo saldrá desde Urrategi, el otro partirá de Azkarate y el último de Elosua. Los tres grupos se encontrarán en Irukurutzeta. Es conveniente que al menos un miembro de cada grupo lleve brújula. Las y los padres no pueden participar en esta excursión.</p>



<p><a href="/app/uploads/2024/03/Urdaburu-Orereta-Ikastola-Orientazioa-Irukurutzeta.pdf">Aquí disponéis de más detalles</a>; y abajo tenéis el formulario de inscripción. El plazo para apuntarse finaliza el 13 de marzo.</p>



<div style="height:50px" aria-hidden="true" class="wp-block-spacer"></div>



<hr class="wp-block-separator has-alpha-channel-opacity"/>
