{"id":51954,"date":"2024-02-21T11:42:15","date_gmt":"2024-02-21T10:42:15","guid":{"rendered":"https:\/\/oreretaikastola.eus\/ekitaldiak\/hh3-lh3-bedatselekuak-udaberriko-egonaldiak-2024-izen-ematea\/"},"modified":"2024-02-21T11:51:47","modified_gmt":"2024-02-21T10:51:47","slug":"hh3-lh3-bedatselekuak-colonias-de-primavera-2024-inscripcion","status":"publish","type":"ekitaldia","link":"https:\/\/oreretaikastola.eus\/es\/ekitaldiak\/hh3-lh3-bedatselekuak-colonias-de-primavera-2024-inscripcion\/","title":{"rendered":"[HH3-LH3] Bedatselekuak (colonias de primavera): inscripci\u00f3n"},"content":{"rendered":"\n<p>Partiendo de la experiencia acumulada durante a\u00f1os en la organizaci\u00f3n de <strong>Udalekuak<\/strong>, hoy en d\u00eda&nbsp;<strong>Orereta Ikastola<\/strong>&nbsp;organiza tambi\u00e9n <strong>Bedatselekuak (colonias de primavera) <\/strong>y&nbsp;<strong>Negulekuak<\/strong>. <strong>Bedatselekuak<\/strong>&nbsp;pretende dar continuidad al proyecto educativo de la&nbsp;<strong>Ikastola<\/strong>, respondiendo tambi\u00e9n a las posibles necesidades de las familias.<\/p>\n\n\n\n<p><strong>Bedatselekuak (colonias de primavera)<\/strong> son para las y los ni\u00f1os de entre HH3 y LH3 (sean alumnos y alumnas de la Ikastola o no) y este a\u00f1o se celebrar\u00e1n del 25 de marzo al 5 de abril en el edificio de Lino de la Ikastola. El plazo de inscripci\u00f3n finaliza el 10 de marzo.<\/p>\n\n\n\n<p>Para m\u00e1s detalles y\/o inscripciones: <a href=\"https:\/\/oreretaikastola.eus\/es\/familias\/bedatselekuak-2024\/\">Bedatselekuak 2024<\/a><\/p>\n","protected":false},"featured_media":36752,"parent":0,"template":"","ekitaldi_etiketa":[827,792,791],"ekitaldi_kategoria":[186,232,153],"acf":[],"_links":{"self":[{"href":"https:\/\/oreretaikastola.eus\/es\/wp-json\/wp\/v2\/ekitaldia\/51954"}],"collection":[{"href":"https:\/\/oreretaikastola.eus\/es\/wp-json\/wp\/v2\/ekitaldia"}],"about":[{"href":"https:\/\/oreretaikastola.eus\/es\/wp-json\/wp\/v2\/types\/ekitaldia"}],"wp:featuredmedia":[{"embeddable":true,"href":"https:\/\/oreretaikastola.eus\/es\/wp-json\/wp\/v2\/media\/36752"}],"wp:attachment":[{"href":"https:\/\/oreretaikastola.eus\/es\/wp-json\/wp\/v2\/media?parent=51954"}],"wp:term":[{"taxonomy":"ekitaldi_etiketa","embeddable":true,"href":"https:\/\/oreretaikastola.eus\/es\/wp-json\/wp\/v2\/ekitaldi_etiketa?post=51954"},{"taxonomy":"ekitaldi_kategoria","embeddable":true,"href":"https:\/\/oreretaikastola.eus\/es\/wp-json\/wp\/v2\/ekitaldi_kategoria?post=51954"}],"curies":[{"name":"wp","href":"https:\/\/api.w.org\/{rel}","templated":true}]}}

[HH3-LH3] Bedatselekuak (colonias de primavera): inscripción

<p>Partiendo de la experiencia acumulada durante años en la organización de <strong>Udalekuak</strong>, hoy en día&nbsp;<strong>Orereta Ikastola</strong>&nbsp;organiza también <strong>Bedatselekuak (colonias de primavera) </strong>y&nbsp;<strong>Negulekuak</strong>. <strong>Bedatselekuak</strong>&nbsp;pretende dar continuidad al proyecto educativo de la&nbsp;<strong>Ikastola</strong>, respondiendo también a las posibles necesidades de las familias.</p>



<p><strong>Bedatselekuak (colonias de primavera)</strong> son para las y los niños de entre HH3 y LH3 (sean alumnos y alumnas de la Ikastola o no) y este año se celebrarán del 25 de marzo al 5 de abril en el edificio de Lino de la Ikastola. El plazo de inscripción finaliza el 10 de marzo.</p>



<p>Para más detalles y/o inscripciones: <a href="https://oreretaikastola.eus/es/familias/bedatselekuak-2024/">Bedatselekuak 2024</a></p>
