{"id":50419,"date":"2024-01-18T15:06:27","date_gmt":"2024-01-18T14:06:27","guid":{"rendered":"https:\/\/oreretaikastola.eus\/ekitaldiak\/matrikulazioa-24-25-talde-txikitako-bisitak-eta-bakarkako-hitzorduak-hh-lh-dbh\/"},"modified":"2024-01-18T15:14:57","modified_gmt":"2024-01-18T14:14:57","slug":"matriculacion-24-25-visitak-en-grupos-reducidos-y-citas-personales-hh-lh-dbh","status":"publish","type":"ekitaldia","link":"https:\/\/oreretaikastola.eus\/es\/ekitaldiak\/matriculacion-24-25-visitak-en-grupos-reducidos-y-citas-personales-hh-lh-dbh\/","title":{"rendered":"Matriculaci\u00f3n 24-25: visitak en grupos reducidos y citas personales (HH, LH, DBH)"},"content":{"rendered":"\n<p>La campa\u00f1a de matriculaci\u00f3n para el curso 2024-25 estar\u00e1 en marcha del 7 al 23 de febrero, especialmente para la escolarizaci\u00f3n de ni\u00f1os y ni\u00f1as que hayan nacido en 2021 o 2022.<\/p>\n\n\n\n<p>Adem\u00e1s de las <a href=\"https:\/\/oreretaikastola.eus\/es\/ekitaldiak\/matriculacion-24-25-jornadas-de-puertas-abiertas-hh\/\">sesiones de puertas abiertas (sin necesidad de previa inscripci\u00f3n) que estar\u00e1n dirigidas a familias de HH<\/a>, tambi\u00e9n se puede solicitar cita para participar en visitas de grupos peque\u00f1os y para citas individuales (<a href=\"https:\/\/oreretaikastola.eus\/es\/cita-para-conocer-la-ikastola\/\">pedir cita<\/a>).<\/p>\n\n\n\n<p>Para m\u00e1s informaci\u00f3n o para aclarar dudas, se puede llamar al tel\u00e9fono\u00a0<a href=\"tel:943 52 03 97\">943 52 03 97<\/a>\u00a0o escribir un mensaje a la direcci\u00f3n de correo electr\u00f3nico\u00a0<a href=\"mailto:matrikulazioa@oreretaikastola.eus\">matrikulazioa@oreretaikastola.eus<\/a>.<\/p>\n","protected":false},"featured_media":49840,"parent":0,"template":"","ekitaldi_etiketa":[223],"ekitaldi_kategoria":[153],"acf":[],"_links":{"self":[{"href":"https:\/\/oreretaikastola.eus\/es\/wp-json\/wp\/v2\/ekitaldia\/50419"}],"collection":[{"href":"https:\/\/oreretaikastola.eus\/es\/wp-json\/wp\/v2\/ekitaldia"}],"about":[{"href":"https:\/\/oreretaikastola.eus\/es\/wp-json\/wp\/v2\/types\/ekitaldia"}],"wp:featuredmedia":[{"embeddable":true,"href":"https:\/\/oreretaikastola.eus\/es\/wp-json\/wp\/v2\/media\/49840"}],"wp:attachment":[{"href":"https:\/\/oreretaikastola.eus\/es\/wp-json\/wp\/v2\/media?parent=50419"}],"wp:term":[{"taxonomy":"ekitaldi_etiketa","embeddable":true,"href":"https:\/\/oreretaikastola.eus\/es\/wp-json\/wp\/v2\/ekitaldi_etiketa?post=50419"},{"taxonomy":"ekitaldi_kategoria","embeddable":true,"href":"https:\/\/oreretaikastola.eus\/es\/wp-json\/wp\/v2\/ekitaldi_kategoria?post=50419"}],"curies":[{"name":"wp","href":"https:\/\/api.w.org\/{rel}","templated":true}]}}

Matriculación 24-25: visitak en grupos reducidos y citas personales (HH, LH, DBH)

<p>La campaña de matriculación para el curso 2024-25 estará en marcha del 7 al 23 de febrero, especialmente para la escolarización de niños y niñas que hayan nacido en 2021 o 2022.</p>



<p>Además de las <a href="https://oreretaikastola.eus/es/ekitaldiak/matriculacion-24-25-jornadas-de-puertas-abiertas-hh/">sesiones de puertas abiertas (sin necesidad de previa inscripción) que estarán dirigidas a familias de HH</a>, también se puede solicitar cita para participar en visitas de grupos pequeños y para citas individuales (<a href="https://oreretaikastola.eus/es/cita-para-conocer-la-ikastola/">pedir cita</a>).</p>



<p>Para más información o para aclarar dudas, se puede llamar al teléfono <a href="tel:943 52 03 97">943 52 03 97</a> o escribir un mensaje a la dirección de correo electrónico <a href="mailto:matrikulazioa@oreretaikastola.eus">matrikulazioa@oreretaikastola.eus</a>.</p>
