{"id":50411,"date":"2024-01-18T14:47:03","date_gmt":"2024-01-18T13:47:03","guid":{"rendered":"https:\/\/oreretaikastola.eus\/ekitaldiak\/matrikulazioa-24-25-ate-irekien-saioak-hh\/"},"modified":"2024-01-18T15:09:40","modified_gmt":"2024-01-18T14:09:40","slug":"matriculacion-24-25-jornadas-de-puertas-abiertas-hh","status":"publish","type":"ekitaldia","link":"https:\/\/oreretaikastola.eus\/es\/ekitaldiak\/matriculacion-24-25-jornadas-de-puertas-abiertas-hh\/","title":{"rendered":"Matriculaci\u00f3n 24-25: jornadas de puertas abiertas (HH)"},"content":{"rendered":"\n<p>La campa\u00f1a de matriculaci\u00f3n para el curso 2024-25 estar\u00e1 en marcha del 7 al 23 de febrero, especialmente para la escolarizaci\u00f3n de ni\u00f1os y ni\u00f1as que hayan nacido en 2021 o 2022.<\/p>\n\n\n\n<p><strong>Orereta Ikastola<\/strong>&nbsp;realizar\u00e1 jornadas de puertas abiertas para conocer la&nbsp;<strong>Ikastola<\/strong>&nbsp;los d\u00edas30 de enero y 1 de febrero (en euskera y castellano, respectivamente), a las 17:30 horas, en el edificio de Esmalteria. Estas \u00faltimas ser\u00e1n unas jornadas dirigidas a las familias de Educaci\u00f3n Infantil. <\/p>\n\n\n\n<p>Adem\u00e1s, ya se pueden realizar solicitudes para participar en visitas de grupos peque\u00f1os y para citas individuales&nbsp;<a href=\"https:\/\/oreretaikastola.eus\/es\/cita-para-conocer-la-ikastola\/\">aqu\u00ed<\/a>. Para m\u00e1s informaci\u00f3n o para aclarar dudas, se puede llamar al tel\u00e9fono&nbsp;<a href=\"tel:943 52 03 97\">943 52 03 97<\/a>&nbsp;o escribir un mensaje a la direcci\u00f3n de correo electr\u00f3nico&nbsp;<a href=\"mailto:matrikulazioa@oreretaikastola.eus\">matrikulazioa@oreretaikastola.eus<\/a>.<\/p>\n","protected":false},"featured_media":49840,"parent":0,"template":"","ekitaldi_etiketa":[223],"ekitaldi_kategoria":[153],"acf":[],"_links":{"self":[{"href":"https:\/\/oreretaikastola.eus\/es\/wp-json\/wp\/v2\/ekitaldia\/50411"}],"collection":[{"href":"https:\/\/oreretaikastola.eus\/es\/wp-json\/wp\/v2\/ekitaldia"}],"about":[{"href":"https:\/\/oreretaikastola.eus\/es\/wp-json\/wp\/v2\/types\/ekitaldia"}],"wp:featuredmedia":[{"embeddable":true,"href":"https:\/\/oreretaikastola.eus\/es\/wp-json\/wp\/v2\/media\/49840"}],"wp:attachment":[{"href":"https:\/\/oreretaikastola.eus\/es\/wp-json\/wp\/v2\/media?parent=50411"}],"wp:term":[{"taxonomy":"ekitaldi_etiketa","embeddable":true,"href":"https:\/\/oreretaikastola.eus\/es\/wp-json\/wp\/v2\/ekitaldi_etiketa?post=50411"},{"taxonomy":"ekitaldi_kategoria","embeddable":true,"href":"https:\/\/oreretaikastola.eus\/es\/wp-json\/wp\/v2\/ekitaldi_kategoria?post=50411"}],"curies":[{"name":"wp","href":"https:\/\/api.w.org\/{rel}","templated":true}]}}

Matriculación 24-25: jornadas de puertas abiertas (HH)

<p>La campaña de matriculación para el curso 2024-25 estará en marcha del 7 al 23 de febrero, especialmente para la escolarización de niños y niñas que hayan nacido en 2021 o 2022.</p>



<p><strong>Orereta Ikastola</strong>&nbsp;realizará jornadas de puertas abiertas para conocer la&nbsp;<strong>Ikastola</strong>&nbsp;los días30 de enero y 1 de febrero (en euskera y castellano, respectivamente), a las 17:30 horas, en el edificio de Esmalteria. Estas últimas serán unas jornadas dirigidas a las familias de Educación Infantil. </p>



<p>Además, ya se pueden realizar solicitudes para participar en visitas de grupos pequeños y para citas individuales&nbsp;<a href="https://oreretaikastola.eus/es/cita-para-conocer-la-ikastola/">aquí</a>. Para más información o para aclarar dudas, se puede llamar al teléfono&nbsp;<a href="tel:943 52 03 97">943 52 03 97</a>&nbsp;o escribir un mensaje a la dirección de correo electrónico&nbsp;<a href="mailto:matrikulazioa@oreretaikastola.eus">matrikulazioa@oreretaikastola.eus</a>.</p>
