{"id":50046,"date":"2024-01-11T15:13:42","date_gmt":"2024-01-11T14:13:42","guid":{"rendered":"https:\/\/oreretaikastola.eus\/ekitaldiak\/dbh3-expectations-ekimena\/"},"modified":"2024-01-11T15:16:18","modified_gmt":"2024-01-11T14:16:18","slug":"dbh3-iniciativa-expectations","status":"publish","type":"ekitaldia","link":"https:\/\/oreretaikastola.eus\/es\/ekitaldiak\/dbh3-iniciativa-expectations\/","title":{"rendered":"[DBH3] Iniciativa Expectations"},"content":{"rendered":"\n<p>En Educaci\u00f3n F\u00edsica, la unidad de expresi\u00f3n corporal del alumnado de DBH3 comenzar\u00e1 con las sesiones de la compa\u00f1\u00eda <a href=\"https:\/\/osamujika.com\/\" target=\"_blank\" rel=\"noreferrer noopener\">Osa+Mujika<\/a>.<\/p>\n","protected":false},"featured_media":0,"parent":0,"template":"","ekitaldi_etiketa":[],"ekitaldi_kategoria":[184,232],"acf":[],"_links":{"self":[{"href":"https:\/\/oreretaikastola.eus\/es\/wp-json\/wp\/v2\/ekitaldia\/50046"}],"collection":[{"href":"https:\/\/oreretaikastola.eus\/es\/wp-json\/wp\/v2\/ekitaldia"}],"about":[{"href":"https:\/\/oreretaikastola.eus\/es\/wp-json\/wp\/v2\/types\/ekitaldia"}],"wp:attachment":[{"href":"https:\/\/oreretaikastola.eus\/es\/wp-json\/wp\/v2\/media?parent=50046"}],"wp:term":[{"taxonomy":"ekitaldi_etiketa","embeddable":true,"href":"https:\/\/oreretaikastola.eus\/es\/wp-json\/wp\/v2\/ekitaldi_etiketa?post=50046"},{"taxonomy":"ekitaldi_kategoria","embeddable":true,"href":"https:\/\/oreretaikastola.eus\/es\/wp-json\/wp\/v2\/ekitaldi_kategoria?post=50046"}],"curies":[{"name":"wp","href":"https:\/\/api.w.org\/{rel}","templated":true}]}}

<p>En Educación Física, la unidad de expresión corporal del alumnado de DBH3 comenzará con las sesiones de la compañía <a href="https://osamujika.com/" target="_blank" rel="noreferrer noopener">Osa+Mujika</a>.</p>
