{"id":48917,"date":"2023-12-13T14:53:32","date_gmt":"2023-12-13T13:53:32","guid":{"rendered":"https:\/\/oreretaikastola.eus\/ekitaldiak\/san-tomas-2023\/"},"modified":"2023-12-13T15:16:36","modified_gmt":"2023-12-13T14:16:36","slug":"santo-tomas-2023","status":"publish","type":"ekitaldia","link":"https:\/\/oreretaikastola.eus\/es\/ekitaldiak\/santo-tomas-2023\/","title":{"rendered":"Santo Tom\u00e1s 2023"},"content":{"rendered":"\n<p>Como todos los a\u00f1os, este curso tambi\u00e9n celebramos el d\u00eda de<strong> Santo Tomas<\/strong> en la <strong>Ikastola<\/strong>.<\/p>\n\n\n\n<ul>\n<li>HH: peque\u00f1a feria tanto en Esmalteria como en Lino, bocadillo de txistorra, y sorteo de verduras y el cerdo, entre otros.<\/li>\n\n\n\n<li>LH: romer\u00eda, feria, bocadillo de txistorra y sorteo del cerdo, entre otros.<\/li>\n\n\n\n<li>DBH: bocadillo de txistorra, la t\u00f3mbola y otras celebraciones.<\/li>\n<\/ul>\n\n\n\n<p>\u00a1Que se animen las y los alumnos a vestirse de baserritarra!<\/p>\n","protected":false},"featured_media":48916,"parent":0,"template":"","ekitaldi_etiketa":[964],"ekitaldi_kategoria":[153],"acf":[],"_links":{"self":[{"href":"https:\/\/oreretaikastola.eus\/es\/wp-json\/wp\/v2\/ekitaldia\/48917"}],"collection":[{"href":"https:\/\/oreretaikastola.eus\/es\/wp-json\/wp\/v2\/ekitaldia"}],"about":[{"href":"https:\/\/oreretaikastola.eus\/es\/wp-json\/wp\/v2\/types\/ekitaldia"}],"wp:featuredmedia":[{"embeddable":true,"href":"https:\/\/oreretaikastola.eus\/es\/wp-json\/wp\/v2\/media\/48916"}],"wp:attachment":[{"href":"https:\/\/oreretaikastola.eus\/es\/wp-json\/wp\/v2\/media?parent=48917"}],"wp:term":[{"taxonomy":"ekitaldi_etiketa","embeddable":true,"href":"https:\/\/oreretaikastola.eus\/es\/wp-json\/wp\/v2\/ekitaldi_etiketa?post=48917"},{"taxonomy":"ekitaldi_kategoria","embeddable":true,"href":"https:\/\/oreretaikastola.eus\/es\/wp-json\/wp\/v2\/ekitaldi_kategoria?post=48917"}],"curies":[{"name":"wp","href":"https:\/\/api.w.org\/{rel}","templated":true}]}}

Santo Tomás 2023

<p>Como todos los años, este curso también celebramos el día de<strong> Santo Tomas</strong> en la <strong>Ikastola</strong>.</p>



<ul>
<li>HH: pequeña feria tanto en Esmalteria como en Lino, bocadillo de txistorra, y sorteo de verduras y el cerdo, entre otros.</li>



<li>LH: romería, feria, bocadillo de txistorra y sorteo del cerdo, entre otros.</li>



<li>DBH: bocadillo de txistorra, la tómbola y otras celebraciones.</li>
</ul>



<p>¡Que se animen las y los alumnos a vestirse de baserritarra!</p>
