{"id":48815,"date":"2023-12-01T21:44:26","date_gmt":"2023-12-01T20:44:26","guid":{"rendered":"https:\/\/oreretaikastola.eus\/ekitaldiak\/lh-zinema-euskaraz-tinko-elkartea\/"},"modified":"2023-12-01T21:48:06","modified_gmt":"2023-12-01T20:48:06","slug":"lh-zinema-euskaraz-tinko-elkartea","status":"publish","type":"ekitaldia","link":"https:\/\/oreretaikastola.eus\/es\/ekitaldiak\/lh-zinema-euskaraz-tinko-elkartea\/","title":{"rendered":"[LH] Zinema Euskaraz (asociaci\u00f3n Tinko)"},"content":{"rendered":"\n<p>Los grupos de LH2 y LH3 (el 4 de diciembre) y de LH5 y LH6 (el 20 de diciembre) acudir\u00e1n a la sala Niessen a ver una pel\u00edcula en euskera que ofrecer\u00e1 <a href=\"https:\/\/www.tinkoeuskara.eus\/\">Tinko Euskara Elkartea<\/a>.<\/p>\n","protected":false},"featured_media":0,"parent":0,"template":"","ekitaldi_etiketa":[],"ekitaldi_kategoria":[232],"acf":[],"_links":{"self":[{"href":"https:\/\/oreretaikastola.eus\/es\/wp-json\/wp\/v2\/ekitaldia\/48815"}],"collection":[{"href":"https:\/\/oreretaikastola.eus\/es\/wp-json\/wp\/v2\/ekitaldia"}],"about":[{"href":"https:\/\/oreretaikastola.eus\/es\/wp-json\/wp\/v2\/types\/ekitaldia"}],"wp:attachment":[{"href":"https:\/\/oreretaikastola.eus\/es\/wp-json\/wp\/v2\/media?parent=48815"}],"wp:term":[{"taxonomy":"ekitaldi_etiketa","embeddable":true,"href":"https:\/\/oreretaikastola.eus\/es\/wp-json\/wp\/v2\/ekitaldi_etiketa?post=48815"},{"taxonomy":"ekitaldi_kategoria","embeddable":true,"href":"https:\/\/oreretaikastola.eus\/es\/wp-json\/wp\/v2\/ekitaldi_kategoria?post=48815"}],"curies":[{"name":"wp","href":"https:\/\/api.w.org\/{rel}","templated":true}]}}

[LH] Zinema Euskaraz (asociación Tinko)

<p>Los grupos de LH2 y LH3 (el 4 de diciembre) y de LH5 y LH6 (el 20 de diciembre) acudirán a la sala Niessen a ver una película en euskera que ofrecerá <a href="https://www.tinkoeuskara.eus/">Tinko Euskara Elkartea</a>.</p>
