{"id":48811,"date":"2023-12-01T21:33:02","date_gmt":"2023-12-01T20:33:02","guid":{"rendered":"https:\/\/oreretaikastola.eus\/ekitaldiak\/baga-biga-higa-ikuskizuna\/"},"modified":"2023-12-01T21:37:04","modified_gmt":"2023-12-01T20:37:04","slug":"actuacion-baga-biga-higa","status":"publish","type":"ekitaldia","link":"https:\/\/oreretaikastola.eus\/es\/ekitaldiak\/actuacion-baga-biga-higa\/","title":{"rendered":"Actuaci\u00f3n \u00abBaga, Biga, Higa\u00bb"},"content":{"rendered":"\n<p>A las puertas de <strong>Euskararen Eguna<\/strong>, el 1 de diciembre, el alumnado de DBH4 ofrecer\u00e1 la actuaci\u00f3n \u201c<strong>Baga, Biga, Higa<\/strong>\u201d (un recital sobre la literatura oral vasca) en Niessen Kulturgunea. Despu\u00e9s de haber trabajado en la primera evaluaci\u00f3n escolar diversos aspectos de la oralidad y la cultura vasca, ha llegado el momento de llevar a escena lo que durante siglos las y los vascos hemos guardado en nuestra memoria y patrimonio.<\/p>\n\n\n\n<p>Aunque las y los alumnos de DBH4 han preparado la actuaci\u00f3n especialmente para sus abuelos y abuelas, cualquier persona que as\u00ed lo desee tambi\u00e9n puede solicitar una invitaci\u00f3n. Si dese\u00e1is acudir a la cita, por favor, escribid a la direcci\u00f3n de correo electr\u00f3nico <a href=\"mailto:dbhzuzendaritza@oreretaikastola.eus\"><u>dbhzuzendaritza@oreretaikastola.eus<\/u><\/a> antes del viernes (1 de diciembre), indicando vuestro nombre y el n\u00famero de invitados. El d\u00eda de la actuaci\u00f3n, las invitaciones estar\u00e1n disponibles en la entrada de Niessen, a vuestro nombre.<\/p>\n","protected":false},"featured_media":48625,"parent":0,"template":"","ekitaldi_etiketa":[960],"ekitaldi_kategoria":[184,153],"acf":[],"_links":{"self":[{"href":"https:\/\/oreretaikastola.eus\/es\/wp-json\/wp\/v2\/ekitaldia\/48811"}],"collection":[{"href":"https:\/\/oreretaikastola.eus\/es\/wp-json\/wp\/v2\/ekitaldia"}],"about":[{"href":"https:\/\/oreretaikastola.eus\/es\/wp-json\/wp\/v2\/types\/ekitaldia"}],"wp:featuredmedia":[{"embeddable":true,"href":"https:\/\/oreretaikastola.eus\/es\/wp-json\/wp\/v2\/media\/48625"}],"wp:attachment":[{"href":"https:\/\/oreretaikastola.eus\/es\/wp-json\/wp\/v2\/media?parent=48811"}],"wp:term":[{"taxonomy":"ekitaldi_etiketa","embeddable":true,"href":"https:\/\/oreretaikastola.eus\/es\/wp-json\/wp\/v2\/ekitaldi_etiketa?post=48811"},{"taxonomy":"ekitaldi_kategoria","embeddable":true,"href":"https:\/\/oreretaikastola.eus\/es\/wp-json\/wp\/v2\/ekitaldi_kategoria?post=48811"}],"curies":[{"name":"wp","href":"https:\/\/api.w.org\/{rel}","templated":true}]}}

Actuación «Baga, Biga, Higa»

<p>A las puertas de <strong>Euskararen Eguna</strong>, el 1 de diciembre, el alumnado de DBH4 ofrecerá la actuación “<strong>Baga, Biga, Higa</strong>” (un recital sobre la literatura oral vasca) en Niessen Kulturgunea. Después de haber trabajado en la primera evaluación escolar diversos aspectos de la oralidad y la cultura vasca, ha llegado el momento de llevar a escena lo que durante siglos las y los vascos hemos guardado en nuestra memoria y patrimonio.</p>



<p>Aunque las y los alumnos de DBH4 han preparado la actuación especialmente para sus abuelos y abuelas, cualquier persona que así lo desee también puede solicitar una invitación. Si deseáis acudir a la cita, por favor, escribid a la dirección de correo electrónico <a href="mailto:dbhzuzendaritza@oreretaikastola.eus"><u>dbhzuzendaritza@oreretaikastola.eus</u></a> antes del viernes (1 de diciembre), indicando vuestro nombre y el número de invitados. El día de la actuación, las invitaciones estarán disponibles en la entrada de Niessen, a vuestro nombre.</p>
