{"id":47884,"date":"2023-11-15T12:39:52","date_gmt":"2023-11-15T11:39:52","guid":{"rendered":"https:\/\/oreretaikastola.eus\/ekitaldiak\/hh3-lh3-negulekuak-2023-izen-ematea\/"},"modified":"2023-11-15T12:43:36","modified_gmt":"2023-11-15T11:43:36","slug":"hh3-lh3-negulekuak-2023-inscripcion","status":"publish","type":"ekitaldia","link":"https:\/\/oreretaikastola.eus\/es\/ekitaldiak\/hh3-lh3-negulekuak-2023-inscripcion\/","title":{"rendered":"[HH3-LH3] Negulekuak 2023: inscripci\u00f3n"},"content":{"rendered":"\n<p>Partiendo de la experiencia acumulada durante a\u00f1os en la organizaci\u00f3n de Udalekuak, en los \u00faltimos a\u00f1os\u00a0<strong>Orereta Ikastola<\/strong>\u00a0tambi\u00e9n est\u00e1 organizando\u00a0<strong>Negulekuak<\/strong>. <\/p>\n\n\n\n<p><strong>Negulekuak<\/strong>\u00a0pretende dar continuidad al proyecto educativo de la\u00a0<strong>Ikastola<\/strong>, respondiendo tambi\u00e9n a las posibles necesidades de las familias.<\/p>\n\n\n\n<p><strong>Negulekuak<\/strong> est\u00e1n dirigidas a las y los ni\u00f1os de entre HH3 y LH3 (sean alumnos y alumnas de la Ikastola o no) y este a\u00f1o se celebrar\u00e1n del 26 de diciembre al 5 de enero en el edificio de Lino de la <strong>Ikastola<\/strong>. El plazo de inscripci\u00f3n finaliza el 3 de diciembre.<\/p>\n\n\n\n<p>Para m\u00e1s detalles y\/o inscripciones: <a href=\"https:\/\/oreretaikastola.eus\/es\/familias\/negulekuak-2023\/\">Negulekuak 2023<\/a><\/p>\n","protected":false},"featured_media":32404,"parent":0,"template":"","ekitaldi_etiketa":[792,793,791],"ekitaldi_kategoria":[186,232],"acf":[],"_links":{"self":[{"href":"https:\/\/oreretaikastola.eus\/es\/wp-json\/wp\/v2\/ekitaldia\/47884"}],"collection":[{"href":"https:\/\/oreretaikastola.eus\/es\/wp-json\/wp\/v2\/ekitaldia"}],"about":[{"href":"https:\/\/oreretaikastola.eus\/es\/wp-json\/wp\/v2\/types\/ekitaldia"}],"wp:featuredmedia":[{"embeddable":true,"href":"https:\/\/oreretaikastola.eus\/es\/wp-json\/wp\/v2\/media\/32404"}],"wp:attachment":[{"href":"https:\/\/oreretaikastola.eus\/es\/wp-json\/wp\/v2\/media?parent=47884"}],"wp:term":[{"taxonomy":"ekitaldi_etiketa","embeddable":true,"href":"https:\/\/oreretaikastola.eus\/es\/wp-json\/wp\/v2\/ekitaldi_etiketa?post=47884"},{"taxonomy":"ekitaldi_kategoria","embeddable":true,"href":"https:\/\/oreretaikastola.eus\/es\/wp-json\/wp\/v2\/ekitaldi_kategoria?post=47884"}],"curies":[{"name":"wp","href":"https:\/\/api.w.org\/{rel}","templated":true}]}}

[HH3-LH3] Negulekuak 2023: inscripción

<p>Partiendo de la experiencia acumulada durante años en la organización de Udalekuak, en los últimos años <strong>Orereta Ikastola</strong> también está organizando <strong>Negulekuak</strong>. </p>



<p><strong>Negulekuak</strong> pretende dar continuidad al proyecto educativo de la <strong>Ikastola</strong>, respondiendo también a las posibles necesidades de las familias.</p>



<p><strong>Negulekuak</strong> están dirigidas a las y los niños de entre HH3 y LH3 (sean alumnos y alumnas de la Ikastola o no) y este año se celebrarán del 26 de diciembre al 5 de enero en el edificio de Lino de la <strong>Ikastola</strong>. El plazo de inscripción finaliza el 3 de diciembre.</p>



<p>Para más detalles y/o inscripciones: <a href="https://oreretaikastola.eus/es/familias/negulekuak-2023/">Negulekuak 2023</a></p>
