{"id":46746,"date":"2023-10-18T15:03:41","date_gmt":"2023-10-18T14:03:41","guid":{"rendered":"https:\/\/oreretaikastola.eus\/ekitaldiak\/hh-lh-dbh-ikastolako-guraso-eskola-1-hiruhileko-saioak\/"},"modified":"2023-10-24T11:17:32","modified_gmt":"2023-10-24T10:17:32","slug":"hh-lh-dbh-guraso-eskola-de-la-ikastola-sesiones-del-primer-trimestre","status":"publish","type":"ekitaldia","link":"https:\/\/oreretaikastola.eus\/es\/ekitaldiak\/hh-lh-dbh-guraso-eskola-de-la-ikastola-sesiones-del-primer-trimestre\/","title":{"rendered":"[HH-LH-DBH] Guraso Eskola de la Ikastola: sesiones del primer trimestre"},"content":{"rendered":"\n<p>Ante la necesidad detectada tanto por parte de los profesionales como de varias familias de la <strong>Ikastola<\/strong>, y como complemento al proyecto municipal Familia Eskola, la propia <strong>Ikastola <\/strong>este curso tambi\u00e9n ha organizado diversas sesiones formativas para las <strong>familias de la Ikastola<\/strong>.<\/p>\n\n\n\n<p>Las sesiones se celebrar\u00e1n en Esmalteria y comenzar\u00e1n a las 17:30 horas. Las sesiones del primer trimestre del curso 2023-24 son los siguientes:<\/p>\n\n\n\n<ul>\n<li>26 de octubre: \u201cLa baso eskola y el juego (para las familias con hijas e hijos entre HH3 y LH2)<\/li>\n\n\n\n<li>7 de noviembre: \u201cAGIPAD: sobre la prevenci\u00f3n de las drogodependencias\u201d (para las familias con hijas e hijos en DBH)<\/li>\n\n\n\n<li>12 de diciembre: \u201cOrain prebentzioa: sobre el uso de las redes sociales\u201d (para las familias con hijas e hijos entre LH5 y DBH4)<\/li>\n\n\n\n<li>19 de diciembre: \u201cBerdindu Eskola: sobre la diversidad sexual\u201d (para todas las familias de la Ikastola)<\/li>\n<\/ul>\n\n\n\n<p>Las sesiones ser\u00e1n en euskera. Se ofrecer\u00e1 traducci\u00f3n simult\u00e1nea a trav\u00e9s de Telegram. Si se quiere seguir la sesi\u00f3n en castellano, hay que traer los auriculares y la app de Telegram descargada.<\/p>\n\n\n\n<p>Porque el n\u00famero de personas que pueden participar en las sesiones es limitado y porque tambi\u00e9n es de ayuda para preparar el curso, es imprescindible inscribirse previamente. Por lo tanto, si quer\u00e9is participar en las sesiones, rellenad el formulario inferior. El plazo de inscripci\u00f3n se cerrar\u00e1 tres d\u00edas antes de la fecha de cada curso.<\/p>\n\n\n\n<div style=\"height:50px\" aria-hidden=\"true\" class=\"wp-block-spacer\"><\/div>\n\n\n\n<hr class=\"wp-block-separator has-alpha-channel-opacity\"\/>\n\n\n","protected":false},"featured_media":0,"parent":0,"template":"","ekitaldi_etiketa":[],"ekitaldi_kategoria":[232],"acf":[],"_links":{"self":[{"href":"https:\/\/oreretaikastola.eus\/es\/wp-json\/wp\/v2\/ekitaldia\/46746"}],"collection":[{"href":"https:\/\/oreretaikastola.eus\/es\/wp-json\/wp\/v2\/ekitaldia"}],"about":[{"href":"https:\/\/oreretaikastola.eus\/es\/wp-json\/wp\/v2\/types\/ekitaldia"}],"wp:attachment":[{"href":"https:\/\/oreretaikastola.eus\/es\/wp-json\/wp\/v2\/media?parent=46746"}],"wp:term":[{"taxonomy":"ekitaldi_etiketa","embeddable":true,"href":"https:\/\/oreretaikastola.eus\/es\/wp-json\/wp\/v2\/ekitaldi_etiketa?post=46746"},{"taxonomy":"ekitaldi_kategoria","embeddable":true,"href":"https:\/\/oreretaikastola.eus\/es\/wp-json\/wp\/v2\/ekitaldi_kategoria?post=46746"}],"curies":[{"name":"wp","href":"https:\/\/api.w.org\/{rel}","templated":true}]}}

<p>Ante la necesidad detectada tanto por parte de los profesionales como de varias familias de la <strong>Ikastola</strong>, y como complemento al proyecto municipal Familia Eskola, la propia <strong>Ikastola </strong>este curso también ha organizado diversas sesiones formativas para las <strong>familias de la Ikastola</strong>.</p>



<p>Las sesiones se celebrarán en Esmalteria y comenzarán a las 17:30 horas. Las sesiones del primer trimestre del curso 2023-24 son los siguientes:</p>



<ul>
<li>26 de octubre: “La baso eskola y el juego (para las familias con hijas e hijos entre HH3 y LH2)</li>



<li>7 de noviembre: “AGIPAD: sobre la prevención de las drogodependencias” (para las familias con hijas e hijos en DBH)</li>



<li>12 de diciembre: “Orain prebentzioa: sobre el uso de las redes sociales” (para las familias con hijas e hijos entre LH5 y DBH4)</li>



<li>19 de diciembre: “Berdindu Eskola: sobre la diversidad sexual” (para todas las familias de la Ikastola)</li>
</ul>



<p>Las sesiones serán en euskera. Se ofrecerá traducción simultánea a través de Telegram. Si se quiere seguir la sesión en castellano, hay que traer los auriculares y la app de Telegram descargada.</p>



<p>Porque el número de personas que pueden participar en las sesiones es limitado y porque también es de ayuda para preparar el curso, es imprescindible inscribirse previamente. Por lo tanto, si queréis participar en las sesiones, rellenad el formulario inferior. El plazo de inscripción se cerrará tres días antes de la fecha de cada curso.</p>



<div style="height:50px" aria-hidden="true" class="wp-block-spacer"></div>



<hr class="wp-block-separator has-alpha-channel-opacity"/>
