{"id":46643,"date":"2023-10-13T11:44:09","date_gmt":"2023-10-13T10:44:09","guid":{"rendered":"https:\/\/oreretaikastola.eus\/ekitaldiak\/udal-guraso-eskola-2023-24\/"},"modified":"2023-11-10T15:26:43","modified_gmt":"2023-11-10T14:26:43","slug":"udal-guraso-eskola-2023-24","status":"publish","type":"ekitaldia","link":"https:\/\/oreretaikastola.eus\/es\/ekitaldiak\/udal-guraso-eskola-2023-24\/","title":{"rendered":"Udal Familia Eskola 2023-24"},"content":{"rendered":"\n<p>Pasado el verano, la escuela municipal de familias est\u00e1 a punto de volverse a poner en marcha. Como hasta ahora, la iniciativa seguir\u00e1 teniendo tres pilares principales:<\/p>\n\n\n\n<hr class=\"wp-block-separator has-alpha-channel-opacity\"\/>\n\n\n\n<h3 class=\"wp-block-heading\"><strong>SESIONES MONOGR\u00c1FICAS<\/strong><\/h3>\n\n\n\n<hr class=\"wp-block-separator has-alpha-channel-opacity\"\/>\n\n\n\n<p>Se ofrecer\u00e1 una sesi\u00f3n para cada ciclo (HH, LH, DBH). Ser\u00e1n en la Sala Reina de 15:00 a 16:15 horas. Las fechas de las sesiones y los temas a tratar ser\u00e1n:<\/p>\n\n\n\n<ul>\n<li>HH: \u201cC\u00f3mo impulsar el desarrollo emocional y cognitivo\u201d (14 de noviembre)<\/li>\n\n\n\n<li>LH: \u201cC\u00f3mo ayudar a gestionar las relaciones sociales de una manera positiva\u201d (15 de noviembre)<\/li>\n\n\n\n<li>DBH: \u201cComunicaci\u00f3n positiva: c\u00f3mo ayudarles en sus procesos desde la confianza y la comprensi\u00f3n\u201d (16 de noviembre)<\/li>\n<\/ul>\n\n\n\n<p>Para acudir a las sesiones monogr\u00e1ficas se debe incribirse rellenando <a href=\"https:\/\/forms.gle\/CaXveynQKvSxfQDB6\">este formulario<\/a>.<\/p>\n\n\n\n<hr class=\"wp-block-separator has-alpha-channel-opacity\"\/>\n\n\n\n<h3 class=\"wp-block-heading\"><strong>SERVICIO DE ATENCI\u00d3N PERSONALIZADA<\/strong><\/h3>\n\n\n\n<hr class=\"wp-block-separator has-alpha-channel-opacity\"\/>\n\n\n\n<p>Los martes (de 9:00 a 12:00 horas) y jueves (de 15:00 a 16:00 horas), por tel\u00e9fono (688 72 42 33) o por email (<a href=\"mailto:gurasoeskola@errenteria.eus\">gurasoeskola@errenteria.eus<\/a>).<\/p>\n\n\n\n<hr class=\"wp-block-separator has-alpha-channel-opacity\"\/>\n\n\n\n<h3 class=\"wp-block-heading\"><strong>GRUPOS DE PADRES Y MADRES<\/strong><\/h3>\n\n\n\n<hr class=\"wp-block-separator has-alpha-channel-opacity\"\/>\n\n\n\n<p>Grupos para compartir inquietudes, experiencias\u2026 de las familias. Ser\u00e1n grupos estables y se reunir\u00e1n una vez al mes a partir de octubre. Se crear\u00e1n dos grupos por ciclo (HH, LH y DBH): una se reunir\u00e1 en la Sala Reina y la otra en el gazteleku de Beraun. Las fechas y horarios de los grupos son:<\/p>\n\n\n\n<ul>\n<li>Sala Reina (15:00-16:15):\n<ul>\n<li>HH: 17 de octubre y 21 de noviembre<\/li>\n\n\n\n<li>LH: 18 de octubre y 22 de noviembre<\/li>\n\n\n\n<li>DBH: 19 de octubre eta 23 de noviembre<\/li>\n<\/ul>\n<\/li>\n\n\n\n<li>Gazteleko de Beraun (14:30-15:45):\n<ul>\n<li>HH: 24 de octubre y 28 de noviembre<\/li>\n\n\n\n<li>LH: 25 de octubre y 29 de noviembre<\/li>\n\n\n\n<li>DBH: 26 de octubre eta 30 de noviembre<\/li>\n<\/ul>\n<\/li>\n<\/ul>\n\n\n\n<p>Las inscripciones se deben realizar por email (<a href=\"mailto:gurasoeskola@errenteria.eus\">gurasoeskola@errenteria.eus<\/a>).<\/p>\n","protected":false},"featured_media":46641,"parent":0,"template":"","ekitaldi_etiketa":[161],"ekitaldi_kategoria":[232,152],"acf":[],"_links":{"self":[{"href":"https:\/\/oreretaikastola.eus\/es\/wp-json\/wp\/v2\/ekitaldia\/46643"}],"collection":[{"href":"https:\/\/oreretaikastola.eus\/es\/wp-json\/wp\/v2\/ekitaldia"}],"about":[{"href":"https:\/\/oreretaikastola.eus\/es\/wp-json\/wp\/v2\/types\/ekitaldia"}],"wp:featuredmedia":[{"embeddable":true,"href":"https:\/\/oreretaikastola.eus\/es\/wp-json\/wp\/v2\/media\/46641"}],"wp:attachment":[{"href":"https:\/\/oreretaikastola.eus\/es\/wp-json\/wp\/v2\/media?parent=46643"}],"wp:term":[{"taxonomy":"ekitaldi_etiketa","embeddable":true,"href":"https:\/\/oreretaikastola.eus\/es\/wp-json\/wp\/v2\/ekitaldi_etiketa?post=46643"},{"taxonomy":"ekitaldi_kategoria","embeddable":true,"href":"https:\/\/oreretaikastola.eus\/es\/wp-json\/wp\/v2\/ekitaldi_kategoria?post=46643"}],"curies":[{"name":"wp","href":"https:\/\/api.w.org\/{rel}","templated":true}]}}

<p>Pasado el verano, la escuela municipal de familias está a punto de volverse a poner en marcha. Como hasta ahora, la iniciativa seguirá teniendo tres pilares principales:</p>



<hr class="wp-block-separator has-alpha-channel-opacity"/>



<h3 class="wp-block-heading"><strong>SESIONES MONOGRÁFICAS</strong></h3>



<hr class="wp-block-separator has-alpha-channel-opacity"/>



<p>Se ofrecerá una sesión para cada ciclo (HH, LH, DBH). Serán en la Sala Reina de 15:00 a 16:15 horas. Las fechas de las sesiones y los temas a tratar serán:</p>



<ul>
<li>HH: “Cómo impulsar el desarrollo emocional y cognitivo” (14 de noviembre)</li>



<li>LH: “Cómo ayudar a gestionar las relaciones sociales de una manera positiva” (15 de noviembre)</li>



<li>DBH: “Comunicación positiva: cómo ayudarles en sus procesos desde la confianza y la comprensión” (16 de noviembre)</li>
</ul>



<p>Para acudir a las sesiones monográficas se debe incribirse rellenando <a href="https://forms.gle/CaXveynQKvSxfQDB6">este formulario</a>.</p>



<hr class="wp-block-separator has-alpha-channel-opacity"/>



<h3 class="wp-block-heading"><strong>SERVICIO DE ATENCIÓN PERSONALIZADA</strong></h3>



<hr class="wp-block-separator has-alpha-channel-opacity"/>



<p>Los martes (de 9:00 a 12:00 horas) y jueves (de 15:00 a 16:00 horas), por teléfono (688 72 42 33) o por email (<a href="mailto:gurasoeskola@errenteria.eus">gurasoeskola@errenteria.eus</a>).</p>



<hr class="wp-block-separator has-alpha-channel-opacity"/>



<h3 class="wp-block-heading"><strong>GRUPOS DE PADRES Y MADRES</strong></h3>



<hr class="wp-block-separator has-alpha-channel-opacity"/>



<p>Grupos para compartir inquietudes, experiencias… de las familias. Serán grupos estables y se reunirán una vez al mes a partir de octubre. Se crearán dos grupos por ciclo (HH, LH y DBH): una se reunirá en la Sala Reina y la otra en el gazteleku de Beraun. Las fechas y horarios de los grupos son:</p>



<ul>
<li>Sala Reina (15:00-16:15):
<ul>
<li>HH: 17 de octubre y 21 de noviembre</li>



<li>LH: 18 de octubre y 22 de noviembre</li>



<li>DBH: 19 de octubre eta 23 de noviembre</li>
</ul>
</li>



<li>Gazteleko de Beraun (14:30-15:45):
<ul>
<li>HH: 24 de octubre y 28 de noviembre</li>



<li>LH: 25 de octubre y 29 de noviembre</li>



<li>DBH: 26 de octubre eta 30 de noviembre</li>
</ul>
</li>
</ul>



<p>Las inscripciones se deben realizar por email (<a href="mailto:gurasoeskola@errenteria.eus">gurasoeskola@errenteria.eus</a>).</p>
