{"id":45437,"date":"2023-10-04T07:58:13","date_gmt":"2023-10-04T06:58:13","guid":{"rendered":"https:\/\/oreretaikastola.eus\/ekitaldiak\/lh3-dbh4-urdaburu-2023-24-2-mendi-irteera\/"},"modified":"2023-10-04T11:07:58","modified_gmt":"2023-10-04T10:07:58","slug":"lh3-dbh4-urdaburu-2023-24-2a-excursion","status":"publish","type":"ekitaldia","link":"https:\/\/oreretaikastola.eus\/es\/ekitaldiak\/lh3-dbh4-urdaburu-2023-24-2a-excursion\/","title":{"rendered":"[LH3-DBH4] Urdaburu 2023-24: 2\u00aa excursi\u00f3n"},"content":{"rendered":"\n<p>La segunda de las excursiones del curso 2023-24 que la Ikastola organiza junto a Urdaburu mendizale elkartea se celebrar\u00e1 el 15 de octubre. El objetivo de este a\u00f1o es es pisar varias cimas de Euskal Herria. La del 15 de octubre ser\u00e1 el D\u00eda del Finalista que se celebrar\u00e1 en Ordizia. <\/p>\n\n\n\n<p><a href=\"\/app\/uploads\/2023\/10\/Orereta-Ikastola-Urdaburu-Finalistaren-Eguna-Ordizia-2023.pdf\">Aqu\u00ed dispon\u00e9is de m\u00e1s detalles<\/a>; y abajo ten\u00e9is el formulario de inscripci\u00f3n. El \u00faltimo d\u00eda para apuntarse es el 11 de octubre.<\/p>\n\n\n\n<div style=\"height:50px\" aria-hidden=\"true\" class=\"wp-block-spacer\"><\/div>\n\n\n\n<hr class=\"wp-block-separator has-alpha-channel-opacity\"\/>\n\n\n","protected":false},"featured_media":0,"parent":0,"template":"","ekitaldi_etiketa":[],"ekitaldi_kategoria":[232],"acf":[],"_links":{"self":[{"href":"https:\/\/oreretaikastola.eus\/es\/wp-json\/wp\/v2\/ekitaldia\/45437"}],"collection":[{"href":"https:\/\/oreretaikastola.eus\/es\/wp-json\/wp\/v2\/ekitaldia"}],"about":[{"href":"https:\/\/oreretaikastola.eus\/es\/wp-json\/wp\/v2\/types\/ekitaldia"}],"wp:attachment":[{"href":"https:\/\/oreretaikastola.eus\/es\/wp-json\/wp\/v2\/media?parent=45437"}],"wp:term":[{"taxonomy":"ekitaldi_etiketa","embeddable":true,"href":"https:\/\/oreretaikastola.eus\/es\/wp-json\/wp\/v2\/ekitaldi_etiketa?post=45437"},{"taxonomy":"ekitaldi_kategoria","embeddable":true,"href":"https:\/\/oreretaikastola.eus\/es\/wp-json\/wp\/v2\/ekitaldi_kategoria?post=45437"}],"curies":[{"name":"wp","href":"https:\/\/api.w.org\/{rel}","templated":true}]}}

[LH3-DBH4] Urdaburu 2023-24: 2ª excursión

<p>La segunda de las excursiones del curso 2023-24 que la Ikastola organiza junto a Urdaburu mendizale elkartea se celebrará el 15 de octubre. El objetivo de este año es es pisar varias cimas de Euskal Herria. La del 15 de octubre será el Día del Finalista que se celebrará en Ordizia. </p>



<p><a href="/app/uploads/2023/10/Orereta-Ikastola-Urdaburu-Finalistaren-Eguna-Ordizia-2023.pdf">Aquí disponéis de más detalles</a>; y abajo tenéis el formulario de inscripción. El último día para apuntarse es el 11 de octubre.</p>



<div style="height:50px" aria-hidden="true" class="wp-block-spacer"></div>



<hr class="wp-block-separator has-alpha-channel-opacity"/>
