{"id":44806,"date":"2023-09-14T11:09:04","date_gmt":"2023-09-14T10:09:04","guid":{"rendered":"https:\/\/oreretaikastola.eus\/ekitaldiak\/erriotik-herri-erakusketa-eta-errioartea-tailerra-atlantikaldian\/"},"modified":"2023-09-14T11:13:03","modified_gmt":"2023-09-14T10:13:03","slug":"la-exposicion-erriotik-herri-y-el-taller-errioartea-en-atlantikaldia","status":"publish","type":"ekitaldia","link":"https:\/\/oreretaikastola.eus\/es\/ekitaldiak\/la-exposicion-erriotik-herri-y-el-taller-errioartea-en-atlantikaldia\/","title":{"rendered":"La exposici\u00f3n \u00abErriotik herri\u00bb y el taller \u00abErrioartea\u00bb en Atlantikaldia"},"content":{"rendered":"\n<p>Del 14 al 17 de septiembre, <strong>Kilometroak 23<\/strong>\u00a0y su\u00a0<strong>lema \u00abErriola\u00bb\u00a0<\/strong>tendr\u00e1n presencia en el festival\u00a0<strong><a rel=\"noreferrer noopener\" href=\"https:\/\/www.atlantikaldia.errenteria.eus\/es\/\" target=\"_blank\">Atlantikaldia<\/a><\/strong>\u00a0que durante estos d\u00edas har\u00e1 llegar las mareas, el mar y el salitre hasta nuestro pueblo. Se tratar\u00e1 de dos actividades que ha organizado\u00a0<strong>Orereta Ikastola<\/strong>: <a href=\"https:\/\/oreretaikastola.eus\/es\/2023\/09\/14\/la-exposicion-erriotik-herri-y-el-taller-errioartea-en-atlantikaldia\/\">la exposici\u00f3n \u00abErriotik herri\u00bb y el taller \u00abErrioartea\u00bb<\/a>, la ocasi\u00f3n para ver y para crear obras inspiradas en el lema\u00a0<strong>\u00abErriola\u00bb<\/strong>\u00a0de\u00a0<strong>Kilometroak 23<\/strong>.<\/p>\n","protected":false},"featured_media":44798,"parent":0,"template":"","ekitaldi_etiketa":[919,298],"ekitaldi_kategoria":[232,153,770],"acf":[],"_links":{"self":[{"href":"https:\/\/oreretaikastola.eus\/es\/wp-json\/wp\/v2\/ekitaldia\/44806"}],"collection":[{"href":"https:\/\/oreretaikastola.eus\/es\/wp-json\/wp\/v2\/ekitaldia"}],"about":[{"href":"https:\/\/oreretaikastola.eus\/es\/wp-json\/wp\/v2\/types\/ekitaldia"}],"wp:featuredmedia":[{"embeddable":true,"href":"https:\/\/oreretaikastola.eus\/es\/wp-json\/wp\/v2\/media\/44798"}],"wp:attachment":[{"href":"https:\/\/oreretaikastola.eus\/es\/wp-json\/wp\/v2\/media?parent=44806"}],"wp:term":[{"taxonomy":"ekitaldi_etiketa","embeddable":true,"href":"https:\/\/oreretaikastola.eus\/es\/wp-json\/wp\/v2\/ekitaldi_etiketa?post=44806"},{"taxonomy":"ekitaldi_kategoria","embeddable":true,"href":"https:\/\/oreretaikastola.eus\/es\/wp-json\/wp\/v2\/ekitaldi_kategoria?post=44806"}],"curies":[{"name":"wp","href":"https:\/\/api.w.org\/{rel}","templated":true}]}}

La exposición «Erriotik herri» y el taller «Errioartea» en Atlantikaldia

<p>Del 14 al 17 de septiembre, <strong>Kilometroak 23</strong> y su <strong>lema «Erriola» </strong>tendrán presencia en el festival <strong><a rel="noreferrer noopener" href="https://www.atlantikaldia.errenteria.eus/es/" target="_blank">Atlantikaldia</a></strong> que durante estos días hará llegar las mareas, el mar y el salitre hasta nuestro pueblo. Se tratará de dos actividades que ha organizado <strong>Orereta Ikastola</strong>: <a href="https://oreretaikastola.eus/es/2023/09/14/la-exposicion-erriotik-herri-y-el-taller-errioartea-en-atlantikaldia/">la exposición «Erriotik herri» y el taller «Errioartea»</a>, la ocasión para ver y para crear obras inspiradas en el lema <strong>«Erriola»</strong> de <strong>Kilometroak 23</strong>.</p>
