{"id":44626,"date":"2023-09-06T12:52:04","date_gmt":"2023-09-06T11:52:04","guid":{"rendered":"https:\/\/oreretaikastola.eus\/ekitaldiak\/hh3-siesta-ikastolan-izen-ematea\/"},"modified":"2023-09-06T13:05:45","modified_gmt":"2023-09-06T12:05:45","slug":"hh3-siesta-en-la-ikastola-inscripcion","status":"publish","type":"ekitaldia","link":"https:\/\/oreretaikastola.eus\/es\/ekitaldiak\/hh3-siesta-en-la-ikastola-inscripcion\/","title":{"rendered":"[HH3] Siesta en la Ikastola: inscripci\u00f3n"},"content":{"rendered":"\n<p>Habiendo tenido en cuenta\u00a0la demanda de las familias, y habiendo estudiado el tema conjuntamente entre el equipo de direcci\u00f3n y las familias representantes de HH, de aqu\u00ed en adelante, los ni\u00f1os y ni\u00f1as de HH3 que se queden en el comedor tendr\u00e1n la oportunidad de hacer la siesta en la Ikastola antes de comenzar las horas lectivas de la tarde.<\/p>\n\n\n\n<p>Se ofrecer\u00e1 dicha posibilidad al iniciarse la jornada de ma\u00f1ana y tarde (a partir del 18 de septiembre) y ser\u00e1n las y los educadoras del comedor los responsables de la misma.<\/p>\n\n\n\n<p>Si quer\u00e9is que vuestro hijo o hija haga la siesta en la Ikastola, rellenad el formulario inferior. El plazo para rellenar el formulario finaliza el 10 de septiembre.<\/p>\n\n\n\n<div style=\"height:50px\" aria-hidden=\"true\" class=\"wp-block-spacer\"><\/div>\n\n\n\n<hr class=\"wp-block-separator has-alpha-channel-opacity\"\/>\n\n\n","protected":false},"featured_media":0,"parent":0,"template":"","ekitaldi_etiketa":[],"ekitaldi_kategoria":[232],"acf":[],"_links":{"self":[{"href":"https:\/\/oreretaikastola.eus\/es\/wp-json\/wp\/v2\/ekitaldia\/44626"}],"collection":[{"href":"https:\/\/oreretaikastola.eus\/es\/wp-json\/wp\/v2\/ekitaldia"}],"about":[{"href":"https:\/\/oreretaikastola.eus\/es\/wp-json\/wp\/v2\/types\/ekitaldia"}],"wp:attachment":[{"href":"https:\/\/oreretaikastola.eus\/es\/wp-json\/wp\/v2\/media?parent=44626"}],"wp:term":[{"taxonomy":"ekitaldi_etiketa","embeddable":true,"href":"https:\/\/oreretaikastola.eus\/es\/wp-json\/wp\/v2\/ekitaldi_etiketa?post=44626"},{"taxonomy":"ekitaldi_kategoria","embeddable":true,"href":"https:\/\/oreretaikastola.eus\/es\/wp-json\/wp\/v2\/ekitaldi_kategoria?post=44626"}],"curies":[{"name":"wp","href":"https:\/\/api.w.org\/{rel}","templated":true}]}}

[HH3] Siesta en la Ikastola: inscripción

<p>Habiendo tenido en cuenta la demanda de las familias, y habiendo estudiado el tema conjuntamente entre el equipo de dirección y las familias representantes de HH, de aquí en adelante, los niños y niñas de HH3 que se queden en el comedor tendrán la oportunidad de hacer la siesta en la Ikastola antes de comenzar las horas lectivas de la tarde.</p>



<p>Se ofrecerá dicha posibilidad al iniciarse la jornada de mañana y tarde (a partir del 18 de septiembre) y serán las y los educadoras del comedor los responsables de la misma.</p>



<p>Si queréis que vuestro hijo o hija haga la siesta en la Ikastola, rellenad el formulario inferior. El plazo para rellenar el formulario finaliza el 10 de septiembre.</p>



<div style="height:50px" aria-hidden="true" class="wp-block-spacer"></div>



<hr class="wp-block-separator has-alpha-channel-opacity"/>
