{"id":41162,"date":"2023-06-28T13:28:24","date_gmt":"2023-06-28T12:28:24","guid":{"rendered":"https:\/\/oreretaikastola.eus\/ekitaldiak\/orereta-ikastolako-mugimendu-pedagogikoa-1970-1985-jardunaldia\/"},"modified":"2023-06-28T13:33:05","modified_gmt":"2023-06-28T12:33:05","slug":"jornada-movimiento-pedagogico-de-orereta-ikastola-1970-1985","status":"publish","type":"ekitaldia","link":"https:\/\/oreretaikastola.eus\/es\/ekitaldiak\/jornada-movimiento-pedagogico-de-orereta-ikastola-1970-1985\/","title":{"rendered":"Jornada \u00abMovimiento pedag\u00f3gico de Orereta Ikastola 1970-1985\u00bb"},"content":{"rendered":"\n<p>La transformaci\u00f3n pedag\u00f3gica forma parte del presente de <strong>Orereta Ikastola<\/strong>, y tambi\u00e9n lo ha sido del pasado. En las d\u00e9cadas de los 70 y 80 del siglo pasado, <strong>Orereta Ikastola<\/strong>, entre otros, jug\u00f3 un papel importante en la integraci\u00f3n, consolidaci\u00f3n y desarrollo del movimiento de las <strong>Ikastolas<\/strong> en todos los ciclos educativos (tambi\u00e9n en Secundaria).\u00a0<\/p>\n\n\n\n<p>En ese contexto, hemos organizado una jornada sobre el proceso de transformaci\u00f3n pedag\u00f3gica de una determinada \u00e9poca: \u201cMovimiento pedag\u00f3gico de <strong>Orereta Ikastola<\/strong> 1970-1985\u201d. La sesi\u00f3n estar\u00e1 moderada por Peio Manterola (realizando la tesis doctoral en <a rel=\"noreferrer noopener\" href=\"https:\/\/www.ehu.eus\/es\/home?ref=w3use\" target=\"_blank\">EHU\/UPV<\/a>), y contar\u00e1 con la presencia de los entonces profesores de <strong>Orereta Ikastola<\/strong> los hermanos Anton y Mikel Mendizabal, e Itziar Idiazabal, que ha sido catedr\u00e1tica del departamento de Ling\u00fc\u00edstica y Estudios Vascos de EHU\/UPV y que ha mantenido una estrecha relaci\u00f3n con nuestra <strong>Ikastola<\/strong>, adem\u00e1s de varios ex alumnos y alumnas de aquella \u00e9poca. Tambi\u00e9n habr\u00e1 ocasi\u00f3n para la tertulia entre oyentes y ponentes.<\/p>\n\n\n\n<p>La jornada ser\u00e1 abierta para quien quiera participar. \u00a1An\u00edmate!<\/p>\n","protected":false},"featured_media":0,"parent":0,"template":"","ekitaldi_etiketa":[],"ekitaldi_kategoria":[232,153,770],"acf":[],"_links":{"self":[{"href":"https:\/\/oreretaikastola.eus\/es\/wp-json\/wp\/v2\/ekitaldia\/41162"}],"collection":[{"href":"https:\/\/oreretaikastola.eus\/es\/wp-json\/wp\/v2\/ekitaldia"}],"about":[{"href":"https:\/\/oreretaikastola.eus\/es\/wp-json\/wp\/v2\/types\/ekitaldia"}],"wp:attachment":[{"href":"https:\/\/oreretaikastola.eus\/es\/wp-json\/wp\/v2\/media?parent=41162"}],"wp:term":[{"taxonomy":"ekitaldi_etiketa","embeddable":true,"href":"https:\/\/oreretaikastola.eus\/es\/wp-json\/wp\/v2\/ekitaldi_etiketa?post=41162"},{"taxonomy":"ekitaldi_kategoria","embeddable":true,"href":"https:\/\/oreretaikastola.eus\/es\/wp-json\/wp\/v2\/ekitaldi_kategoria?post=41162"}],"curies":[{"name":"wp","href":"https:\/\/api.w.org\/{rel}","templated":true}]}}

Jornada «Movimiento pedagógico de Orereta Ikastola 1970-1985»

<p>La transformación pedagógica forma parte del presente de <strong>Orereta Ikastola</strong>, y también lo ha sido del pasado. En las décadas de los 70 y 80 del siglo pasado, <strong>Orereta Ikastola</strong>, entre otros, jugó un papel importante en la integración, consolidación y desarrollo del movimiento de las <strong>Ikastolas</strong> en todos los ciclos educativos (también en Secundaria). </p>



<p>En ese contexto, hemos organizado una jornada sobre el proceso de transformación pedagógica de una determinada época: “Movimiento pedagógico de <strong>Orereta Ikastola</strong> 1970-1985”. La sesión estará moderada por Peio Manterola (realizando la tesis doctoral en <a rel="noreferrer noopener" href="https://www.ehu.eus/es/home?ref=w3use" target="_blank">EHU/UPV</a>), y contará con la presencia de los entonces profesores de <strong>Orereta Ikastola</strong> los hermanos Anton y Mikel Mendizabal, e Itziar Idiazabal, que ha sido catedrática del departamento de Lingüística y Estudios Vascos de EHU/UPV y que ha mantenido una estrecha relación con nuestra <strong>Ikastola</strong>, además de varios ex alumnos y alumnas de aquella época. También habrá ocasión para la tertulia entre oyentes y ponentes.</p>



<p>La jornada será abierta para quien quiera participar. ¡Anímate!</p>
