{"id":40135,"date":"2023-06-08T12:30:11","date_gmt":"2023-06-08T11:30:11","guid":{"rendered":"https:\/\/oreretaikastola.eus\/ekitaldiak\/madalenak-2023-erriola-gunea\/"},"modified":"2023-07-14T06:56:20","modified_gmt":"2023-07-14T05:56:20","slug":"madalenak-2023-erriola-gunea","status":"publish","type":"ekitaldia","link":"https:\/\/oreretaikastola.eus\/es\/ekitaldiak\/madalenak-2023-erriola-gunea\/","title":{"rendered":"Madalenak 2023: Erriola gunea"},"content":{"rendered":"\n<p>Este a\u00f1o, el espacio organizado por <strong>Orereta Ikastola<\/strong> en Madalenas, en Koldo Mitxelena plaza, llega con muchas novedades; como por ejemplo, el nombre: <strong>Erriola Gunea<\/strong>. Con el objetivo de potenciar este espacio, la opci\u00f3n gastron\u00f3mica vendr\u00e1 acompa\u00f1ada por una amplia oferta cultural. Se dar\u00e1n a conocer los detalles de la propuesta cultural <a href=\"https:\/\/www.instagram.com\/erriola_gunea\/\" target=\"_blank\" rel=\"noreferrer noopener\">a trav\u00e9s del canal de Instagram de <strong>Erriola Gunea<\/strong><\/a>.<\/p>\n\n\n\n<p>Si quieres trabajar de voluntario o voluntaria en <strong>Erriola Gunea<\/strong>, inscr\u00edbete <a href=\"https:\/\/docs.google.com\/forms\/d\/e\/1FAIpQLSeQBoWIT3TGE36YV544zcW1IsfwX__A3tdv5qPE_GyrGvkz_g\/viewform\" target=\"_blank\" rel=\"noreferrer noopener\">aqu\u00ed<\/a>.<\/p>\n\n\n\n<hr class=\"wp-block-separator has-alpha-channel-opacity\"\/>\n\n\n\n<h2 class=\"wp-block-heading has-text-align-center\"><strong>21-25 de JULIO: PROGRAMA<\/strong><\/h2>\n\n\n\n<hr class=\"wp-block-separator has-alpha-channel-opacity\"\/>\n\n\n<div class=\"wp-block-image\">\n<figure data-tanit-img-width=\"1810\" data-tanit-img-height=\"2560\" class=\"aligncenter size-large\"><img decoding=\"async\" loading=\"lazy\" width=\"724\" height=\"1024\" src=\"\/app\/uploads\/2023\/07\/ORERETA-IKASTOLA-KARTELA_ERRIOLAGUNEA_EGITARAUA-2023-2-724x1024.jpg\" alt=\"\" class=\"wp-image-42430\" srcset=\"\/app\/uploads\/2023\/07\/ORERETA-IKASTOLA-KARTELA_ERRIOLAGUNEA_EGITARAUA-2023-2-724x1024.jpg 724w, \/app\/uploads\/2023\/07\/ORERETA-IKASTOLA-KARTELA_ERRIOLAGUNEA_EGITARAUA-2023-2-212x300.jpg 212w, \/app\/uploads\/2023\/07\/ORERETA-IKASTOLA-KARTELA_ERRIOLAGUNEA_EGITARAUA-2023-2-768x1086.jpg 768w, \/app\/uploads\/2023\/07\/ORERETA-IKASTOLA-KARTELA_ERRIOLAGUNEA_EGITARAUA-2023-2-1086x1536.jpg 1086w, \/app\/uploads\/2023\/07\/ORERETA-IKASTOLA-KARTELA_ERRIOLAGUNEA_EGITARAUA-2023-2-1448x2048.jpg 1448w, \/app\/uploads\/2023\/07\/ORERETA-IKASTOLA-KARTELA_ERRIOLAGUNEA_EGITARAUA-2023-2-1320x1867.jpg 1320w, \/app\/uploads\/2023\/07\/ORERETA-IKASTOLA-KARTELA_ERRIOLAGUNEA_EGITARAUA-2023-2-scaled.jpg 1810w\" sizes=\"(max-width: 724px) 100vw, 724px\" \/><\/figure><\/div>","protected":false},"featured_media":40134,"parent":0,"template":"","ekitaldi_etiketa":[807,298],"ekitaldi_kategoria":[232,153,770],"acf":[],"_links":{"self":[{"href":"https:\/\/oreretaikastola.eus\/es\/wp-json\/wp\/v2\/ekitaldia\/40135"}],"collection":[{"href":"https:\/\/oreretaikastola.eus\/es\/wp-json\/wp\/v2\/ekitaldia"}],"about":[{"href":"https:\/\/oreretaikastola.eus\/es\/wp-json\/wp\/v2\/types\/ekitaldia"}],"wp:featuredmedia":[{"embeddable":true,"href":"https:\/\/oreretaikastola.eus\/es\/wp-json\/wp\/v2\/media\/40134"}],"wp:attachment":[{"href":"https:\/\/oreretaikastola.eus\/es\/wp-json\/wp\/v2\/media?parent=40135"}],"wp:term":[{"taxonomy":"ekitaldi_etiketa","embeddable":true,"href":"https:\/\/oreretaikastola.eus\/es\/wp-json\/wp\/v2\/ekitaldi_etiketa?post=40135"},{"taxonomy":"ekitaldi_kategoria","embeddable":true,"href":"https:\/\/oreretaikastola.eus\/es\/wp-json\/wp\/v2\/ekitaldi_kategoria?post=40135"}],"curies":[{"name":"wp","href":"https:\/\/api.w.org\/{rel}","templated":true}]}}

<p>Este año, el espacio organizado por <strong>Orereta Ikastola</strong> en Madalenas, en Koldo Mitxelena plaza, llega con muchas novedades; como por ejemplo, el nombre: <strong>Erriola Gunea</strong>. Con el objetivo de potenciar este espacio, la opción gastronómica vendrá acompañada por una amplia oferta cultural. Se darán a conocer los detalles de la propuesta cultural <a href="https://www.instagram.com/erriola_gunea/" target="_blank" rel="noreferrer noopener">a través del canal de Instagram de <strong>Erriola Gunea</strong></a>.</p>



<p>Si quieres trabajar de voluntario o voluntaria en <strong>Erriola Gunea</strong>, inscríbete <a href="https://docs.google.com/forms/d/e/1FAIpQLSeQBoWIT3TGE36YV544zcW1IsfwX__A3tdv5qPE_GyrGvkz_g/viewform" target="_blank" rel="noreferrer noopener">aquí</a>.</p>



<hr class="wp-block-separator has-alpha-channel-opacity"/>



<h2 class="wp-block-heading has-text-align-center"><strong>21-25 de JULIO: PROGRAMA</strong></h2>



<hr class="wp-block-separator has-alpha-channel-opacity"/>


<div class="wp-block-image">
<figure data-tanit-img-width="1810" data-tanit-img-height="2560" class="aligncenter size-large"><img decoding="async" loading="lazy" width="724" height="1024" src="/app/uploads/2023/07/ORERETA-IKASTOLA-KARTELA_ERRIOLAGUNEA_EGITARAUA-2023-2-724x1024.jpg" alt="" class="wp-image-42430" srcset="/app/uploads/2023/07/ORERETA-IKASTOLA-KARTELA_ERRIOLAGUNEA_EGITARAUA-2023-2-724x1024.jpg 724w, /app/uploads/2023/07/ORERETA-IKASTOLA-KARTELA_ERRIOLAGUNEA_EGITARAUA-2023-2-212x300.jpg 212w, /app/uploads/2023/07/ORERETA-IKASTOLA-KARTELA_ERRIOLAGUNEA_EGITARAUA-2023-2-768x1086.jpg 768w, /app/uploads/2023/07/ORERETA-IKASTOLA-KARTELA_ERRIOLAGUNEA_EGITARAUA-2023-2-1086x1536.jpg 1086w, /app/uploads/2023/07/ORERETA-IKASTOLA-KARTELA_ERRIOLAGUNEA_EGITARAUA-2023-2-1448x2048.jpg 1448w, /app/uploads/2023/07/ORERETA-IKASTOLA-KARTELA_ERRIOLAGUNEA_EGITARAUA-2023-2-1320x1867.jpg 1320w, /app/uploads/2023/07/ORERETA-IKASTOLA-KARTELA_ERRIOLAGUNEA_EGITARAUA-2023-2-scaled.jpg 1810w" sizes="(max-width: 724px) 100vw, 724px" /></figure></div>
