{"id":40130,"date":"2023-06-08T12:15:58","date_gmt":"2023-06-08T11:15:58","guid":{"rendered":"https:\/\/oreretaikastola.eus\/ekitaldiak\/urmuga-festibala-kilometroak-23-gure-anabitarte\/"},"modified":"2023-07-03T11:47:03","modified_gmt":"2023-07-03T10:47:03","slug":"urmuga-festibala-kilometroak-23-gure-anabitarte","status":"publish","type":"ekitaldia","link":"https:\/\/oreretaikastola.eus\/es\/ekitaldiak\/urmuga-festibala-kilometroak-23-gure-anabitarte\/","title":{"rendered":"Urmuga Festibala &#8211; Kilometroak 23: \u00abGure A\u00f1abitarte\u00bb"},"content":{"rendered":"\n<p>En colaboraci\u00f3n con\u00a0<a rel=\"noreferrer noopener\" href=\"https:\/\/urmuga.eus\/es\" target=\"_blank\">Urmuga Festibala<\/a>, el 19 de julio ser\u00e1 un d\u00eda completo. Por la ma\u00f1ana, recorridos de monta\u00f1a musicales desde el Puente de Santiago que une Hendaia con Irun y Endarlatsa hasta el barrio de Gurutze de Oiartzun. A las 17:00 de la tarde, en el patache que vendr\u00e1 r\u00eda arriba desde San Pedro, actuaci\u00f3n musical frente a Lekuona Fabrika. A las 19:00 horas, el concierto \u00abGure A\u00f1abitarte\u00bb en el caser\u00edo A\u00f1abitarte de Orereta Ikastola. Y al anochecer, romer\u00eda para celebrar el 50 aniversario de la compra del caser\u00edo A\u00f1abitarte. <a href=\"https:\/\/oreretaikastola.eus\/es\/kilometroak23\/urmuga-kilometroak-2023-19-de-julio\/\">Ver detalles<\/a><\/p>\n\n\n\n<figure class=\"wp-block-gallery has-nested-images columns-default is-cropped wp-block-gallery-1 is-layout-flex wp-block-gallery-is-layout-flex\">\n<figure data-tanit-img-width=\"693\" data-tanit-img-height=\"982\" class=\"wp-block-image size-large\"><a href=\"\/app\/uploads\/2023\/07\/Kilometroak-23-urmuga-gure-anabitarte-eguneko-kartela-7.jpg\"><img decoding=\"async\" loading=\"lazy\" width=\"693\" height=\"982\" data-id=\"41550\" src=\"\/app\/uploads\/2023\/07\/Kilometroak-23-urmuga-gure-anabitarte-eguneko-kartela-7.jpg\" alt=\"\" class=\"wp-image-41550\" srcset=\"\/app\/uploads\/2023\/07\/Kilometroak-23-urmuga-gure-anabitarte-eguneko-kartela-7.jpg 693w, \/app\/uploads\/2023\/07\/Kilometroak-23-urmuga-gure-anabitarte-eguneko-kartela-7-212x300.jpg 212w\" sizes=\"(max-width: 693px) 100vw, 693px\" \/><\/a><\/figure>\n\n\n\n<figure data-tanit-img-width=\"1191\" data-tanit-img-height=\"1684\" class=\"wp-block-image size-large\"><a href=\"\/app\/uploads\/2023\/07\/Kilometroak-23-urmuga-gure-anabitarte-kontzertua-7.jpg\"><img decoding=\"async\" loading=\"lazy\" width=\"724\" height=\"1024\" data-id=\"41552\" src=\"\/app\/uploads\/2023\/07\/Kilometroak-23-urmuga-gure-anabitarte-kontzertua-7-724x1024.jpg\" alt=\"\" class=\"wp-image-41552\" srcset=\"\/app\/uploads\/2023\/07\/Kilometroak-23-urmuga-gure-anabitarte-kontzertua-7-724x1024.jpg 724w, \/app\/uploads\/2023\/07\/Kilometroak-23-urmuga-gure-anabitarte-kontzertua-7-212x300.jpg 212w, \/app\/uploads\/2023\/07\/Kilometroak-23-urmuga-gure-anabitarte-kontzertua-7-768x1086.jpg 768w, \/app\/uploads\/2023\/07\/Kilometroak-23-urmuga-gure-anabitarte-kontzertua-7-1086x1536.jpg 1086w, \/app\/uploads\/2023\/07\/Kilometroak-23-urmuga-gure-anabitarte-kontzertua-7.jpg 1191w\" sizes=\"(max-width: 724px) 100vw, 724px\" \/><\/a><\/figure>\n<\/figure>\n","protected":false},"featured_media":39812,"parent":0,"template":"","ekitaldi_etiketa":[807,298,897],"ekitaldi_kategoria":[232,153,770],"acf":[],"_links":{"self":[{"href":"https:\/\/oreretaikastola.eus\/es\/wp-json\/wp\/v2\/ekitaldia\/40130"}],"collection":[{"href":"https:\/\/oreretaikastola.eus\/es\/wp-json\/wp\/v2\/ekitaldia"}],"about":[{"href":"https:\/\/oreretaikastola.eus\/es\/wp-json\/wp\/v2\/types\/ekitaldia"}],"wp:featuredmedia":[{"embeddable":true,"href":"https:\/\/oreretaikastola.eus\/es\/wp-json\/wp\/v2\/media\/39812"}],"wp:attachment":[{"href":"https:\/\/oreretaikastola.eus\/es\/wp-json\/wp\/v2\/media?parent=40130"}],"wp:term":[{"taxonomy":"ekitaldi_etiketa","embeddable":true,"href":"https:\/\/oreretaikastola.eus\/es\/wp-json\/wp\/v2\/ekitaldi_etiketa?post=40130"},{"taxonomy":"ekitaldi_kategoria","embeddable":true,"href":"https:\/\/oreretaikastola.eus\/es\/wp-json\/wp\/v2\/ekitaldi_kategoria?post=40130"}],"curies":[{"name":"wp","href":"https:\/\/api.w.org\/{rel}","templated":true}]}}

Urmuga Festibala &#8211; Kilometroak 23: «Gure Añabitarte»

<p>En colaboración con <a rel="noreferrer noopener" href="https://urmuga.eus/es" target="_blank">Urmuga Festibala</a>, el 19 de julio será un día completo. Por la mañana, recorridos de montaña musicales desde el Puente de Santiago que une Hendaia con Irun y Endarlatsa hasta el barrio de Gurutze de Oiartzun. A las 17:00 de la tarde, en el patache que vendrá ría arriba desde San Pedro, actuación musical frente a Lekuona Fabrika. A las 19:00 horas, el concierto «Gure Añabitarte» en el caserío Añabitarte de Orereta Ikastola. Y al anochecer, romería para celebrar el 50 aniversario de la compra del caserío Añabitarte. <a href="https://oreretaikastola.eus/es/kilometroak23/urmuga-kilometroak-2023-19-de-julio/">Ver detalles</a></p>



<figure class="wp-block-gallery has-nested-images columns-default is-cropped wp-block-gallery-1 is-layout-flex wp-block-gallery-is-layout-flex">
<figure data-tanit-img-width="693" data-tanit-img-height="982" class="wp-block-image size-large"><a href="/app/uploads/2023/07/Kilometroak-23-urmuga-gure-anabitarte-eguneko-kartela-7.jpg"><img decoding="async" loading="lazy" width="693" height="982" data-id="41550" src="/app/uploads/2023/07/Kilometroak-23-urmuga-gure-anabitarte-eguneko-kartela-7.jpg" alt="" class="wp-image-41550" srcset="/app/uploads/2023/07/Kilometroak-23-urmuga-gure-anabitarte-eguneko-kartela-7.jpg 693w, /app/uploads/2023/07/Kilometroak-23-urmuga-gure-anabitarte-eguneko-kartela-7-212x300.jpg 212w" sizes="(max-width: 693px) 100vw, 693px" /></a></figure>



<figure data-tanit-img-width="1191" data-tanit-img-height="1684" class="wp-block-image size-large"><a href="/app/uploads/2023/07/Kilometroak-23-urmuga-gure-anabitarte-kontzertua-7.jpg"><img decoding="async" loading="lazy" width="724" height="1024" data-id="41552" src="/app/uploads/2023/07/Kilometroak-23-urmuga-gure-anabitarte-kontzertua-7-724x1024.jpg" alt="" class="wp-image-41552" srcset="/app/uploads/2023/07/Kilometroak-23-urmuga-gure-anabitarte-kontzertua-7-724x1024.jpg 724w, /app/uploads/2023/07/Kilometroak-23-urmuga-gure-anabitarte-kontzertua-7-212x300.jpg 212w, /app/uploads/2023/07/Kilometroak-23-urmuga-gure-anabitarte-kontzertua-7-768x1086.jpg 768w, /app/uploads/2023/07/Kilometroak-23-urmuga-gure-anabitarte-kontzertua-7-1086x1536.jpg 1086w, /app/uploads/2023/07/Kilometroak-23-urmuga-gure-anabitarte-kontzertua-7.jpg 1191w" sizes="(max-width: 724px) 100vw, 724px" /></a></figure>
</figure>
