{"id":39026,"date":"2023-05-18T12:22:18","date_gmt":"2023-05-18T11:22:18","guid":{"rendered":"https:\/\/oreretaikastola.eus\/ekitaldiak\/hh4-txangoa-mater-museora\/"},"modified":"2023-05-18T12:24:30","modified_gmt":"2023-05-18T11:24:30","slug":"hh4-excursion-a-mater-museoa","status":"publish","type":"ekitaldia","link":"https:\/\/oreretaikastola.eus\/es\/ekitaldiak\/hh4-excursion-a-mater-museoa\/","title":{"rendered":"[HH4] Excursi\u00f3n a Mater Museoa"},"content":{"rendered":"\n<p>Los grupos de HH4 ir\u00e1n a\u00a0<a href=\"https:\/\/mater.eus\/\" target=\"_blank\" rel=\"noreferrer noopener\">Mater Museoa<\/a>. Ser\u00e1 una excursi\u00f3n de ma\u00f1ana y en d\u00edas distintos, en grupos de dos aulas. Cuando as\u00ed corresponda, las y los ni\u00f1os deber\u00e1n estar en la Ikastola a las 09:00 horas (no habr\u00e1 horario de entrada flexible).<\/p>\n\n\n\n<p>Los d\u00edas de visita son los siguientes:<\/p>\n\n\n\n<ul><li>23 de mayo (martes): HH4C y HH4D<\/li><li>25 de mayo (jueves): HH4A y HH4B<\/li><\/ul>\n\n\n\n<p>Dado que\u00a0la excursi\u00f3n ser\u00e1 por la ma\u00f1ana, del almuerzo se encargar\u00e1n las tutoras.<\/p>\n","protected":false},"featured_media":0,"parent":0,"template":"","ekitaldi_etiketa":[],"ekitaldi_kategoria":[232],"acf":[],"_links":{"self":[{"href":"https:\/\/oreretaikastola.eus\/es\/wp-json\/wp\/v2\/ekitaldia\/39026"}],"collection":[{"href":"https:\/\/oreretaikastola.eus\/es\/wp-json\/wp\/v2\/ekitaldia"}],"about":[{"href":"https:\/\/oreretaikastola.eus\/es\/wp-json\/wp\/v2\/types\/ekitaldia"}],"wp:attachment":[{"href":"https:\/\/oreretaikastola.eus\/es\/wp-json\/wp\/v2\/media?parent=39026"}],"wp:term":[{"taxonomy":"ekitaldi_etiketa","embeddable":true,"href":"https:\/\/oreretaikastola.eus\/es\/wp-json\/wp\/v2\/ekitaldi_etiketa?post=39026"},{"taxonomy":"ekitaldi_kategoria","embeddable":true,"href":"https:\/\/oreretaikastola.eus\/es\/wp-json\/wp\/v2\/ekitaldi_kategoria?post=39026"}],"curies":[{"name":"wp","href":"https:\/\/api.w.org\/{rel}","templated":true}]}}

[HH4] Excursión a Mater Museoa

<p>Los grupos de HH4 irán a <a href="https://mater.eus/" target="_blank" rel="noreferrer noopener">Mater Museoa</a>. Será una excursión de mañana y en días distintos, en grupos de dos aulas. Cuando así corresponda, las y los niños deberán estar en la Ikastola a las 09:00 horas (no habrá horario de entrada flexible).</p>



<p>Los días de visita son los siguientes:</p>



<ul><li>23 de mayo (martes): HH4C y HH4D</li><li>25 de mayo (jueves): HH4A y HH4B</li></ul>



<p>Dado que la excursión será por la mañana, del almuerzo se encargarán las tutoras.</p>
