{"id":38242,"date":"2023-05-04T23:49:53","date_gmt":"2023-05-04T22:49:53","guid":{"rendered":"https:\/\/oreretaikastola.eus\/ekitaldiak\/kilometroak-23-erriola-abestiaren-aurkezpena\/"},"modified":"2023-05-05T10:12:33","modified_gmt":"2023-05-05T09:12:33","slug":"kilometroak-23-presentacion-de-la-cancion-erriola","status":"publish","type":"ekitaldia","link":"https:\/\/oreretaikastola.eus\/es\/ekitaldiak\/kilometroak-23-presentacion-de-la-cancion-erriola\/","title":{"rendered":"Kilometroak 23: presentaci\u00f3n de la canci\u00f3n \u00abErriola\u00bb"},"content":{"rendered":"\n<p>El bertsolari Jon Maia ha creado la letra y el grupo <a href=\"https:\/\/januslester.com\/\">Janus Lester<\/a> le ha puesto la m\u00fasica a la canci\u00f3n \u00ab<strong>Erriola<\/strong>\u00bb de <strong>Kilometroak 23<\/strong> organizado por <strong>Orereta Ikastola<\/strong>.<\/p>\n\n\n\n<p>La canci\u00f3n \u00ab<strong>Erriola<\/strong>\u00bb se podr\u00e1 escuchar en las plataformas de audio m\u00e1s populares (iTunes, Spotify&#8230;) a partir del 5 de mayo. Janus Lester la tocar\u00e1 por primera vez en directo el 6 de mayo en la plaza Lehendakari Agirre, a las 21:30 horas, para finalizar el marat\u00f3n cultural \u00ab<a href=\"https:\/\/oreretaikastola.eus\/es\/2023\/05\/04\/ya-llega-el-maraton-cultural-12-orduz-erriolan\/\">12 orduz Erriolan<\/a>\u00ab.  <\/p>\n\n\n\n<p><a href=\"https:\/\/oreretaikastola.eus\/es\/2023\/05\/05\/ya-se-puede-escuchar-la-cancion-erriola\/\">Leer la letra de la canci\u00f3n \u00ab<strong>Erriola<\/strong>\u00ab<\/a><\/p>\n\n\n\n<div style=\"height:25px\" aria-hidden=\"true\" class=\"wp-block-spacer\"><\/div>\n\n\n\n<div class=\"wp-block-cover has-background-dim\" style=\"background-color:#a91836;min-height:25px\"><div class=\"wp-block-cover__inner-container is-layout-flow wp-block-cover-is-layout-flow\">\n<div class=\"wp-block-columns is-layout-flex wp-container-6 wp-block-columns-is-layout-flex\">\n<div class=\"wp-block-column is-layout-flow wp-block-column-is-layout-flow\" style=\"flex-basis:66.66%\">\n<div style=\"height:25px\" aria-hidden=\"true\" class=\"wp-block-spacer\"><\/div>\n\n\n\n<h3 class=\"wp-block-heading\" style=\"font-size:23px\"><strong>Escuchar la canci\u00f3n \u00abErriola\u00bb<\/strong><\/h3>\n<\/div>\n\n\n\n<div class=\"wp-block-column is-layout-flow wp-block-column-is-layout-flow\"><\/div>\n\n\n\n<div class=\"wp-block-column is-layout-flow wp-block-column-is-layout-flow\"><\/div>\n\n\n\n<div class=\"wp-block-column is-layout-flow wp-block-column-is-layout-flow\"><\/div>\n\n\n\n<div class=\"wp-block-column is-layout-flow wp-block-column-is-layout-flow\" style=\"flex-basis:33.33%\">\n<figure data-tanit-img-width=\"900\" data-tanit-img-height=\"900\" class=\"wp-block-image size-thumbnail is-resized\"><a href=\"https:\/\/soundcloud.com\/kilometroak\/2023-erriola-janus-lester\"><img decoding=\"async\" loading=\"lazy\" src=\"\/app\/uploads\/2023\/05\/play-icon-150x150.png\" alt=\"\" class=\"wp-image-38171\" width=\"75\" height=\"75\" srcset=\"\/app\/uploads\/2023\/05\/play-icon-150x150.png 150w, \/app\/uploads\/2023\/05\/play-icon-300x300.png 300w, \/app\/uploads\/2023\/05\/play-icon-768x768.png 768w, \/app\/uploads\/2023\/05\/play-icon.png 900w\" sizes=\"(max-width: 75px) 100vw, 75px\" \/><\/a><\/figure>\n<\/div>\n<\/div>\n<\/div><\/div>\n","protected":false},"featured_media":38169,"parent":0,"template":"","ekitaldi_etiketa":[877,807,298],"ekitaldi_kategoria":[153,770],"acf":[],"_links":{"self":[{"href":"https:\/\/oreretaikastola.eus\/es\/wp-json\/wp\/v2\/ekitaldia\/38242"}],"collection":[{"href":"https:\/\/oreretaikastola.eus\/es\/wp-json\/wp\/v2\/ekitaldia"}],"about":[{"href":"https:\/\/oreretaikastola.eus\/es\/wp-json\/wp\/v2\/types\/ekitaldia"}],"wp:featuredmedia":[{"embeddable":true,"href":"https:\/\/oreretaikastola.eus\/es\/wp-json\/wp\/v2\/media\/38169"}],"wp:attachment":[{"href":"https:\/\/oreretaikastola.eus\/es\/wp-json\/wp\/v2\/media?parent=38242"}],"wp:term":[{"taxonomy":"ekitaldi_etiketa","embeddable":true,"href":"https:\/\/oreretaikastola.eus\/es\/wp-json\/wp\/v2\/ekitaldi_etiketa?post=38242"},{"taxonomy":"ekitaldi_kategoria","embeddable":true,"href":"https:\/\/oreretaikastola.eus\/es\/wp-json\/wp\/v2\/ekitaldi_kategoria?post=38242"}],"curies":[{"name":"wp","href":"https:\/\/api.w.org\/{rel}","templated":true}]}}

Kilometroak 23: presentación de la canción «Erriola»

<p>El bertsolari Jon Maia ha creado la letra y el grupo <a href="https://januslester.com/">Janus Lester</a> le ha puesto la música a la canción «<strong>Erriola</strong>» de <strong>Kilometroak 23</strong> organizado por <strong>Orereta Ikastola</strong>.</p>



<p>La canción «<strong>Erriola</strong>» se podrá escuchar en las plataformas de audio más populares (iTunes, Spotify&#8230;) a partir del 5 de mayo. Janus Lester la tocará por primera vez en directo el 6 de mayo en la plaza Lehendakari Agirre, a las 21:30 horas, para finalizar el maratón cultural «<a href="https://oreretaikastola.eus/es/2023/05/04/ya-llega-el-maraton-cultural-12-orduz-erriolan/">12 orduz Erriolan</a>«.  </p>



<p><a href="https://oreretaikastola.eus/es/2023/05/05/ya-se-puede-escuchar-la-cancion-erriola/">Leer la letra de la canción «<strong>Erriola</strong>«</a></p>



<div style="height:25px" aria-hidden="true" class="wp-block-spacer"></div>



<div class="wp-block-cover has-background-dim" style="background-color:#a91836;min-height:25px"><div class="wp-block-cover__inner-container is-layout-flow wp-block-cover-is-layout-flow">
<div class="wp-block-columns is-layout-flex wp-container-6 wp-block-columns-is-layout-flex">
<div class="wp-block-column is-layout-flow wp-block-column-is-layout-flow" style="flex-basis:66.66%">
<div style="height:25px" aria-hidden="true" class="wp-block-spacer"></div>



<h3 class="wp-block-heading" style="font-size:23px"><strong>Escuchar la canción «Erriola»</strong></h3>
</div>



<div class="wp-block-column is-layout-flow wp-block-column-is-layout-flow"></div>



<div class="wp-block-column is-layout-flow wp-block-column-is-layout-flow"></div>



<div class="wp-block-column is-layout-flow wp-block-column-is-layout-flow"></div>



<div class="wp-block-column is-layout-flow wp-block-column-is-layout-flow" style="flex-basis:33.33%">
<figure data-tanit-img-width="900" data-tanit-img-height="900" class="wp-block-image size-thumbnail is-resized"><a href="https://soundcloud.com/kilometroak/2023-erriola-janus-lester"><img decoding="async" loading="lazy" src="/app/uploads/2023/05/play-icon-150x150.png" alt="" class="wp-image-38171" width="75" height="75" srcset="/app/uploads/2023/05/play-icon-150x150.png 150w, /app/uploads/2023/05/play-icon-300x300.png 300w, /app/uploads/2023/05/play-icon-768x768.png 768w, /app/uploads/2023/05/play-icon.png 900w" sizes="(max-width: 75px) 100vw, 75px" /></a></figure>
</div>
</div>
</div></div>
