{"id":38123,"date":"2023-05-03T14:34:20","date_gmt":"2023-05-03T13:34:20","guid":{"rendered":"https:\/\/oreretaikastola.eus\/ekitaldiak\/hh1-hh2-esmalteriako-ostiralak-musikoterapia-tailerra\/"},"modified":"2023-05-03T14:39:54","modified_gmt":"2023-05-03T13:39:54","slug":"hh1-hh2-esmalteriako-ostiralak-taller-de-musicoterapia","status":"publish","type":"ekitaldia","link":"https:\/\/oreretaikastola.eus\/es\/ekitaldiak\/hh1-hh2-esmalteriako-ostiralak-taller-de-musicoterapia\/","title":{"rendered":"[HH1-HH2] Esmalteriako Ostiralak: taller de musicoterapia"},"content":{"rendered":"\n<p>Dentro de la iniciativa <strong>Esmalteriako Ostiralak<\/strong>, <strong>Orereta Ikastola<\/strong> ha organizado una sesi\u00f3n de musicoterapia en mayo. Ser\u00e1 un taller dirigido a las familias con ni\u00f1os y ni\u00f1as de 1 o 2 a\u00f1os. Se celebrar\u00e1 en el edificio de Esmalteria de la <strong>Ikastola<\/strong>, a las 17:00 horas.<\/p>\n\n\n\n<p>Si quer\u00e9is acudir, rellenad el formulario inferior. El \u00faltimo d\u00eda para apuntarse es el 10 de mayo. Las plazas ser\u00e1n limitadas: 12 menores y otras tantas personas adultas acompa\u00f1antes.<\/p>\n\n\n\n<p>La musicoterapia favorece la participaci\u00f3n en el proceso relacionado con la comunicaci\u00f3n, las relaciones, el aprendizaje, el movimiento, la expresi\u00f3n y otros objetivos terap\u00e9uticos relevantes, con el fin de satisfacer las necesidades mentales, f\u00edsicas, emocionales, sociales y cognitivas.<\/p>\n\n\n\n<div style=\"height:50px\" aria-hidden=\"true\" class=\"wp-block-spacer\"><\/div>\n\n\n\n<hr class=\"wp-block-separator\"\/>\n\n\n","protected":false},"featured_media":21431,"parent":0,"template":"","ekitaldi_etiketa":[],"ekitaldi_kategoria":[232,153],"acf":[],"_links":{"self":[{"href":"https:\/\/oreretaikastola.eus\/es\/wp-json\/wp\/v2\/ekitaldia\/38123"}],"collection":[{"href":"https:\/\/oreretaikastola.eus\/es\/wp-json\/wp\/v2\/ekitaldia"}],"about":[{"href":"https:\/\/oreretaikastola.eus\/es\/wp-json\/wp\/v2\/types\/ekitaldia"}],"wp:featuredmedia":[{"embeddable":true,"href":"https:\/\/oreretaikastola.eus\/es\/wp-json\/wp\/v2\/media\/21431"}],"wp:attachment":[{"href":"https:\/\/oreretaikastola.eus\/es\/wp-json\/wp\/v2\/media?parent=38123"}],"wp:term":[{"taxonomy":"ekitaldi_etiketa","embeddable":true,"href":"https:\/\/oreretaikastola.eus\/es\/wp-json\/wp\/v2\/ekitaldi_etiketa?post=38123"},{"taxonomy":"ekitaldi_kategoria","embeddable":true,"href":"https:\/\/oreretaikastola.eus\/es\/wp-json\/wp\/v2\/ekitaldi_kategoria?post=38123"}],"curies":[{"name":"wp","href":"https:\/\/api.w.org\/{rel}","templated":true}]}}

<p>Dentro de la iniciativa <strong>Esmalteriako Ostiralak</strong>, <strong>Orereta Ikastola</strong> ha organizado una sesión de musicoterapia en mayo. Será un taller dirigido a las familias con niños y niñas de 1 o 2 años. Se celebrará en el edificio de Esmalteria de la <strong>Ikastola</strong>, a las 17:00 horas.</p>



<p>Si queréis acudir, rellenad el formulario inferior. El último día para apuntarse es el 10 de mayo. Las plazas serán limitadas: 12 menores y otras tantas personas adultas acompañantes.</p>



<p>La musicoterapia favorece la participación en el proceso relacionado con la comunicación, las relaciones, el aprendizaje, el movimiento, la expresión y otros objetivos terapéuticos relevantes, con el fin de satisfacer las necesidades mentales, físicas, emocionales, sociales y cognitivas.</p>



<div style="height:50px" aria-hidden="true" class="wp-block-spacer"></div>



<hr class="wp-block-separator"/>
