{"id":38112,"date":"2023-05-03T13:04:03","date_gmt":"2023-05-03T12:04:03","guid":{"rendered":"https:\/\/oreretaikastola.eus\/ekitaldiak\/hh2-hh5-musikart-tailerrak\/"},"modified":"2023-05-03T13:13:48","modified_gmt":"2023-05-03T12:13:48","slug":"hh2-hh5-talleres-musikart","status":"publish","type":"ekitaldia","link":"https:\/\/oreretaikastola.eus\/es\/ekitaldiak\/hh2-hh5-talleres-musikart\/","title":{"rendered":"[HH2-HH5] Talleres musikART"},"content":{"rendered":"\n<p>De la mano de <a href=\"https:\/\/www.landarbaso.com\/es\/\" target=\"_blank\" rel=\"noreferrer noopener\">Landarbaso abesbatza<\/a>, guiado y acompa\u00f1ado por un dinamizador del coro, las y los ni\u00f1os de entre HH2 y HH5 realizar\u00e1n el taller de m\u00fasica musikART. El taller musikART nace para fomentar el desarrollo cognitivo de las y los ni\u00f1os a trav\u00e9s de la m\u00fasica, jugando y pas\u00e1ndolo bien.<\/p>\n\n\n\n<p>Adem\u00e1s de las sesiones que las y los menores realizar\u00e1n en la Ikastola, se realizar\u00e1n peque\u00f1as actuaciones para que las familias puedan ver y disfrutar de lo aprendido en el taller. El calendario y horario de las presentaciones para las familias son:<\/p>\n\n\n\n<ul><li>HH3C y HH3D: 12 de mayo, de 16:00 a 16:30 horas (Esmalteria)<\/li><li>HH4A y HH4B: 15 de mayo, de 15:45 a 16:15 horas (Lino)<\/li><li>HH5B y HH5D: 16 de mayo, de 15:45 a 16:15 horas (Lino)<\/li><li>HH4C y HH4D: 17 de mayo, de 15:45 a 16:15 horas (Lino)<\/li><li>HH5A y HH5C: 18 de mayo, de 15:45 a 16:15 horas (Lino)<\/li><li>HH3A y HH3B: 19 de mayo, de 16:00 a 16:30 horas (Esmalteria)<\/li><\/ul>\n\n\n\n<p>Nota: en HH2 no se realizar\u00e1 la presentaci\u00f3n para las familias por la edad y las caracter\u00edsticas de las y los ni\u00f1os.<\/p>\n\n\n\n<p><\/p>\n","protected":false},"featured_media":0,"parent":0,"template":"","ekitaldi_etiketa":[],"ekitaldi_kategoria":[232],"acf":[],"_links":{"self":[{"href":"https:\/\/oreretaikastola.eus\/es\/wp-json\/wp\/v2\/ekitaldia\/38112"}],"collection":[{"href":"https:\/\/oreretaikastola.eus\/es\/wp-json\/wp\/v2\/ekitaldia"}],"about":[{"href":"https:\/\/oreretaikastola.eus\/es\/wp-json\/wp\/v2\/types\/ekitaldia"}],"wp:attachment":[{"href":"https:\/\/oreretaikastola.eus\/es\/wp-json\/wp\/v2\/media?parent=38112"}],"wp:term":[{"taxonomy":"ekitaldi_etiketa","embeddable":true,"href":"https:\/\/oreretaikastola.eus\/es\/wp-json\/wp\/v2\/ekitaldi_etiketa?post=38112"},{"taxonomy":"ekitaldi_kategoria","embeddable":true,"href":"https:\/\/oreretaikastola.eus\/es\/wp-json\/wp\/v2\/ekitaldi_kategoria?post=38112"}],"curies":[{"name":"wp","href":"https:\/\/api.w.org\/{rel}","templated":true}]}}

<p>De la mano de <a href="https://www.landarbaso.com/es/" target="_blank" rel="noreferrer noopener">Landarbaso abesbatza</a>, guiado y acompañado por un dinamizador del coro, las y los niños de entre HH2 y HH5 realizarán el taller de música musikART. El taller musikART nace para fomentar el desarrollo cognitivo de las y los niños a través de la música, jugando y pasándolo bien.</p>



<p>Además de las sesiones que las y los menores realizarán en la Ikastola, se realizarán pequeñas actuaciones para que las familias puedan ver y disfrutar de lo aprendido en el taller. El calendario y horario de las presentaciones para las familias son:</p>



<ul><li>HH3C y HH3D: 12 de mayo, de 16:00 a 16:30 horas (Esmalteria)</li><li>HH4A y HH4B: 15 de mayo, de 15:45 a 16:15 horas (Lino)</li><li>HH5B y HH5D: 16 de mayo, de 15:45 a 16:15 horas (Lino)</li><li>HH4C y HH4D: 17 de mayo, de 15:45 a 16:15 horas (Lino)</li><li>HH5A y HH5C: 18 de mayo, de 15:45 a 16:15 horas (Lino)</li><li>HH3A y HH3B: 19 de mayo, de 16:00 a 16:30 horas (Esmalteria)</li></ul>



<p>Nota: en HH2 no se realizará la presentación para las familias por la edad y las características de las y los niños.</p>



<p></p>
