{"id":36067,"date":"2023-03-13T11:13:31","date_gmt":"2023-03-13T10:13:31","guid":{"rendered":"https:\/\/oreretaikastola.eus\/ekitaldiak\/errigora-eskutik-eskura-kanpaina\/"},"modified":"2023-03-13T11:23:12","modified_gmt":"2023-03-13T10:23:12","slug":"errigora-campana-eskutik-eskura","status":"publish","type":"ekitaldia","link":"https:\/\/oreretaikastola.eus\/es\/ekitaldiak\/errigora-campana-eskutik-eskura\/","title":{"rendered":"Errigora: campa\u00f1a \u00abEskutik eskura\u00bb"},"content":{"rendered":"\n<p>La <strong>campa\u00f1a de primavera de Errigora, \u201cNafar hegoaldeko uzta eskutik eskura\u201d, ya est\u00e1 en marcha bajo el lema \u00ab\u00danete a los valores Errigora\u00bb.<\/strong> En esta campa\u00f1a puesta en marcha para influir en los h\u00e1bitos de consumo, se pueden pedir aceite de oliva virgen extra, conservas, pasta, arroz y legumbres; y gracias al trabajo comunitario, recibirlas en nuestra localidad etiquetadas en euskera y al precio del productor. <\/p>\n\n\n\n<figure data-tanit-img-width=\"2560\" data-tanit-img-height=\"1830\" class=\"wp-block-image size-large\"><img decoding=\"async\" loading=\"lazy\" width=\"1024\" height=\"732\" src=\"\/app\/uploads\/2023\/03\/errigora-udaberria-2023-1024x732.jpg\" alt=\"\" class=\"wp-image-36063\" srcset=\"\/app\/uploads\/2023\/03\/errigora-udaberria-2023-1024x732.jpg 1024w, \/app\/uploads\/2023\/03\/errigora-udaberria-2023-300x215.jpg 300w, \/app\/uploads\/2023\/03\/errigora-udaberria-2023-768x549.jpg 768w, \/app\/uploads\/2023\/03\/errigora-udaberria-2023-1536x1098.jpg 1536w, \/app\/uploads\/2023\/03\/errigora-udaberria-2023-2048x1464.jpg 2048w, \/app\/uploads\/2023\/03\/errigora-udaberria-2023-1320x944.jpg 1320w\" sizes=\"(max-width: 1024px) 100vw, 1024px\" \/><\/figure>\n\n\n\n<p>Pod\u00e9is realizar la solicitud desde <a rel=\"noreferrer noopener\" href=\"https:\/\/www.errigora.eus\/es\" target=\"_blank\">www.errigora.eus<\/a>. Si lo hac\u00e9is de esa manera,\u00a0pod\u00e9is recoger el pedido en la propia <strong>Ikastola<\/strong> (en el edificio de Esmalteria). El d\u00eda y la hora todav\u00eda no est\u00e1n definidos; se informar\u00e1 al respecto a mediados de abril. En el pueblo, adem\u00e1s de en la <strong>Ikastola<\/strong>, se podr\u00e1 recoger lo solicitado en la <a href=\"https:\/\/www.lauhaizetara.eus\/\" target=\"_blank\" rel=\"noreferrer noopener\">asociaci\u00f3n Lau\u00a0Haizetara<\/a>.<\/p>\n\n\n\n<p>Como todos los a\u00f1os, el 25% de la recaudaci\u00f3n se destinar\u00e1 a reforzar la iniciativa Agerraldia y a ayudar a los agentes que trabajan para impulsar el euskera en la zona media y sur de Nafarroa; entre otros, a las <strong>Ikastolas<\/strong> de la zona. \u00a1Animaos a realizar vuestro pedido y a poner vuestro granito de arena en este proyecto colectivo!<\/p>\n","protected":false},"featured_media":36066,"parent":0,"template":"","ekitaldi_etiketa":[257],"ekitaldi_kategoria":[232,153,185],"acf":[],"_links":{"self":[{"href":"https:\/\/oreretaikastola.eus\/es\/wp-json\/wp\/v2\/ekitaldia\/36067"}],"collection":[{"href":"https:\/\/oreretaikastola.eus\/es\/wp-json\/wp\/v2\/ekitaldia"}],"about":[{"href":"https:\/\/oreretaikastola.eus\/es\/wp-json\/wp\/v2\/types\/ekitaldia"}],"wp:featuredmedia":[{"embeddable":true,"href":"https:\/\/oreretaikastola.eus\/es\/wp-json\/wp\/v2\/media\/36066"}],"wp:attachment":[{"href":"https:\/\/oreretaikastola.eus\/es\/wp-json\/wp\/v2\/media?parent=36067"}],"wp:term":[{"taxonomy":"ekitaldi_etiketa","embeddable":true,"href":"https:\/\/oreretaikastola.eus\/es\/wp-json\/wp\/v2\/ekitaldi_etiketa?post=36067"},{"taxonomy":"ekitaldi_kategoria","embeddable":true,"href":"https:\/\/oreretaikastola.eus\/es\/wp-json\/wp\/v2\/ekitaldi_kategoria?post=36067"}],"curies":[{"name":"wp","href":"https:\/\/api.w.org\/{rel}","templated":true}]}}

Errigora: campaña «Eskutik eskura»

<p>La <strong>campaña de primavera de Errigora, “Nafar hegoaldeko uzta eskutik eskura”, ya está en marcha bajo el lema «Únete a los valores Errigora».</strong> En esta campaña puesta en marcha para influir en los hábitos de consumo, se pueden pedir aceite de oliva virgen extra, conservas, pasta, arroz y legumbres; y gracias al trabajo comunitario, recibirlas en nuestra localidad etiquetadas en euskera y al precio del productor. </p>



<figure data-tanit-img-width="2560" data-tanit-img-height="1830" class="wp-block-image size-large"><img decoding="async" loading="lazy" width="1024" height="732" src="/app/uploads/2023/03/errigora-udaberria-2023-1024x732.jpg" alt="" class="wp-image-36063" srcset="/app/uploads/2023/03/errigora-udaberria-2023-1024x732.jpg 1024w, /app/uploads/2023/03/errigora-udaberria-2023-300x215.jpg 300w, /app/uploads/2023/03/errigora-udaberria-2023-768x549.jpg 768w, /app/uploads/2023/03/errigora-udaberria-2023-1536x1098.jpg 1536w, /app/uploads/2023/03/errigora-udaberria-2023-2048x1464.jpg 2048w, /app/uploads/2023/03/errigora-udaberria-2023-1320x944.jpg 1320w" sizes="(max-width: 1024px) 100vw, 1024px" /></figure>



<p>Podéis realizar la solicitud desde <a rel="noreferrer noopener" href="https://www.errigora.eus/es" target="_blank">www.errigora.eus</a>. Si lo hacéis de esa manera, podéis recoger el pedido en la propia <strong>Ikastola</strong> (en el edificio de Esmalteria). El día y la hora todavía no están definidos; se informará al respecto a mediados de abril. En el pueblo, además de en la <strong>Ikastola</strong>, se podrá recoger lo solicitado en la <a href="https://www.lauhaizetara.eus/" target="_blank" rel="noreferrer noopener">asociación Lau Haizetara</a>.</p>



<p>Como todos los años, el 25% de la recaudación se destinará a reforzar la iniciativa Agerraldia y a ayudar a los agentes que trabajan para impulsar el euskera en la zona media y sur de Nafarroa; entre otros, a las <strong>Ikastolas</strong> de la zona. ¡Animaos a realizar vuestro pedido y a poner vuestro granito de arena en este proyecto colectivo!</p>
