{"id":35878,"date":"2023-03-08T13:30:58","date_gmt":"2023-03-08T12:30:58","guid":{"rendered":"https:\/\/oreretaikastola.eus\/ekitaldiak\/hh-lh-dbh-anabitarteko-basoa-garbitzeko-goiz-pasa\/"},"modified":"2023-03-08T13:39:03","modified_gmt":"2023-03-08T12:39:03","slug":"hh-lh-dbh-limpieza-comunitaria-de-la-baso-eskola-de-anabitarte","status":"publish","type":"ekitaldia","link":"https:\/\/oreretaikastola.eus\/es\/ekitaldiak\/hh-lh-dbh-limpieza-comunitaria-de-la-baso-eskola-de-anabitarte\/","title":{"rendered":"[HH-LH-DBH] Limpieza comunitaria de la baso eskola de A\u00f1abitarte"},"content":{"rendered":"\n<p>El 21 de marzo es el D\u00eda Internacional de los Bosques, un d\u00eda para concienciar sobre la importancia vital de los bosques en la vida de las personas y de nuestro planeta. Uni\u00e9ndonos a la causa, <strong>Orereta Ikastola<\/strong> ha organizado una ma\u00f1ana para limpiar y mimar la baso-eskola de A\u00f1abitarte. Y os queremos invitar y animar a las familias a acudir a la cita. <\/p>\n\n\n\n<p>Se recomienda traer ropa y calzado adecuado, as\u00ed como guantes para la recogida de residuos. Al finalizar, almuerzo a cuenta de la Ikastola para reponer fuerzas.<\/p>\n\n\n\n<p>Si os anim\u00e1is a participar en la iniciativa, inscrib\u00edos rellenando el formulario inferior. El plazo para ello finaliza el 16 de marzo.<\/p>\n\n\n\n<div style=\"height:50px\" aria-hidden=\"true\" class=\"wp-block-spacer\"><\/div>\n\n\n\n<hr class=\"wp-block-separator\"\/>\n\n\n","protected":false},"featured_media":0,"parent":0,"template":"","ekitaldi_etiketa":[],"ekitaldi_kategoria":[232],"acf":[],"_links":{"self":[{"href":"https:\/\/oreretaikastola.eus\/es\/wp-json\/wp\/v2\/ekitaldia\/35878"}],"collection":[{"href":"https:\/\/oreretaikastola.eus\/es\/wp-json\/wp\/v2\/ekitaldia"}],"about":[{"href":"https:\/\/oreretaikastola.eus\/es\/wp-json\/wp\/v2\/types\/ekitaldia"}],"wp:attachment":[{"href":"https:\/\/oreretaikastola.eus\/es\/wp-json\/wp\/v2\/media?parent=35878"}],"wp:term":[{"taxonomy":"ekitaldi_etiketa","embeddable":true,"href":"https:\/\/oreretaikastola.eus\/es\/wp-json\/wp\/v2\/ekitaldi_etiketa?post=35878"},{"taxonomy":"ekitaldi_kategoria","embeddable":true,"href":"https:\/\/oreretaikastola.eus\/es\/wp-json\/wp\/v2\/ekitaldi_kategoria?post=35878"}],"curies":[{"name":"wp","href":"https:\/\/api.w.org\/{rel}","templated":true}]}}

[HH-LH-DBH] Limpieza comunitaria de la baso eskola de Añabitarte

<p>El 21 de marzo es el Día Internacional de los Bosques, un día para concienciar sobre la importancia vital de los bosques en la vida de las personas y de nuestro planeta. Uniéndonos a la causa, <strong>Orereta Ikastola</strong> ha organizado una mañana para limpiar y mimar la baso-eskola de Añabitarte. Y os queremos invitar y animar a las familias a acudir a la cita. </p>



<p>Se recomienda traer ropa y calzado adecuado, así como guantes para la recogida de residuos. Al finalizar, almuerzo a cuenta de la Ikastola para reponer fuerzas.</p>



<p>Si os animáis a participar en la iniciativa, inscribíos rellenando el formulario inferior. El plazo para ello finaliza el 16 de marzo.</p>



<div style="height:50px" aria-hidden="true" class="wp-block-spacer"></div>



<hr class="wp-block-separator"/>
