{"id":35749,"date":"2023-03-07T14:16:40","date_gmt":"2023-03-07T13:16:40","guid":{"rendered":"https:\/\/oreretaikastola.eus\/?post_type=ekitaldia&#038;p=35749"},"modified":"2023-03-07T14:33:22","modified_gmt":"2023-03-07T13:33:22","slug":"moreretaon-2023","status":"publish","type":"ekitaldia","link":"https:\/\/oreretaikastola.eus\/es\/ekitaldiak\/moreretaon-2023\/","title":{"rendered":"MoreretaON 2023"},"content":{"rendered":"\n<p>El 8 de marzo es el <strong>D\u00eda Internacional de las Mujeres<\/strong>. Y el alumnado y profesorado de <strong>Orereta Ikastola<\/strong> celebrar\u00e1 una carrera continua de varias horas bajo el lema \u00abLa marea morada de la r\u00eda\u00bb.<\/p>\n\n\n\n<p>En efecto, este a\u00f1o, la iniciativa <strong>Kilometroak<\/strong> ha querido trasladar la cita de <strong>MoreretaON<\/strong> desde A\u00f1abitarte al centro urbano. La carrera se correr\u00e1 alrededor de la r\u00eda con la participaci\u00f3n del alumnado de HH, LH y DBH. Tambi\u00e9n os queremos invitar a las familias y a todos y todas las ciudadanas que as\u00ed lo dese\u00e1is a participar en la carrera.<\/p>\n\n\n\n<p><strong>MoreretaON 2023<\/strong><\/p>\n\n\n\n<ul><li>08:15: comienzo oficial a la altura de la sede de Hibaika<\/li><li>08:15-09:45: DBH1 y DBH2 en los alrededores de Ondartxo<\/li><li>10:00-10:30: Haur Eskola, HH2 y HH3 en Esmalteria, \u00abMoreretaON ttikia\u00bb<\/li><li>10:15-11:45: HH4, HH5, DBH3 y DBH4 en los alrededores de la Papelera<\/li><li>15:00-16:30: LH en los alrededores de Gernika plaza<\/li><li>16:30-17:30: familias y toda la ciudadan\u00eda que as\u00ed lo desee en los alrededores de Gernika plaza<\/li><\/ul>\n\n\n\n<p>Os animamos a llevar algo morado. Si quer\u00e9is, ten\u00e9is camisetas moradas Erriola en la tienda <strong>Kilometroak<\/strong> \u00a1Animaos y hacednos una visita! \u00a1Venid a los alrededores de la r\u00eda a disfrutar de la carrera!<\/p>\n","protected":false},"featured_media":35752,"parent":0,"template":"","ekitaldi_etiketa":[835],"ekitaldi_kategoria":[232,153,770],"acf":[],"_links":{"self":[{"href":"https:\/\/oreretaikastola.eus\/es\/wp-json\/wp\/v2\/ekitaldia\/35749"}],"collection":[{"href":"https:\/\/oreretaikastola.eus\/es\/wp-json\/wp\/v2\/ekitaldia"}],"about":[{"href":"https:\/\/oreretaikastola.eus\/es\/wp-json\/wp\/v2\/types\/ekitaldia"}],"wp:featuredmedia":[{"embeddable":true,"href":"https:\/\/oreretaikastola.eus\/es\/wp-json\/wp\/v2\/media\/35752"}],"wp:attachment":[{"href":"https:\/\/oreretaikastola.eus\/es\/wp-json\/wp\/v2\/media?parent=35749"}],"wp:term":[{"taxonomy":"ekitaldi_etiketa","embeddable":true,"href":"https:\/\/oreretaikastola.eus\/es\/wp-json\/wp\/v2\/ekitaldi_etiketa?post=35749"},{"taxonomy":"ekitaldi_kategoria","embeddable":true,"href":"https:\/\/oreretaikastola.eus\/es\/wp-json\/wp\/v2\/ekitaldi_kategoria?post=35749"}],"curies":[{"name":"wp","href":"https:\/\/api.w.org\/{rel}","templated":true}]}}

<p>El 8 de marzo es el <strong>Día Internacional de las Mujeres</strong>. Y el alumnado y profesorado de <strong>Orereta Ikastola</strong> celebrará una carrera continua de varias horas bajo el lema «La marea morada de la ría».</p>



<p>En efecto, este año, la iniciativa <strong>Kilometroak</strong> ha querido trasladar la cita de <strong>MoreretaON</strong> desde Añabitarte al centro urbano. La carrera se correrá alrededor de la ría con la participación del alumnado de HH, LH y DBH. También os queremos invitar a las familias y a todos y todas las ciudadanas que así lo deseáis a participar en la carrera.</p>



<p><strong>MoreretaON 2023</strong></p>



<ul><li>08:15: comienzo oficial a la altura de la sede de Hibaika</li><li>08:15-09:45: DBH1 y DBH2 en los alrededores de Ondartxo</li><li>10:00-10:30: Haur Eskola, HH2 y HH3 en Esmalteria, «MoreretaON ttikia»</li><li>10:15-11:45: HH4, HH5, DBH3 y DBH4 en los alrededores de la Papelera</li><li>15:00-16:30: LH en los alrededores de Gernika plaza</li><li>16:30-17:30: familias y toda la ciudadanía que así lo desee en los alrededores de Gernika plaza</li></ul>



<p>Os animamos a llevar algo morado. Si queréis, tenéis camisetas moradas Erriola en la tienda <strong>Kilometroak</strong> ¡Animaos y hacednos una visita! ¡Venid a los alrededores de la ría a disfrutar de la carrera!</p>
