{"id":35331,"date":"2023-03-01T11:44:31","date_gmt":"2023-03-01T10:44:31","guid":{"rendered":"https:\/\/oreretaikastola.eus\/ekitaldiak\/lh3-dbh4-urdaburu-9-mendi-irteera\/"},"modified":"2023-03-01T12:03:31","modified_gmt":"2023-03-01T11:03:31","slug":"lh3-dbh4-urdaburu-9-mendi-irteera","status":"publish","type":"ekitaldia","link":"https:\/\/oreretaikastola.eus\/es\/ekitaldiak\/lh3-dbh4-urdaburu-9-mendi-irteera\/","title":{"rendered":"[LH3-DBH4] Urdaburu: 9\u00aa excursi\u00f3n"},"content":{"rendered":"\n<p>La novena de las excursiones que la Ikastola organiza durante en curso junto a Urdaburu mendizale elkartea se celebrar\u00e1 el pr\u00f3ximo 12 de marzo. Se tratar\u00e1 de una marcha regulada circular de 9,5 km en los alrededores de Irun. <\/p>\n\n\n\n<p><a href=\"\/app\/uploads\/2023\/03\/Orereta-Ikastola-Urdaburu-ibilaldi-neurtua-2023.pdf\">Aqu\u00ed dispon\u00e9is de m\u00e1s detalles<\/a>; y abajo ten\u00e9is el formulario de inscripci\u00f3n (en este caso, las madres y padres no pueden acudir a la excursi\u00f3n). El \u00faltimo d\u00eda para apuntarse es el 8 de marzo.<\/p>\n\n\n\n<div style=\"height:50px\" aria-hidden=\"true\" class=\"wp-block-spacer\"><\/div>\n\n\n\n<hr class=\"wp-block-separator\"\/>\n\n\n","protected":false},"featured_media":0,"parent":0,"template":"","ekitaldi_etiketa":[],"ekitaldi_kategoria":[232],"acf":[],"_links":{"self":[{"href":"https:\/\/oreretaikastola.eus\/es\/wp-json\/wp\/v2\/ekitaldia\/35331"}],"collection":[{"href":"https:\/\/oreretaikastola.eus\/es\/wp-json\/wp\/v2\/ekitaldia"}],"about":[{"href":"https:\/\/oreretaikastola.eus\/es\/wp-json\/wp\/v2\/types\/ekitaldia"}],"wp:attachment":[{"href":"https:\/\/oreretaikastola.eus\/es\/wp-json\/wp\/v2\/media?parent=35331"}],"wp:term":[{"taxonomy":"ekitaldi_etiketa","embeddable":true,"href":"https:\/\/oreretaikastola.eus\/es\/wp-json\/wp\/v2\/ekitaldi_etiketa?post=35331"},{"taxonomy":"ekitaldi_kategoria","embeddable":true,"href":"https:\/\/oreretaikastola.eus\/es\/wp-json\/wp\/v2\/ekitaldi_kategoria?post=35331"}],"curies":[{"name":"wp","href":"https:\/\/api.w.org\/{rel}","templated":true}]}}

[LH3-DBH4] Urdaburu: 9ª excursión

<p>La novena de las excursiones que la Ikastola organiza durante en curso junto a Urdaburu mendizale elkartea se celebrará el próximo 12 de marzo. Se tratará de una marcha regulada circular de 9,5 km en los alrededores de Irun. </p>



<p><a href="/app/uploads/2023/03/Orereta-Ikastola-Urdaburu-ibilaldi-neurtua-2023.pdf">Aquí disponéis de más detalles</a>; y abajo tenéis el formulario de inscripción (en este caso, las madres y padres no pueden acudir a la excursión). El último día para apuntarse es el 8 de marzo.</p>



<div style="height:50px" aria-hidden="true" class="wp-block-spacer"></div>



<hr class="wp-block-separator"/>
