{"id":35177,"date":"2023-02-23T17:18:32","date_gmt":"2023-02-23T16:18:32","guid":{"rendered":"https:\/\/oreretaikastola.eus\/ekitaldiak\/lilaton-2023-izen-ematea-ikastolako-emakumeen-taldea\/"},"modified":"2024-01-17T11:23:38","modified_gmt":"2024-01-17T10:23:38","slug":"lilaton-2023-inscripcion-grupo-de-mujeres-de-la-ikastola","status":"publish","type":"ekitaldia","link":"https:\/\/oreretaikastola.eus\/es\/ekitaldiak\/lilaton-2023-inscripcion-grupo-de-mujeres-de-la-ikastola\/","title":{"rendered":"Lilaton 2023 &#8211; inscripci\u00f3n: grupo de mujeres de la Ikastola"},"content":{"rendered":"\n<p>Hace tres o cuatro a\u00f1os, varias alumnas y profesoras de DBH de <strong>Orereta Ikastola<\/strong> y de <a href=\"https:\/\/www.oiartzoikastola.eus\/es\/\">Oiartzo Ikastola<\/a> comenzaron a participar en la \u00ab<strong>Lilaton<\/strong>\u00bb con el objetivo de pasar juntas una ma\u00f1ana de domingo reivindicativa haciendo deporte. La experiencia vivida ha sido&nbsp;muy&nbsp;satisfactoria, por lo que, un a\u00f1o&nbsp;m\u00e1s, queremos&nbsp;darle&nbsp;continuidad. Este a\u00f1o, adem\u00e1s, ser\u00e1 especial con la celebraci\u00f3n del a\u00f1o <strong>Kilometroak<\/strong> y el 60 aniversario de la <strong>Ikastola<\/strong>.<\/p>\n\n\n\n<p>\u00bfQuieres correr en el grupo de mujeres de la <strong>Ikastola<\/strong>? quienes se hayan inscrito&nbsp;en la <strong>Lilaton<\/strong> (no quedan dorsales, se han agotado hoy) y quieran correr con el equipo de la <strong>Ikastola<\/strong> recibir\u00e1n gratis la camiseta morada <strong>Erriola<\/strong>. Para ello es imprescindible inscribirse rellenando el formulario inferior. El \u00falt\u00edmo d\u00eda para ello es el 1 de marzo.<\/p>\n\n\n\n<p>He ah\u00ed el reto: \u00a1A que&nbsp;conseguimos&nbsp;correr la <strong>Lilaton<\/strong>&nbsp;en&nbsp;nombre de la <strong>Ikastola<\/strong> tantas&nbsp;mujeres&nbsp;como&nbsp;a\u00f1os&nbsp;tiene la <strong>Ikastola<\/strong>! \u00a1An\u00edmate y anima a las mujeres de tu entorno!<\/p>\n\n\n\n<div style=\"height:50px\" aria-hidden=\"true\" class=\"wp-block-spacer\"><\/div>\n\n\n\n<hr class=\"wp-block-separator has-css-opacity\"\/>\n\n\n","protected":false},"featured_media":35176,"parent":0,"template":"","ekitaldi_etiketa":[],"ekitaldi_kategoria":[232,153,770],"acf":[],"_links":{"self":[{"href":"https:\/\/oreretaikastola.eus\/es\/wp-json\/wp\/v2\/ekitaldia\/35177"}],"collection":[{"href":"https:\/\/oreretaikastola.eus\/es\/wp-json\/wp\/v2\/ekitaldia"}],"about":[{"href":"https:\/\/oreretaikastola.eus\/es\/wp-json\/wp\/v2\/types\/ekitaldia"}],"wp:featuredmedia":[{"embeddable":true,"href":"https:\/\/oreretaikastola.eus\/es\/wp-json\/wp\/v2\/media\/35176"}],"wp:attachment":[{"href":"https:\/\/oreretaikastola.eus\/es\/wp-json\/wp\/v2\/media?parent=35177"}],"wp:term":[{"taxonomy":"ekitaldi_etiketa","embeddable":true,"href":"https:\/\/oreretaikastola.eus\/es\/wp-json\/wp\/v2\/ekitaldi_etiketa?post=35177"},{"taxonomy":"ekitaldi_kategoria","embeddable":true,"href":"https:\/\/oreretaikastola.eus\/es\/wp-json\/wp\/v2\/ekitaldi_kategoria?post=35177"}],"curies":[{"name":"wp","href":"https:\/\/api.w.org\/{rel}","templated":true}]}}

Lilaton 2023 &#8211; inscripción: grupo de mujeres de la Ikastola

<p>Hace tres o cuatro años, varias alumnas y profesoras de DBH de <strong>Orereta Ikastola</strong> y de <a href="https://www.oiartzoikastola.eus/es/">Oiartzo Ikastola</a> comenzaron a participar en la «<strong>Lilaton</strong>» con el objetivo de pasar juntas una mañana de domingo reivindicativa haciendo deporte. La experiencia vivida ha sido&nbsp;muy&nbsp;satisfactoria, por lo que, un año&nbsp;más, queremos&nbsp;darle&nbsp;continuidad. Este año, además, será especial con la celebración del año <strong>Kilometroak</strong> y el 60 aniversario de la <strong>Ikastola</strong>.</p>



<p>¿Quieres correr en el grupo de mujeres de la <strong>Ikastola</strong>? quienes se hayan inscrito&nbsp;en la <strong>Lilaton</strong> (no quedan dorsales, se han agotado hoy) y quieran correr con el equipo de la <strong>Ikastola</strong> recibirán gratis la camiseta morada <strong>Erriola</strong>. Para ello es imprescindible inscribirse rellenando el formulario inferior. El últímo día para ello es el 1 de marzo.</p>



<p>He ahí el reto: ¡A que&nbsp;conseguimos&nbsp;correr la <strong>Lilaton</strong>&nbsp;en&nbsp;nombre de la <strong>Ikastola</strong> tantas&nbsp;mujeres&nbsp;como&nbsp;años&nbsp;tiene la <strong>Ikastola</strong>! ¡Anímate y anima a las mujeres de tu entorno!</p>



<div style="height:50px" aria-hidden="true" class="wp-block-spacer"></div>



<hr class="wp-block-separator has-css-opacity"/>
