{"id":34430,"date":"2023-02-02T12:55:17","date_gmt":"2023-02-02T11:55:17","guid":{"rendered":"https:\/\/oreretaikastola.eus\/ekitaldiak\/lh5-eta-dbh1-emantik-proiektua-aurkezpen-bilera\/"},"modified":"2023-02-02T13:00:59","modified_gmt":"2023-02-02T12:00:59","slug":"lh5-eta-dbh1-proyecto-emantik-reunion-de-presentacion","status":"publish","type":"ekitaldia","link":"https:\/\/oreretaikastola.eus\/es\/ekitaldiak\/lh5-eta-dbh1-proyecto-emantik-reunion-de-presentacion\/","title":{"rendered":"[LH5 eta DBH1] Proyecto Emantik: reuni\u00f3n de presentaci\u00f3n"},"content":{"rendered":"\n<p>En pocas semanas, la Ikastola va a poner en marcha un proyecto innovador llamado EmanTik en LH5 y en dos aulas de DBH1.<\/p>\n\n\n\n<p>Para presentar y hablar de los pormenores de EmanTik, celebraremos una reuni\u00f3n para las familias. Para realizar la reuni\u00f3n con la mayor previsi\u00f3n posible, os agradecer\u00edamos rellenar el formulario inferior notificando si vais a venir y si vais a utilizar el servicio de transporte. El autob\u00fas saldr\u00e1 de la plaza Errioxa a las 17:10 horas y bajar\u00e1 al mismo lugar al finalizar la reuni\u00f3n.<\/p>\n\n\n\n<p> El \u00faltimo d\u00eda para rellenar el formulario de inscripci\u00f3n es el lunes, 6 de febrero. <\/p>\n\n\n\n<div style=\"height:50px\" aria-hidden=\"true\" class=\"wp-block-spacer\"><\/div>\n\n\n\n<hr class=\"wp-block-separator\"\/>\n\n\n","protected":false},"featured_media":0,"parent":0,"template":"","ekitaldi_etiketa":[],"ekitaldi_kategoria":[232],"acf":[],"_links":{"self":[{"href":"https:\/\/oreretaikastola.eus\/es\/wp-json\/wp\/v2\/ekitaldia\/34430"}],"collection":[{"href":"https:\/\/oreretaikastola.eus\/es\/wp-json\/wp\/v2\/ekitaldia"}],"about":[{"href":"https:\/\/oreretaikastola.eus\/es\/wp-json\/wp\/v2\/types\/ekitaldia"}],"wp:attachment":[{"href":"https:\/\/oreretaikastola.eus\/es\/wp-json\/wp\/v2\/media?parent=34430"}],"wp:term":[{"taxonomy":"ekitaldi_etiketa","embeddable":true,"href":"https:\/\/oreretaikastola.eus\/es\/wp-json\/wp\/v2\/ekitaldi_etiketa?post=34430"},{"taxonomy":"ekitaldi_kategoria","embeddable":true,"href":"https:\/\/oreretaikastola.eus\/es\/wp-json\/wp\/v2\/ekitaldi_kategoria?post=34430"}],"curies":[{"name":"wp","href":"https:\/\/api.w.org\/{rel}","templated":true}]}}

[LH5 eta DBH1] Proyecto Emantik: reunión de presentación

<p>En pocas semanas, la Ikastola va a poner en marcha un proyecto innovador llamado EmanTik en LH5 y en dos aulas de DBH1.</p>



<p>Para presentar y hablar de los pormenores de EmanTik, celebraremos una reunión para las familias. Para realizar la reunión con la mayor previsión posible, os agradeceríamos rellenar el formulario inferior notificando si vais a venir y si vais a utilizar el servicio de transporte. El autobús saldrá de la plaza Errioxa a las 17:10 horas y bajará al mismo lugar al finalizar la reunión.</p>



<p> El último día para rellenar el formulario de inscripción es el lunes, 6 de febrero. </p>



<div style="height:50px" aria-hidden="true" class="wp-block-spacer"></div>



<hr class="wp-block-separator"/>
