{"id":33857,"date":"2023-01-11T14:20:55","date_gmt":"2023-01-11T13:20:55","guid":{"rendered":"https:\/\/oreretaikastola.eus\/ekitaldiak\/dbh-hedatze-2-hiruhileko-saioen-izen-ematea\/"},"modified":"2023-01-11T14:23:55","modified_gmt":"2023-01-11T13:23:55","slug":"dbh-hedatze-inscripcion-en-las-sesiones-del-2o-trimestre","status":"publish","type":"ekitaldia","link":"https:\/\/oreretaikastola.eus\/es\/ekitaldiak\/dbh-hedatze-inscripcion-en-las-sesiones-del-2o-trimestre\/","title":{"rendered":"[DBH] Hedatze: inscripci\u00f3n en las sesiones del 2\u00ba trimestre"},"content":{"rendered":"\n<p>La oferta del segundo trimestre de las sesiones del programa Hedatze ya est\u00e1 lista y el plazo de inscripci\u00f3n finalizar\u00e1 el 20 de enero.<\/p>\n\n\n\n<p>Nota: para hacer el seguimiento de las asignaturas pendientes del pasado curso, se encargar\u00e1 la propia Ikastola de matricular a las y los alumnos que as\u00ed corresponda.<\/p>\n","protected":false},"featured_media":0,"parent":0,"template":"","ekitaldi_etiketa":[],"ekitaldi_kategoria":[232],"acf":[],"_links":{"self":[{"href":"https:\/\/oreretaikastola.eus\/es\/wp-json\/wp\/v2\/ekitaldia\/33857"}],"collection":[{"href":"https:\/\/oreretaikastola.eus\/es\/wp-json\/wp\/v2\/ekitaldia"}],"about":[{"href":"https:\/\/oreretaikastola.eus\/es\/wp-json\/wp\/v2\/types\/ekitaldia"}],"wp:attachment":[{"href":"https:\/\/oreretaikastola.eus\/es\/wp-json\/wp\/v2\/media?parent=33857"}],"wp:term":[{"taxonomy":"ekitaldi_etiketa","embeddable":true,"href":"https:\/\/oreretaikastola.eus\/es\/wp-json\/wp\/v2\/ekitaldi_etiketa?post=33857"},{"taxonomy":"ekitaldi_kategoria","embeddable":true,"href":"https:\/\/oreretaikastola.eus\/es\/wp-json\/wp\/v2\/ekitaldi_kategoria?post=33857"}],"curies":[{"name":"wp","href":"https:\/\/api.w.org\/{rel}","templated":true}]}}

[DBH] Hedatze: inscripción en las sesiones del 2º trimestre

<p>La oferta del segundo trimestre de las sesiones del programa Hedatze ya está lista y el plazo de inscripción finalizará el 20 de enero.</p>



<p>Nota: para hacer el seguimiento de las asignaturas pendientes del pasado curso, se encargará la propia Ikastola de matricular a las y los alumnos que así corresponda.</p>
