{"id":32670,"date":"2022-11-30T17:51:59","date_gmt":"2022-11-30T16:51:59","guid":{"rendered":"https:\/\/oreretaikastola.eus\/ekitaldiak\/kilometroak-23-online-dendako-katalogoa-osatzeko-argazki-saioa\/"},"modified":"2022-12-07T11:10:05","modified_gmt":"2022-12-07T10:10:05","slug":"kilometroak-23-sesion-fotografica-para-completar-el-catalogo-de-la-tienda-online","status":"publish","type":"ekitaldia","link":"https:\/\/oreretaikastola.eus\/es\/ekitaldiak\/kilometroak-23-sesion-fotografica-para-completar-el-catalogo-de-la-tienda-online\/","title":{"rendered":"Kilometroak 23: sesi\u00f3n fotogr\u00e1fica para el cat\u00e1logo de la tienda online"},"content":{"rendered":"\n<p>Tenemos que poner en marcha la tienda online Kilometroak para la \u00e9poca navide\u00f1a. Para que sea atractiva realizaremos una sesi\u00f3n fotograf\u00edas el 6 de diciembre, a partir de las 10:30 de la ma\u00f1ana en Esmalteria. Queremos invitar a toda la comunidad (menores, padres y madres, abuelos y abuelas&#8230;) a participar como modelos en esa sesi\u00f3n. Si os anim\u00e1is, rellenad el formulario inferior antes de las 14:00 horas del 4 de diciembre. \u00a1Os esperamos!<\/p>\n\n\n\n<div style=\"height:50px\" aria-hidden=\"true\" class=\"wp-block-spacer\"><\/div>\n\n\n\n<hr class=\"wp-block-separator\"\/>\n\n\n","protected":false},"featured_media":0,"parent":0,"template":"","ekitaldi_etiketa":[],"ekitaldi_kategoria":[232,770],"acf":[],"_links":{"self":[{"href":"https:\/\/oreretaikastola.eus\/es\/wp-json\/wp\/v2\/ekitaldia\/32670"}],"collection":[{"href":"https:\/\/oreretaikastola.eus\/es\/wp-json\/wp\/v2\/ekitaldia"}],"about":[{"href":"https:\/\/oreretaikastola.eus\/es\/wp-json\/wp\/v2\/types\/ekitaldia"}],"wp:attachment":[{"href":"https:\/\/oreretaikastola.eus\/es\/wp-json\/wp\/v2\/media?parent=32670"}],"wp:term":[{"taxonomy":"ekitaldi_etiketa","embeddable":true,"href":"https:\/\/oreretaikastola.eus\/es\/wp-json\/wp\/v2\/ekitaldi_etiketa?post=32670"},{"taxonomy":"ekitaldi_kategoria","embeddable":true,"href":"https:\/\/oreretaikastola.eus\/es\/wp-json\/wp\/v2\/ekitaldi_kategoria?post=32670"}],"curies":[{"name":"wp","href":"https:\/\/api.w.org\/{rel}","templated":true}]}}

Kilometroak 23: sesión fotográfica para el catálogo de la tienda online

<p>Tenemos que poner en marcha la tienda online Kilometroak para la época navideña. Para que sea atractiva realizaremos una sesión fotografías el 6 de diciembre, a partir de las 10:30 de la mañana en Esmalteria. Queremos invitar a toda la comunidad (menores, padres y madres, abuelos y abuelas&#8230;) a participar como modelos en esa sesión. Si os animáis, rellenad el formulario inferior antes de las 14:00 horas del 4 de diciembre. ¡Os esperamos!</p>



<div style="height:50px" aria-hidden="true" class="wp-block-spacer"></div>



<hr class="wp-block-separator"/>
