{"id":32664,"date":"2022-11-30T16:06:18","date_gmt":"2022-11-30T15:06:18","guid":{"rendered":"https:\/\/oreretaikastola.eus\/ekitaldiak\/hh-lh-dbh-eaeko-hezkuntza-lege-berria-ezohiko-bilera\/"},"modified":"2022-12-01T23:26:06","modified_gmt":"2022-12-01T22:26:06","slug":"hh-lh-dbh-nueva-ley-de-educacion-de-la-cav-reunion-extraordinaria","status":"publish","type":"ekitaldia","link":"https:\/\/oreretaikastola.eus\/es\/ekitaldiak\/hh-lh-dbh-nueva-ley-de-educacion-de-la-cav-reunion-extraordinaria\/","title":{"rendered":"[HH-LH-DBH] Nueva Ley de Educaci\u00f3n de la CAV: reuni\u00f3n extraordinaria"},"content":{"rendered":"\n<p>Siendo un tema de plena actualidad, celebraremos una reuni\u00f3n extraordinaria sobre la nueva Ley de Educaci\u00f3n de la CAV (su contexto y claves).<br><br>Para preparar la reuni\u00f3n nos va a ser de gran ayuda saber cu\u00e1nta gente va a acudir. Por ello, por favor, rellenad el formulario inferior si ten\u00e9is previsto venir. Sabed que la Ikastola tiene intenci\u00f3n de ofrecer txoko de custodia para ni\u00f1os y ni\u00f1as de HH3 en adelante. Si prev\u00e9is que necesitar\u00e9is el servicio de custodia, notificarlo en el formulario (se decidir\u00e1 si se presta o no el servicio dependiendo del n\u00famero de solicitudes recibidas). <\/p>\n\n\n\n<p>La fecha l\u00edmite para rellenar el impreso es el 11 de diciembre.<\/p>\n\n\n\n<div style=\"height:50px\" aria-hidden=\"true\" class=\"wp-block-spacer\"><\/div>\n\n\n\n<hr class=\"wp-block-separator\"\/>\n\n\n","protected":false},"featured_media":0,"parent":0,"template":"","ekitaldi_etiketa":[],"ekitaldi_kategoria":[232],"acf":[],"_links":{"self":[{"href":"https:\/\/oreretaikastola.eus\/es\/wp-json\/wp\/v2\/ekitaldia\/32664"}],"collection":[{"href":"https:\/\/oreretaikastola.eus\/es\/wp-json\/wp\/v2\/ekitaldia"}],"about":[{"href":"https:\/\/oreretaikastola.eus\/es\/wp-json\/wp\/v2\/types\/ekitaldia"}],"wp:attachment":[{"href":"https:\/\/oreretaikastola.eus\/es\/wp-json\/wp\/v2\/media?parent=32664"}],"wp:term":[{"taxonomy":"ekitaldi_etiketa","embeddable":true,"href":"https:\/\/oreretaikastola.eus\/es\/wp-json\/wp\/v2\/ekitaldi_etiketa?post=32664"},{"taxonomy":"ekitaldi_kategoria","embeddable":true,"href":"https:\/\/oreretaikastola.eus\/es\/wp-json\/wp\/v2\/ekitaldi_kategoria?post=32664"}],"curies":[{"name":"wp","href":"https:\/\/api.w.org\/{rel}","templated":true}]}}

[HH-LH-DBH] Nueva Ley de Educación de la CAV: reunión extraordinaria

<p>Siendo un tema de plena actualidad, celebraremos una reunión extraordinaria sobre la nueva Ley de Educación de la CAV (su contexto y claves).<br><br>Para preparar la reunión nos va a ser de gran ayuda saber cuánta gente va a acudir. Por ello, por favor, rellenad el formulario inferior si tenéis previsto venir. Sabed que la Ikastola tiene intención de ofrecer txoko de custodia para niños y niñas de HH3 en adelante. Si prevéis que necesitaréis el servicio de custodia, notificarlo en el formulario (se decidirá si se presta o no el servicio dependiendo del número de solicitudes recibidas). </p>



<p>La fecha límite para rellenar el impreso es el 11 de diciembre.</p>



<div style="height:50px" aria-hidden="true" class="wp-block-spacer"></div>



<hr class="wp-block-separator"/>
