{"id":31865,"date":"2022-11-10T11:30:13","date_gmt":"2022-11-10T10:30:13","guid":{"rendered":"https:\/\/oreretaikastola.eus\/ekitaldiak\/hh-lh-familia-laguna-programa-izen-ematea\/"},"modified":"2022-11-10T11:44:50","modified_gmt":"2022-11-10T10:44:50","slug":"hh-lh-programafamilia-laguna-inscripcion","status":"publish","type":"ekitaldia","link":"https:\/\/oreretaikastola.eus\/es\/ekitaldiak\/hh-lh-programafamilia-laguna-inscripcion\/","title":{"rendered":"[HH-LH] Programa\u00bbFamilia Laguna\u00bb: inscripci\u00f3n"},"content":{"rendered":"\n<p>Con el objetivo de trabajar la interculturalidad, en los centros educativos de nuestro municipio estamos llevando a cabo el programa \u00abFamilia Laguna\u00bb. <\/p>\n\n\n\n<p>Los objetivos de la iniciativa son:<\/p>\n\n\n\n<ul><li>Fomentar relaciones interculturales entre las familias de la escuela<\/li><li>Apoyar a las familias nuevas (de otros pa\u00edses o comunidades) que se matriculan en la escuela<\/li><li>Fomentar el euskera y la cultura vasca tanto en la escuela como en el municipio<\/li><\/ul>\n\n\n\n<p>Para hacer posible este programa necesitamos vuestra colaboraci\u00f3n, necesitamos \u00abfamilia lagunas\u00bb; y queremos invitaros a ello. Rellena el formulario inferior para ser \u201cfamilia laguna\u201d y\/o obtener m\u00e1s informaci\u00f3n sobre el programa. El \u00faltimo d\u00eda para ello es el 20 de noviembre. Mencionar que inscribirse en el programa conlleva el compromiso para un curso escolar; en este caso, hasta junio de 2023.<\/p>\n\n\n\n<div style=\"height:50px\" aria-hidden=\"true\" class=\"wp-block-spacer\"><\/div>\n\n\n\n<hr class=\"wp-block-separator\"\/>\n\n\n","protected":false},"featured_media":0,"parent":0,"template":"","ekitaldi_etiketa":[],"ekitaldi_kategoria":[232],"acf":[],"_links":{"self":[{"href":"https:\/\/oreretaikastola.eus\/es\/wp-json\/wp\/v2\/ekitaldia\/31865"}],"collection":[{"href":"https:\/\/oreretaikastola.eus\/es\/wp-json\/wp\/v2\/ekitaldia"}],"about":[{"href":"https:\/\/oreretaikastola.eus\/es\/wp-json\/wp\/v2\/types\/ekitaldia"}],"wp:attachment":[{"href":"https:\/\/oreretaikastola.eus\/es\/wp-json\/wp\/v2\/media?parent=31865"}],"wp:term":[{"taxonomy":"ekitaldi_etiketa","embeddable":true,"href":"https:\/\/oreretaikastola.eus\/es\/wp-json\/wp\/v2\/ekitaldi_etiketa?post=31865"},{"taxonomy":"ekitaldi_kategoria","embeddable":true,"href":"https:\/\/oreretaikastola.eus\/es\/wp-json\/wp\/v2\/ekitaldi_kategoria?post=31865"}],"curies":[{"name":"wp","href":"https:\/\/api.w.org\/{rel}","templated":true}]}}

[HH-LH] Programa»Familia Laguna»: inscripción

<p>Con el objetivo de trabajar la interculturalidad, en los centros educativos de nuestro municipio estamos llevando a cabo el programa «Familia Laguna». </p>



<p>Los objetivos de la iniciativa son:</p>



<ul><li>Fomentar relaciones interculturales entre las familias de la escuela</li><li>Apoyar a las familias nuevas (de otros países o comunidades) que se matriculan en la escuela</li><li>Fomentar el euskera y la cultura vasca tanto en la escuela como en el municipio</li></ul>



<p>Para hacer posible este programa necesitamos vuestra colaboración, necesitamos «familia lagunas»; y queremos invitaros a ello. Rellena el formulario inferior para ser “familia laguna” y/o obtener más información sobre el programa. El último día para ello es el 20 de noviembre. Mencionar que inscribirse en el programa conlleva el compromiso para un curso escolar; en este caso, hasta junio de 2023.</p>



<div style="height:50px" aria-hidden="true" class="wp-block-spacer"></div>



<hr class="wp-block-separator"/>
