{"id":31836,"date":"2022-11-09T14:12:14","date_gmt":"2022-11-09T13:12:14","guid":{"rendered":"https:\/\/oreretaikastola.eus\/?post_type=ekitaldia&#038;p=31836"},"modified":"2022-11-09T14:35:21","modified_gmt":"2022-11-09T13:35:21","slug":"festival-ikastolak-herriari","status":"publish","type":"ekitaldia","link":"https:\/\/oreretaikastola.eus\/es\/ekitaldiak\/festival-ikastolak-herriari\/","title":{"rendered":"Festival \u00abIkastolak Herriari\u00bb"},"content":{"rendered":"\n<p>La tercera edici\u00f3n del festival \u201c<strong>Ikastolak<\/strong> Herriari\u201d se celebrar\u00e1 el pr\u00f3ximo 25 de noviembre en el teatro Campos Eliseos de Bilbo, a las 19:00 horas. La propuesta de este a\u00f1o ser\u00e1 el musical \u201cSutan\u201d de la <strong>Ikastola <\/strong>Jaso de Iru\u00f1ea, junto a la orquesta juvenil de la capital navarra.<\/p>\n\n\n\n<p>\u201cSutan\u201d es un musical dirigido al p\u00fablico familiar, que despu\u00e9s de pasar por Islandia, y habiendo visitado Iru\u00f1ea, Tutera y Donostia, llega a Bilbo a celebrar su 10\u00ba aniversario. Aqu\u00ed pod\u00e9is ver el <a href=\"https:\/\/www.youtube.com\/watch?v=RojTn8HVmXc&amp;t=1s\" target=\"_blank\" rel=\"noreferrer noopener\">trailer<\/a> y el <a href=\"https:\/\/www.youtube.com\/watch?v=Nzxgib-q28Y\" target=\"_blank\" rel=\"noreferrer noopener\">videoclip<\/a>. Las entradas se deben comprar en la <a href=\"https:\/\/www.teatrocampos.com\/espectaculo\/sutan-musica\/\" target=\"_blank\" rel=\"noreferrer noopener\">p\u00e1gina web del teatro Campos Eliseos<\/a>.<\/p>\n\n\n\n<p><strong>Festival \u201cIkastolak Herriari\u201d, por qu\u00e9 y para qu\u00e9<\/strong><\/p>\n\n\n\n<p>En los dos \u00faltimos a\u00f1os, las fiestas de las<strong> Ikastolas<\/strong> se suspendieron o se ofrecieron en formato reducido por fuerza mayor. Ello impidi\u00f3 que dichas fiestas fueran escenario de la cultura vasca. No obstante, lejos de dejar el a\u00f1o vac\u00edo, las fiestas de las<strong> Ikastolas<\/strong>, todas juntas, organizaron la iniciativa \u201c<strong>Ikastolak<\/strong> Herriari\u201d para poder poner en escena los espect\u00e1culos y trabajos de varios artistas vascos.<br>Aun habiendo recuperado nuestras fiestas este a\u00f1o, se ha decidido mantener la iniciativa \u201c<strong>Ikastolak<\/strong> Herriari\u201d; y os queremos invitar a participar en ella, ya que es una forma m\u00e1s de seguir aportando nuestro granito de arena a la sociedad vasca.<\/p>\n","protected":false},"featured_media":31842,"parent":0,"template":"","ekitaldi_etiketa":[157],"ekitaldi_kategoria":[232,153],"acf":[],"_links":{"self":[{"href":"https:\/\/oreretaikastola.eus\/es\/wp-json\/wp\/v2\/ekitaldia\/31836"}],"collection":[{"href":"https:\/\/oreretaikastola.eus\/es\/wp-json\/wp\/v2\/ekitaldia"}],"about":[{"href":"https:\/\/oreretaikastola.eus\/es\/wp-json\/wp\/v2\/types\/ekitaldia"}],"wp:featuredmedia":[{"embeddable":true,"href":"https:\/\/oreretaikastola.eus\/es\/wp-json\/wp\/v2\/media\/31842"}],"wp:attachment":[{"href":"https:\/\/oreretaikastola.eus\/es\/wp-json\/wp\/v2\/media?parent=31836"}],"wp:term":[{"taxonomy":"ekitaldi_etiketa","embeddable":true,"href":"https:\/\/oreretaikastola.eus\/es\/wp-json\/wp\/v2\/ekitaldi_etiketa?post=31836"},{"taxonomy":"ekitaldi_kategoria","embeddable":true,"href":"https:\/\/oreretaikastola.eus\/es\/wp-json\/wp\/v2\/ekitaldi_kategoria?post=31836"}],"curies":[{"name":"wp","href":"https:\/\/api.w.org\/{rel}","templated":true}]}}

<p>La tercera edición del festival “<strong>Ikastolak</strong> Herriari” se celebrará el próximo 25 de noviembre en el teatro Campos Eliseos de Bilbo, a las 19:00 horas. La propuesta de este año será el musical “Sutan” de la <strong>Ikastola </strong>Jaso de Iruñea, junto a la orquesta juvenil de la capital navarra.</p>



<p>“Sutan” es un musical dirigido al público familiar, que después de pasar por Islandia, y habiendo visitado Iruñea, Tutera y Donostia, llega a Bilbo a celebrar su 10º aniversario. Aquí podéis ver el <a href="https://www.youtube.com/watch?v=RojTn8HVmXc&amp;t=1s" target="_blank" rel="noreferrer noopener">trailer</a> y el <a href="https://www.youtube.com/watch?v=Nzxgib-q28Y" target="_blank" rel="noreferrer noopener">videoclip</a>. Las entradas se deben comprar en la <a href="https://www.teatrocampos.com/espectaculo/sutan-musica/" target="_blank" rel="noreferrer noopener">página web del teatro Campos Eliseos</a>.</p>



<p><strong>Festival “Ikastolak Herriari”, por qué y para qué</strong></p>



<p>En los dos últimos años, las fiestas de las<strong> Ikastolas</strong> se suspendieron o se ofrecieron en formato reducido por fuerza mayor. Ello impidió que dichas fiestas fueran escenario de la cultura vasca. No obstante, lejos de dejar el año vacío, las fiestas de las<strong> Ikastolas</strong>, todas juntas, organizaron la iniciativa “<strong>Ikastolak</strong> Herriari” para poder poner en escena los espectáculos y trabajos de varios artistas vascos.<br>Aun habiendo recuperado nuestras fiestas este año, se ha decidido mantener la iniciativa “<strong>Ikastolak</strong> Herriari”; y os queremos invitar a participar en ella, ya que es una forma más de seguir aportando nuestro granito de arena a la sociedad vasca.</p>
