{"id":31804,"date":"2022-11-09T10:43:59","date_gmt":"2022-11-09T09:43:59","guid":{"rendered":"https:\/\/oreretaikastola.eus\/?post_type=ekitaldia&#038;p=31804"},"modified":"2022-11-09T10:54:02","modified_gmt":"2022-11-09T09:54:02","slug":"calendario-seaska-abierto-el-plazo-de-solicitud","status":"publish","type":"ekitaldia","link":"https:\/\/oreretaikastola.eus\/es\/ekitaldiak\/calendario-seaska-abierto-el-plazo-de-solicitud\/","title":{"rendered":"Calendario Seaska: abierto el plazo de solicitud"},"content":{"rendered":"\n<p>Como todos los a\u00f1os, para mostrar nuestro apoyo a las <strong>Ikastolas<\/strong> de Iparralde,<strong> Orereta Ikastola <\/strong>ofrecer\u00e1 el <strong>calendario de <a rel=\"noreferrer noopener\" href=\"https:\/\/seaska.eus\/\" target=\"_blank\">Seaska<\/a>. Cuesta 4\u20ac y se puede adquirir de dos formas: rellenando el formulario inferior <\/strong>(familias de la Ikastola) <strong>o en las oficinas de la Ikastola<\/strong> (familias de la Ikastola, y todos los ciudadanos y ciudadanas que as\u00ed lo deseen).<\/p>\n\n\n\n<p>Si se compra a trav\u00e9s del formulario, las familias recibir\u00e1n el calendario a trav\u00e9s de sus hijos e hijas. Si se opta por acudir a una de las oficinas de la <strong>Ikastola<\/strong>, el calendario se recibir\u00e1 y pagar\u00e1 en el momento; y estar\u00e1 disponible hasta que se agoten. El <strong>plazo de solicitud finalizar\u00e1 el 30 de noviembre<\/strong>.<\/p>\n\n\n\n<div style=\"height:50px\" aria-hidden=\"true\" class=\"wp-block-spacer\"><\/div>\n\n\n\n<hr class=\"wp-block-separator\"\/>\n\n\n","protected":false},"featured_media":31809,"parent":0,"template":"","ekitaldi_etiketa":[],"ekitaldi_kategoria":[232,153],"acf":[],"_links":{"self":[{"href":"https:\/\/oreretaikastola.eus\/es\/wp-json\/wp\/v2\/ekitaldia\/31804"}],"collection":[{"href":"https:\/\/oreretaikastola.eus\/es\/wp-json\/wp\/v2\/ekitaldia"}],"about":[{"href":"https:\/\/oreretaikastola.eus\/es\/wp-json\/wp\/v2\/types\/ekitaldia"}],"wp:featuredmedia":[{"embeddable":true,"href":"https:\/\/oreretaikastola.eus\/es\/wp-json\/wp\/v2\/media\/31809"}],"wp:attachment":[{"href":"https:\/\/oreretaikastola.eus\/es\/wp-json\/wp\/v2\/media?parent=31804"}],"wp:term":[{"taxonomy":"ekitaldi_etiketa","embeddable":true,"href":"https:\/\/oreretaikastola.eus\/es\/wp-json\/wp\/v2\/ekitaldi_etiketa?post=31804"},{"taxonomy":"ekitaldi_kategoria","embeddable":true,"href":"https:\/\/oreretaikastola.eus\/es\/wp-json\/wp\/v2\/ekitaldi_kategoria?post=31804"}],"curies":[{"name":"wp","href":"https:\/\/api.w.org\/{rel}","templated":true}]}}

<p>Como todos los años, para mostrar nuestro apoyo a las <strong>Ikastolas</strong> de Iparralde,<strong> Orereta Ikastola </strong>ofrecerá el <strong>calendario de <a rel="noreferrer noopener" href="https://seaska.eus/" target="_blank">Seaska</a>. Cuesta 4€ y se puede adquirir de dos formas: rellenando el formulario inferior </strong>(familias de la Ikastola) <strong>o en las oficinas de la Ikastola</strong> (familias de la Ikastola, y todos los ciudadanos y ciudadanas que así lo deseen).</p>



<p>Si se compra a través del formulario, las familias recibirán el calendario a través de sus hijos e hijas. Si se opta por acudir a una de las oficinas de la <strong>Ikastola</strong>, el calendario se recibirá y pagará en el momento; y estará disponible hasta que se agoten. El <strong>plazo de solicitud finalizará el 30 de noviembre</strong>.</p>



<div style="height:50px" aria-hidden="true" class="wp-block-spacer"></div>



<hr class="wp-block-separator"/>
