{"id":31295,"date":"2022-10-24T12:27:35","date_gmt":"2022-10-24T11:27:35","guid":{"rendered":"https:\/\/oreretaikastola.eus\/ekitaldiak\/lh3-dbh4-urdaburu-3-mendi-irteera\/"},"modified":"2022-12-07T18:46:03","modified_gmt":"2022-12-07T17:46:03","slug":"lh3-dbh4-urdaburu-3a-excursion","status":"publish","type":"ekitaldia","link":"https:\/\/oreretaikastola.eus\/es\/ekitaldiak\/lh3-dbh4-urdaburu-3a-excursion\/","title":{"rendered":"[LH3-DBH4] Urdaburu: 3\u00aa excursi\u00f3n"},"content":{"rendered":"\n<p>La tercera de las excursiones que la Ikastola organiza junto a Urdaburu mendizale elkartea se celebrar\u00e1 el pr\u00f3ximo 6 de noviembre. El objetivo de este curso es dar la vuelta a Aralar en siete etapas. La del 6 de noviembre ser\u00e1 la primera de ellas; la que recorrer\u00e1 el tramo que va desde San Miguel hasta Madotz.<\/p>\n\n\n\n<p><a href=\"https:\/\/oreretaikastola.eus\/app\/uploads\/2022\/10\/Orereta-Ikastola-Urdaburu-Aralar-itzulia-1.-etapa-San-Migel-Madotz.pdf\">Aqu\u00ed dispon\u00e9is de m\u00e1s detalles<\/a>; y abajo ten\u00e9is el formulario de inscripci\u00f3n. El \u00faltimo d\u00eda para apuntarse es el 2 de noviembre.<\/p>\n\n\n\n<div style=\"height:50px\" aria-hidden=\"true\" class=\"wp-block-spacer\"><\/div>\n\n\n\n<hr class=\"wp-block-separator\"\/>\n\n\n\n\n\n<p><\/p>\n","protected":false},"featured_media":0,"parent":0,"template":"","ekitaldi_etiketa":[],"ekitaldi_kategoria":[232],"acf":[],"_links":{"self":[{"href":"https:\/\/oreretaikastola.eus\/es\/wp-json\/wp\/v2\/ekitaldia\/31295"}],"collection":[{"href":"https:\/\/oreretaikastola.eus\/es\/wp-json\/wp\/v2\/ekitaldia"}],"about":[{"href":"https:\/\/oreretaikastola.eus\/es\/wp-json\/wp\/v2\/types\/ekitaldia"}],"wp:attachment":[{"href":"https:\/\/oreretaikastola.eus\/es\/wp-json\/wp\/v2\/media?parent=31295"}],"wp:term":[{"taxonomy":"ekitaldi_etiketa","embeddable":true,"href":"https:\/\/oreretaikastola.eus\/es\/wp-json\/wp\/v2\/ekitaldi_etiketa?post=31295"},{"taxonomy":"ekitaldi_kategoria","embeddable":true,"href":"https:\/\/oreretaikastola.eus\/es\/wp-json\/wp\/v2\/ekitaldi_kategoria?post=31295"}],"curies":[{"name":"wp","href":"https:\/\/api.w.org\/{rel}","templated":true}]}}

[LH3-DBH4] Urdaburu: 3ª excursión

<p>La tercera de las excursiones que la Ikastola organiza junto a Urdaburu mendizale elkartea se celebrará el próximo 6 de noviembre. El objetivo de este curso es dar la vuelta a Aralar en siete etapas. La del 6 de noviembre será la primera de ellas; la que recorrerá el tramo que va desde San Miguel hasta Madotz.</p>



<p><a href="https://oreretaikastola.eus/app/uploads/2022/10/Orereta-Ikastola-Urdaburu-Aralar-itzulia-1.-etapa-San-Migel-Madotz.pdf">Aquí disponéis de más detalles</a>; y abajo tenéis el formulario de inscripción. El último día para apuntarse es el 2 de noviembre.</p>



<div style="height:50px" aria-hidden="true" class="wp-block-spacer"></div>



<hr class="wp-block-separator"/>





<p></p>
