{"id":31207,"date":"2022-10-26T09:09:45","date_gmt":"2022-10-26T08:09:45","guid":{"rendered":"https:\/\/oreretaikastola.eus\/?post_type=ekitaldia&#038;p=31207"},"modified":"2022-10-26T09:22:53","modified_gmt":"2022-10-26T08:22:53","slug":"errigora-campana-euskarari-puzka-2022","status":"publish","type":"ekitaldia","link":"https:\/\/oreretaikastola.eus\/es\/ekitaldiak\/errigora-campana-euskarari-puzka-2022\/","title":{"rendered":"Errigora: campa\u00f1a \u00abEuskarari Puzka\u00bb"},"content":{"rendered":"\n<p>Ya est\u00e1 <strong>en marcha la campa\u00f1a de oto\u00f1o de Errigora<\/strong>, bajo el lema \u00abla hora de unirse\u00bb. Porque es la hora de unirse al euskera, la hora de unirnos las y los euskaltzales, la hora de unirse a Nafarroa, la hora de unir Nafarroa.<\/p>\n\n\n\n<h3 class=\"wp-block-heading\"><strong>Cestas<\/strong><\/h3>\n\n\n\n<div class=\"wp-block-columns is-layout-flex wp-container-4 wp-block-columns-is-layout-flex\">\n<div class=\"wp-block-column is-layout-flow wp-block-column-is-layout-flow\">\n<figure data-tanit-img-width=\"560\" data-tanit-img-height=\"564\" class=\"wp-block-image size-full\"><img decoding=\"async\" loading=\"lazy\" width=\"560\" height=\"564\" src=\"\/app\/uploads\/2022\/10\/errigora_BAT_EGITEKO_saski-beltza-blog.jpg\" alt=\"\" class=\"wp-image-31196\" srcset=\"\/app\/uploads\/2022\/10\/errigora_BAT_EGITEKO_saski-beltza-blog.jpg 560w, \/app\/uploads\/2022\/10\/errigora_BAT_EGITEKO_saski-beltza-blog-298x300.jpg 298w, \/app\/uploads\/2022\/10\/errigora_BAT_EGITEKO_saski-beltza-blog-150x150.jpg 150w\" sizes=\"(max-width: 560px) 100vw, 560px\" \/><\/figure>\n<\/div>\n\n\n\n<div class=\"wp-block-column is-layout-flow wp-block-column-is-layout-flow\">\n<figure data-tanit-img-width=\"572\" data-tanit-img-height=\"564\" class=\"wp-block-image size-full\"><img decoding=\"async\" loading=\"lazy\" width=\"572\" height=\"564\" src=\"\/app\/uploads\/2022\/10\/errigora_BAT_EGITEKO_saski-berdea-blog-1.jpg\" alt=\"\" class=\"wp-image-31198\" srcset=\"\/app\/uploads\/2022\/10\/errigora_BAT_EGITEKO_saski-berdea-blog-1.jpg 572w, \/app\/uploads\/2022\/10\/errigora_BAT_EGITEKO_saski-berdea-blog-1-300x296.jpg 300w\" sizes=\"(max-width: 572px) 100vw, 572px\" \/><\/figure>\n<\/div>\n\n\n\n<div class=\"wp-block-column is-layout-flow wp-block-column-is-layout-flow\">\n<figure data-tanit-img-width=\"520\" data-tanit-img-height=\"564\" class=\"wp-block-image size-full\"><img decoding=\"async\" loading=\"lazy\" width=\"520\" height=\"564\" src=\"\/app\/uploads\/2022\/10\/errigora_BAT_EGITEKO_saski-zuria-blog.jpg\" alt=\"\" class=\"wp-image-31192\" srcset=\"\/app\/uploads\/2022\/10\/errigora_BAT_EGITEKO_saski-zuria-blog.jpg 520w, \/app\/uploads\/2022\/10\/errigora_BAT_EGITEKO_saski-zuria-blog-277x300.jpg 277w\" sizes=\"(max-width: 520px) 100vw, 520px\" \/><\/figure>\n<\/div>\n<\/div>\n\n\n\n<h3 class=\"wp-block-heading\"><strong>Solicitudes<\/strong><\/h3>\n\n\n\n<p><strong>En <a href=\"http:\/\/www.errigora.eus\">www.errigora.eus<\/a><\/strong>. Si quieres, puedes <strong>recogerla en la misma Ikastola, en el edificio Esmalteria. <\/strong>El d\u00eda y la hora todav\u00eda no est\u00e1n definidos; se informar\u00e1 al respecto m\u00e1s adelante.<\/p>\n\n\n\n<h3 class=\"wp-block-heading\"><strong>Errigora y las Ikastolas<\/strong><\/h3>\n\n\n\n<p><strong>Errigora<\/strong> es una iniciativa popular que tiene como eje la tierra navarra donde el euskera no es oficial. Vali\u00e9ndose del trabajo colectivo, pretende abrir paso al euskera, y al sector primario y a los alimentos propios de esta tierra en toda Euskal Herria.<\/p>\n\n\n\n<p>Como todos los a\u00f1os, <strong>el 25% de la recaudaci\u00f3n se destinar\u00e1 a reforzar la iniciativa Agerraldia y a ayudar a los agentes que trabajan para impulsar el euskera en la zona media y sur de Nafarroa; entre otros, a las Ikastolas de la zona.<\/strong> <strong>\u00a1An\u00edmate a pedir tu cesta y a poner tu granito de arena en este proyecto colectivo!<\/strong><\/p>\n","protected":false},"featured_media":31206,"parent":0,"template":"","ekitaldi_etiketa":[257],"ekitaldi_kategoria":[232,153,185],"acf":[],"_links":{"self":[{"href":"https:\/\/oreretaikastola.eus\/es\/wp-json\/wp\/v2\/ekitaldia\/31207"}],"collection":[{"href":"https:\/\/oreretaikastola.eus\/es\/wp-json\/wp\/v2\/ekitaldia"}],"about":[{"href":"https:\/\/oreretaikastola.eus\/es\/wp-json\/wp\/v2\/types\/ekitaldia"}],"wp:featuredmedia":[{"embeddable":true,"href":"https:\/\/oreretaikastola.eus\/es\/wp-json\/wp\/v2\/media\/31206"}],"wp:attachment":[{"href":"https:\/\/oreretaikastola.eus\/es\/wp-json\/wp\/v2\/media?parent=31207"}],"wp:term":[{"taxonomy":"ekitaldi_etiketa","embeddable":true,"href":"https:\/\/oreretaikastola.eus\/es\/wp-json\/wp\/v2\/ekitaldi_etiketa?post=31207"},{"taxonomy":"ekitaldi_kategoria","embeddable":true,"href":"https:\/\/oreretaikastola.eus\/es\/wp-json\/wp\/v2\/ekitaldi_kategoria?post=31207"}],"curies":[{"name":"wp","href":"https:\/\/api.w.org\/{rel}","templated":true}]}}

Errigora: campaña «Euskarari Puzka»

<p>Ya está <strong>en marcha la campaña de otoño de Errigora</strong>, bajo el lema «la hora de unirse». Porque es la hora de unirse al euskera, la hora de unirnos las y los euskaltzales, la hora de unirse a Nafarroa, la hora de unir Nafarroa.</p>



<h3 class="wp-block-heading"><strong>Cestas</strong></h3>



<div class="wp-block-columns is-layout-flex wp-container-4 wp-block-columns-is-layout-flex">
<div class="wp-block-column is-layout-flow wp-block-column-is-layout-flow">
<figure data-tanit-img-width="560" data-tanit-img-height="564" class="wp-block-image size-full"><img decoding="async" loading="lazy" width="560" height="564" src="/app/uploads/2022/10/errigora_BAT_EGITEKO_saski-beltza-blog.jpg" alt="" class="wp-image-31196" srcset="/app/uploads/2022/10/errigora_BAT_EGITEKO_saski-beltza-blog.jpg 560w, /app/uploads/2022/10/errigora_BAT_EGITEKO_saski-beltza-blog-298x300.jpg 298w, /app/uploads/2022/10/errigora_BAT_EGITEKO_saski-beltza-blog-150x150.jpg 150w" sizes="(max-width: 560px) 100vw, 560px" /></figure>
</div>



<div class="wp-block-column is-layout-flow wp-block-column-is-layout-flow">
<figure data-tanit-img-width="572" data-tanit-img-height="564" class="wp-block-image size-full"><img decoding="async" loading="lazy" width="572" height="564" src="/app/uploads/2022/10/errigora_BAT_EGITEKO_saski-berdea-blog-1.jpg" alt="" class="wp-image-31198" srcset="/app/uploads/2022/10/errigora_BAT_EGITEKO_saski-berdea-blog-1.jpg 572w, /app/uploads/2022/10/errigora_BAT_EGITEKO_saski-berdea-blog-1-300x296.jpg 300w" sizes="(max-width: 572px) 100vw, 572px" /></figure>
</div>



<div class="wp-block-column is-layout-flow wp-block-column-is-layout-flow">
<figure data-tanit-img-width="520" data-tanit-img-height="564" class="wp-block-image size-full"><img decoding="async" loading="lazy" width="520" height="564" src="/app/uploads/2022/10/errigora_BAT_EGITEKO_saski-zuria-blog.jpg" alt="" class="wp-image-31192" srcset="/app/uploads/2022/10/errigora_BAT_EGITEKO_saski-zuria-blog.jpg 520w, /app/uploads/2022/10/errigora_BAT_EGITEKO_saski-zuria-blog-277x300.jpg 277w" sizes="(max-width: 520px) 100vw, 520px" /></figure>
</div>
</div>



<h3 class="wp-block-heading"><strong>Solicitudes</strong></h3>



<p><strong>En <a href="http://www.errigora.eus">www.errigora.eus</a></strong>. Si quieres, puedes <strong>recogerla en la misma Ikastola, en el edificio Esmalteria. </strong>El día y la hora todavía no están definidos; se informará al respecto más adelante.</p>



<h3 class="wp-block-heading"><strong>Errigora y las Ikastolas</strong></h3>



<p><strong>Errigora</strong> es una iniciativa popular que tiene como eje la tierra navarra donde el euskera no es oficial. Valiéndose del trabajo colectivo, pretende abrir paso al euskera, y al sector primario y a los alimentos propios de esta tierra en toda Euskal Herria.</p>



<p>Como todos los años, <strong>el 25% de la recaudación se destinará a reforzar la iniciativa Agerraldia y a ayudar a los agentes que trabajan para impulsar el euskera en la zona media y sur de Nafarroa; entre otros, a las Ikastolas de la zona.</strong> <strong>¡Anímate a pedir tu cesta y a poner tu granito de arena en este proyecto colectivo!</strong></p>
