{"id":31179,"date":"2022-10-20T08:25:51","date_gmt":"2022-10-20T07:25:51","guid":{"rendered":"https:\/\/oreretaikastola.eus\/ekitaldiak\/familia-laguna-programa-aurkezpen-bilera\/"},"modified":"2022-10-20T09:42:03","modified_gmt":"2022-10-20T08:42:03","slug":"familia-laguna-programa-aurkezpen-bilera","status":"publish","type":"ekitaldia","link":"https:\/\/oreretaikastola.eus\/es\/ekitaldiak\/familia-laguna-programa-aurkezpen-bilera\/","title":{"rendered":"Programa \u00abFamilia Laguna\u00bb: reuni\u00f3n de presentaci\u00f3n"},"content":{"rendered":"\n<p>El Ayuntamiento est\u00e1 impulsando entre los centros educativos de nuestro municipio el programa \u00abFamilia Laguna\u00bb. Se trata de una iniciativa que pretende trabajar la interculturalidad.<\/p>\n\n\n\n<h3 class=\"wp-block-heading\"><strong>Objetivos<\/strong><\/h3>\n\n\n\n<ul><li>fomentar relaciones interculturales entre las familias del centro educativo<\/li><li>acompa\u00f1ar a las familias nuevas de origen extranjero que se matriculan en el centro<\/li><li>impulsar el euskera, tanto en el centro como en el municipio<\/li><\/ul>\n\n\n\n<h3 class=\"wp-block-heading\"><strong>Duraci\u00f3n<\/strong><\/h3>\n\n\n\n<p>Un curso escolar, de septiembre a junio.<\/p>\n\n\n\n<h3 class=\"wp-block-heading\"><strong>Reuni\u00f3n e inscripci\u00f3n<\/strong><\/h3>\n\n\n\n<p>El 25 de octubre, a las 17:30 horas en la Sala Reina (calle Xenpelar, 3), se relebrar\u00e1 una reuni\u00f3n informativa para todas las familias que est\u00e9n interesadas en realizar un trabajo de acompa\u00f1amiento o quieran m\u00e1s informaci\u00f3n sobre el programa.<\/p>\n\n\n\n<h3 class=\"wp-block-heading\"><strong>Para m\u00e1s informaci\u00f3n&#8230;<\/strong><\/h3>\n\n\n\n<p><a href=\"mailto:errenteria.ongietorrieskolara@gmail.com\">errenteria.ongietorrieskolara@gmail.com<\/a><\/p>\n","protected":false},"featured_media":0,"parent":0,"template":"","ekitaldi_etiketa":[767],"ekitaldi_kategoria":[232,152],"acf":[],"_links":{"self":[{"href":"https:\/\/oreretaikastola.eus\/es\/wp-json\/wp\/v2\/ekitaldia\/31179"}],"collection":[{"href":"https:\/\/oreretaikastola.eus\/es\/wp-json\/wp\/v2\/ekitaldia"}],"about":[{"href":"https:\/\/oreretaikastola.eus\/es\/wp-json\/wp\/v2\/types\/ekitaldia"}],"wp:attachment":[{"href":"https:\/\/oreretaikastola.eus\/es\/wp-json\/wp\/v2\/media?parent=31179"}],"wp:term":[{"taxonomy":"ekitaldi_etiketa","embeddable":true,"href":"https:\/\/oreretaikastola.eus\/es\/wp-json\/wp\/v2\/ekitaldi_etiketa?post=31179"},{"taxonomy":"ekitaldi_kategoria","embeddable":true,"href":"https:\/\/oreretaikastola.eus\/es\/wp-json\/wp\/v2\/ekitaldi_kategoria?post=31179"}],"curies":[{"name":"wp","href":"https:\/\/api.w.org\/{rel}","templated":true}]}}

Programa «Familia Laguna»: reunión de presentación

<p>El Ayuntamiento está impulsando entre los centros educativos de nuestro municipio el programa «Familia Laguna». Se trata de una iniciativa que pretende trabajar la interculturalidad.</p>



<h3 class="wp-block-heading"><strong>Objetivos</strong></h3>



<ul><li>fomentar relaciones interculturales entre las familias del centro educativo</li><li>acompañar a las familias nuevas de origen extranjero que se matriculan en el centro</li><li>impulsar el euskera, tanto en el centro como en el municipio</li></ul>



<h3 class="wp-block-heading"><strong>Duración</strong></h3>



<p>Un curso escolar, de septiembre a junio.</p>



<h3 class="wp-block-heading"><strong>Reunión e inscripción</strong></h3>



<p>El 25 de octubre, a las 17:30 horas en la Sala Reina (calle Xenpelar, 3), se relebrará una reunión informativa para todas las familias que estén interesadas en realizar un trabajo de acompañamiento o quieran más información sobre el programa.</p>



<h3 class="wp-block-heading"><strong>Para más información&#8230;</strong></h3>



<p><a href="mailto:errenteria.ongietorrieskolara@gmail.com">errenteria.ongietorrieskolara@gmail.com</a></p>
