{"id":27706,"date":"2022-08-21T17:03:38","date_gmt":"2022-08-21T16:03:38","guid":{"rendered":"https:\/\/oreretaikastola.eus\/ekitaldiak\/egun-erdiko-jarduna\/"},"modified":"2022-08-25T13:17:55","modified_gmt":"2022-08-25T12:17:55","slug":"jornada-de-manana","status":"publish","type":"ekitaldia","link":"https:\/\/oreretaikastola.eus\/es\/ekitaldiak\/jornada-de-manana\/","title":{"rendered":"Jornada de ma\u00f1ana"},"content":{"rendered":"\n<p>Desde el 12 al 23 de septiembre el alumnado estar\u00e1 en jornada de ma\u00f1ana (HH y LH, hasta la hora de comer; DBH, de 08:00 a 12:00 horas). En lo que se refiere a los servicios de HH y LH, tened en cuenta:<\/p>\n\n\n\n<ul><li>El txoko de custodia y el servicio de comedor se ofrecer\u00e1n desde el primer d\u00eda y ser\u00e1n los habituales (iguales que durante todo el curso). <a href=\"https:\/\/oreretaikastola.eus\/es\/familias\/servicios-contratados\/\">Ver aqu\u00ed los detalles<\/a>.<\/li><li>A los alumnos y alumnas de HH que se queden en el comedor se debe recoger entre las 14:30 y las 15:00 horas.<\/li><li>Las y los alumnos de LH que se queden en el comedor bajar\u00e1n en autob\u00fas a sus paradas habituales de la subida de la ma\u00f1ana, entre las 15:10 y las 15:30 horas.<\/li><li>El servicio de transporte de la ma\u00f1ana y el mediod\u00eda ser\u00e1 el habitual (<a href=\"https:\/\/oreretaikastola.eus\/es\/familias\/servicios-contratados\/\">consultar paradas y horarios<\/a>). No habr\u00e1 subida y bajada de la tarde hasta comenzar con la jornada habitual de todo el d\u00eda.<\/li><\/ul>\n","protected":false},"featured_media":0,"parent":0,"template":"","ekitaldi_etiketa":[],"ekitaldi_kategoria":[232],"acf":[],"_links":{"self":[{"href":"https:\/\/oreretaikastola.eus\/es\/wp-json\/wp\/v2\/ekitaldia\/27706"}],"collection":[{"href":"https:\/\/oreretaikastola.eus\/es\/wp-json\/wp\/v2\/ekitaldia"}],"about":[{"href":"https:\/\/oreretaikastola.eus\/es\/wp-json\/wp\/v2\/types\/ekitaldia"}],"wp:attachment":[{"href":"https:\/\/oreretaikastola.eus\/es\/wp-json\/wp\/v2\/media?parent=27706"}],"wp:term":[{"taxonomy":"ekitaldi_etiketa","embeddable":true,"href":"https:\/\/oreretaikastola.eus\/es\/wp-json\/wp\/v2\/ekitaldi_etiketa?post=27706"},{"taxonomy":"ekitaldi_kategoria","embeddable":true,"href":"https:\/\/oreretaikastola.eus\/es\/wp-json\/wp\/v2\/ekitaldi_kategoria?post=27706"}],"curies":[{"name":"wp","href":"https:\/\/api.w.org\/{rel}","templated":true}]}}

Jornada de mañana

<p>Desde el 12 al 23 de septiembre el alumnado estará en jornada de mañana (HH y LH, hasta la hora de comer; DBH, de 08:00 a 12:00 horas). En lo que se refiere a los servicios de HH y LH, tened en cuenta:</p>



<ul><li>El txoko de custodia y el servicio de comedor se ofrecerán desde el primer día y serán los habituales (iguales que durante todo el curso). <a href="https://oreretaikastola.eus/es/familias/servicios-contratados/">Ver aquí los detalles</a>.</li><li>A los alumnos y alumnas de HH que se queden en el comedor se debe recoger entre las 14:30 y las 15:00 horas.</li><li>Las y los alumnos de LH que se queden en el comedor bajarán en autobús a sus paradas habituales de la subida de la mañana, entre las 15:10 y las 15:30 horas.</li><li>El servicio de transporte de la mañana y el mediodía será el habitual (<a href="https://oreretaikastola.eus/es/familias/servicios-contratados/">consultar paradas y horarios</a>). No habrá subida y bajada de la tarde hasta comenzar con la jornada habitual de todo el día.</li></ul>
